{"id":18159,"date":"2020-06-19T12:07:33","date_gmt":"2020-06-19T15:07:33","guid":{"rendered":"https:\/\/jugueterialudico.com.ar\/?post_type=product&#038;p=18159"},"modified":"2026-04-24T18:24:36","modified_gmt":"2026-04-24T21:24:36","slug":"todos-a-la-mesa","status":"publish","type":"product","link":"https:\/\/jugueterialudico.com.ar\/?product=todos-a-la-mesa","title":{"rendered":"TODOS A LA MESA &#8211; 011"},"content":{"rendered":"<p>TODOS A LA MESA<\/p>\n<p><strong>DESDE\u00a0 LOS 6 A\u00d1OS<\/strong><\/p>\n<p>Todos a la mesa es un juego emocional, de conversaci\u00f3n y de autoexpresi\u00f3n para todas las edades. Es una ocasi\u00f3n para compartir los pensamientos, expresar las emociones y afianzar la uni\u00f3n y el v\u00ednculo entre los jugadores. Contiene un tablero de cart\u00f3n montado, y a medida que se va avanzando cada casillero invita a todos los jugadores a charlar sobre distintas tem\u00e1ticas. Contiene 50 tarjetas con distintos disparadores para conversar, hechas de cartulina barnizada de 8cm x 12 cm. El juego permite usarlo con el tablero e instrucciones o bien, usar las tarjetas solas para generar conversaci\u00f3n en grupos.<\/p>\n","protected":false},"excerpt":{"rendered":"<p>Todos a la mesa es un juego emocional, de conversaci\u00f3n y de autoexpresi\u00f3n para todas las edades. Es una ocasi\u00f3n para compartir los pensamientos, expresar las emociones y afianzar la uni\u00f3n y el v\u00ednculo entre los jugadores. Contiene un tablero de cart\u00f3n montado, y a medida que se va avanzando cada casillero invita a todos los jugadores a charlar sobre distintas tem\u00e1ticas. Contiene 50 tarjetas con distintos disparadores para conversar, hechas de cartulina barnizada de 8cm x 12 cm. El juego permite usarlo con el tablero e instrucciones o bien, usar las tarjetas solas para generar conversaci\u00f3n en grupos.<\/p>\n","protected":false},"featured_media":18160,"comment_status":"closed","ping_status":"closed","template":"","meta":{"site-sidebar-layout":"default","site-content-layout":"","ast-site-content-layout":"default","site-content-style":"default","site-sidebar-style":"default","ast-global-header-display":"","ast-banner-title-visibility":"","ast-main-header-display":"","ast-hfb-above-header-display":"","ast-hfb-below-header-display":"","ast-hfb-mobile-header-display":"","site-post-title":"","ast-breadcrumbs-content":"","ast-featured-img":"","footer-sml-layout":"","theme-transparent-header-meta":"default","adv-header-id-meta":"","stick-header-meta":"","header-above-stick-meta":"","header-main-stick-meta":"","header-below-stick-meta":"","astra-migrate-meta-layouts":"set","ast-page-background-enabled":"default","ast-page-background-meta":{"desktop":{"background-color":"","background-image":"","background-repeat":"repeat","background-position":"center center","background-size":"auto","background-attachment":"scroll","background-type":"","background-media":"","overlay-type":"","overlay-color":"","overlay-opacity":"","overlay-gradient":""},"tablet":{"background-color":"","background-image":"","background-repeat":"repeat","background-position":"center center","background-size":"auto","background-attachment":"scroll","background-type":"","background-media":"","overlay-type":"","overlay-color":"","overlay-opacity":"","overlay-gradient":""},"mobile":{"background-color":"","background-image":"","background-repeat":"repeat","background-position":"center center","background-size":"auto","background-attachment":"scroll","background-type":"","background-media":"","overlay-type":"","overlay-color":"","overlay-opacity":"","overlay-gradient":""}},"ast-content-background-meta":{"desktop":{"background-color":"var(--ast-global-color-5)","background-image":"","background-repeat":"repeat","background-position":"center center","background-size":"auto","background-attachment":"scroll","background-type":"","background-media":"","overlay-type":"","overlay-color":"","overlay-opacity":"","overlay-gradient":""},"tablet":{"background-color":"var(--ast-global-color-5)","background-image":"","background-repeat":"repeat","background-position":"center center","background-size":"auto","background-attachment":"scroll","background-type":"","background-media":"","overlay-type":"","overlay-color":"","overlay-opacity":"","overlay-gradient":""},"mobile":{"background-color":"var(--ast-global-color-5)","background-image":"","background-repeat":"repeat","background-position":"center center","background-size":"auto","background-attachment":"scroll","background-type":"","background-media":"","overlay-type":"","overlay-color":"","overlay-opacity":"","overlay-gradient":""}},"spay_email":""},"product_cat":[166,167,146,74],"product_tag":[],"_links":{"self":[{"href":"https:\/\/jugueterialudico.com.ar\/index.php?rest_route=\/wp\/v2\/product\/18159"}],"collection":[{"href":"https:\/\/jugueterialudico.com.ar\/index.php?rest_route=\/wp\/v2\/product"}],"about":[{"href":"https:\/\/jugueterialudico.com.ar\/index.php?rest_route=\/wp\/v2\/types\/product"}],"replies":[{"embeddable":true,"href":"https:\/\/jugueterialudico.com.ar\/index.php?rest_route=%2Fwp%2Fv2%2Fcomments&post=18159"}],"wp:featuredmedia":[{"embeddable":true,"href":"https:\/\/jugueterialudico.com.ar\/index.php?rest_route=\/wp\/v2\/media\/18160"}],"wp:attachment":[{"href":"https:\/\/jugueterialudico.com.ar\/index.php?rest_route=%2Fwp%2Fv2%2Fmedia&parent=18159"}],"wp:term":[{"taxonomy":"product_cat","embeddable":true,"href":"https:\/\/jugueterialudico.com.ar\/index.php?rest_route=%2Fwp%2Fv2%2Fproduct_cat&post=18159"},{"taxonomy":"product_tag","embeddable":true,"href":"https:\/\/jugueterialudico.com.ar\/index.php?rest_route=%2Fwp%2Fv2%2Fproduct_tag&post=18159"}],"curies":[{"name":"wp","href":"https:\/\/api.w.org\/{rel}","templated":true}]}}