{"id":18346,"date":"2020-07-19T20:52:52","date_gmt":"2020-07-19T23:52:52","guid":{"rendered":"https:\/\/jugueterialudico.com.ar\/?post_type=product&#038;p=18346"},"modified":"2025-12-29T10:35:43","modified_gmt":"2025-12-29T13:35:43","slug":"kit-de-los-pomposos","status":"publish","type":"product","link":"https:\/\/jugueterialudico.com.ar\/?product=kit-de-los-pomposos","title":{"rendered":"KIT DE LOS POMPOSOS &#8211; 028"},"content":{"rendered":"","protected":false},"excerpt":{"rendered":"<p>Descubrir\u00e1s el secreto de las burbujas. \u00bfQu\u00e9 son? \u00bfC\u00f3mo se hacen? \u00bfPorqu\u00e9 son redondas? \u00bfPueden tener otra forma? Jugando con la ciencia de las burbujas, aprender\u00e1s sobre una propiedad espec\u00edfica de los l\u00edquidos: la tensi\u00f3n superficial.<\/p>\n<p class=\"PrrafodelistaCxSpMiddle\"><span lang=\"ES-AR\">\u00a0<\/span><\/p>\n<p class=\"PrrafodelistaCxSpMiddle\"><strong>Desarrollo de habilidades<\/strong><\/p>\n<ul>\n<li>Utilizar\u00e1s utensilios como la lupa, cuenta gotas, vaso medidor, etc.<\/li>\n<li>Preparar\u00e1s soluciones que ir\u00e1s variando hasta dar con la que te resulta mejor.<\/li>\n<li>Aprender\u00e1n sobre una propiedad espec\u00edfica del agua: la tensi\u00f3n superficial.<\/li>\n<li>Fabricar\u00e1s diferentes burbujeros.<\/li>\n<li>Te divertir\u00e1s realizando burbujas planas, cuadradas, en 3D.<\/li>\n<\/ul>\n<p><strong>Este kit contiene<\/strong><\/p>\n<ul>\n<li>Glicerina<\/li>\n<li>Gotero<\/li>\n<li>Sorbetes<\/li>\n<li><span lang=\"ES-AR\">\u00a0<\/span><span lang=\"ES-AR\">Vaso medidor<\/span><\/li>\n<li><span lang=\"ES-AR\">Alambre forrado<\/span><\/li>\n<li><span lang=\"ES-AR\">Pote descartable<\/span><\/li>\n<li><span lang=\"ES-AR\">Esferas de telgopor<\/span><\/li>\n<li><span lang=\"ES-AR\">Palillos<\/span><\/li>\n<li>Esp\u00e1tula de madera<\/li>\n<li>Hilo<\/li>\n<li><span lang=\"ES-AR\">Gu\u00eda con actividades<\/span><\/li>\n<\/ul>\n<p>+8 A\u00d1OS<\/p>\n","protected":false},"featured_media":18347,"comment_status":"closed","ping_status":"closed","template":"","meta":{"site-sidebar-layout":"default","site-content-layout":"","ast-site-content-layout":"","site-content-style":"default","site-sidebar-style":"default","ast-global-header-display":"","ast-banner-title-visibility":"","ast-main-header-display":"","ast-hfb-above-header-display":"","ast-hfb-below-header-display":"","ast-hfb-mobile-header-display":"","site-post-title":"","ast-breadcrumbs-content":"","ast-featured-img":"","footer-sml-layout":"","theme-transparent-header-meta":"","adv-header-id-meta":"","stick-header-meta":"","header-above-stick-meta":"","header-main-stick-meta":"","header-below-stick-meta":"","astra-migrate-meta-layouts":"default","ast-page-background-enabled":"default","ast-page-background-meta":{"desktop":{"background-color":"","background-image":"","background-repeat":"repeat","background-position":"center center","background-size":"auto","background-attachment":"scroll","background-type":"","background-media":"","overlay-type":"","overlay-color":"","overlay-opacity":"","overlay-gradient":""},"tablet":{"background-color":"","background-image":"","background-repeat":"repeat","background-position":"center center","background-size":"auto","background-attachment":"scroll","background-type":"","background-media":"","overlay-type":"","overlay-color":"","overlay-opacity":"","overlay-gradient":""},"mobile":{"background-color":"","background-image":"","background-repeat":"repeat","background-position":"center center","background-size":"auto","background-attachment":"scroll","background-type":"","background-media":"","overlay-type":"","overlay-color":"","overlay-opacity":"","overlay-gradient":""}},"ast-content-background-meta":{"desktop":{"background-color":"var(--ast-global-color-5)","background-image":"","background-repeat":"repeat","background-position":"center center","background-size":"auto","background-attachment":"scroll","background-type":"","background-media":"","overlay-type":"","overlay-color":"","overlay-opacity":"","overlay-gradient":""},"tablet":{"background-color":"var(--ast-global-color-5)","background-image":"","background-repeat":"repeat","background-position":"center center","background-size":"auto","background-attachment":"scroll","background-type":"","background-media":"","overlay-type":"","overlay-color":"","overlay-opacity":"","overlay-gradient":""},"mobile":{"background-color":"var(--ast-global-color-5)","background-image":"","background-repeat":"repeat","background-position":"center center","background-size":"auto","background-attachment":"scroll","background-type":"","background-media":"","overlay-type":"","overlay-color":"","overlay-opacity":"","overlay-gradient":""}},"spay_email":""},"product_cat":[167,75],"product_tag":[],"_links":{"self":[{"href":"https:\/\/jugueterialudico.com.ar\/index.php?rest_route=\/wp\/v2\/product\/18346"}],"collection":[{"href":"https:\/\/jugueterialudico.com.ar\/index.php?rest_route=\/wp\/v2\/product"}],"about":[{"href":"https:\/\/jugueterialudico.com.ar\/index.php?rest_route=\/wp\/v2\/types\/product"}],"replies":[{"embeddable":true,"href":"https:\/\/jugueterialudico.com.ar\/index.php?rest_route=%2Fwp%2Fv2%2Fcomments&post=18346"}],"wp:featuredmedia":[{"embeddable":true,"href":"https:\/\/jugueterialudico.com.ar\/index.php?rest_route=\/wp\/v2\/media\/18347"}],"wp:attachment":[{"href":"https:\/\/jugueterialudico.com.ar\/index.php?rest_route=%2Fwp%2Fv2%2Fmedia&parent=18346"}],"wp:term":[{"taxonomy":"product_cat","embeddable":true,"href":"https:\/\/jugueterialudico.com.ar\/index.php?rest_route=%2Fwp%2Fv2%2Fproduct_cat&post=18346"},{"taxonomy":"product_tag","embeddable":true,"href":"https:\/\/jugueterialudico.com.ar\/index.php?rest_route=%2Fwp%2Fv2%2Fproduct_tag&post=18346"}],"curies":[{"name":"wp","href":"https:\/\/api.w.org\/{rel}","templated":true}]}}