{"id":18361,"date":"2020-07-20T01:57:15","date_gmt":"2020-07-20T04:57:15","guid":{"rendered":"https:\/\/jugueterialudico.com.ar\/?post_type=product&#038;p=18361"},"modified":"2025-07-07T11:00:53","modified_gmt":"2025-07-07T14:00:53","slug":"curiosos-ensayos","status":"publish","type":"product","link":"https:\/\/jugueterialudico.com.ar\/?product=curiosos-ensayos","title":{"rendered":"CURIOSOS ENSAYOS x3 -028"},"content":{"rendered":"<p><strong>CURIOSOS ENSAYOS x3\u00a0<\/strong><\/p>\n<p><strong>DESDE LOS 8 A\u00d1OS<\/strong><\/p>\n","protected":false},"excerpt":{"rendered":"<p><span style=\"color: #464133;\">CURIOSOS ENSAYOS LA COLECCI\u00d3N DE 3 TUBOS DE CIENCIA CON UNA GRADILLA\u00a0<\/span><\/p>\n<p><span style=\"color: #464133;\">&#8211; UNA EXTRA\u00d1A CARTA La misteriosa historia de la carta invisible&#8230;\u00bfNos ayud\u00e1s a develar el secreto?<\/span><\/p>\n<p><span style=\"color: #464133;\">&#8211; RATON NO DESESPERES Conoc\u00e9 los secretos del rat\u00f3n m\u00e1s famoso que descubri\u00f3 como cuidarte los dientes<\/span><\/p>\n<p><span style=\"color: #464133;\">&#8211; PELEA DE COLORES Descubr\u00ed la historia del enigm\u00e1tico enfrentamiento entre el blanco y el negro<\/span><\/p>\n<p><span style=\"color: #464133;\">Dimensiones de cada tubo: 16 cms de alto y 4.5 cms de di\u00e1metro.<\/span><\/p>\n<p><span style=\"color: #464133;\">RECOMENDADO PARA NI\u00d1OS MAYORES DE 8 A\u00d1OS.<\/span><\/p>\n<p><span style=\"color: #464133;\">CONTIENE TODOS LOS MATERIALES PARA REALIZAR MAS DE UNA VEZ LAS EXPERIENCIA.<\/span><\/p>\n<p>+8 A\u00d1OS<\/p>\n","protected":false},"featured_media":18362,"comment_status":"closed","ping_status":"closed","template":"","meta":{"site-sidebar-layout":"default","site-content-layout":"","ast-site-content-layout":"","site-content-style":"default","site-sidebar-style":"default","ast-global-header-display":"","ast-banner-title-visibility":"","ast-main-header-display":"","ast-hfb-above-header-display":"","ast-hfb-below-header-display":"","ast-hfb-mobile-header-display":"","site-post-title":"","ast-breadcrumbs-content":"","ast-featured-img":"","footer-sml-layout":"","theme-transparent-header-meta":"","adv-header-id-meta":"","stick-header-meta":"","header-above-stick-meta":"","header-main-stick-meta":"","header-below-stick-meta":"","astra-migrate-meta-layouts":"default","ast-page-background-enabled":"default","ast-page-background-meta":{"desktop":{"background-color":"","background-image":"","background-repeat":"repeat","background-position":"center center","background-size":"auto","background-attachment":"scroll","background-type":"","background-media":"","overlay-type":"","overlay-color":"","overlay-opacity":"","overlay-gradient":""},"tablet":{"background-color":"","background-image":"","background-repeat":"repeat","background-position":"center center","background-size":"auto","background-attachment":"scroll","background-type":"","background-media":"","overlay-type":"","overlay-color":"","overlay-opacity":"","overlay-gradient":""},"mobile":{"background-color":"","background-image":"","background-repeat":"repeat","background-position":"center center","background-size":"auto","background-attachment":"scroll","background-type":"","background-media":"","overlay-type":"","overlay-color":"","overlay-opacity":"","overlay-gradient":""}},"ast-content-background-meta":{"desktop":{"background-color":"var(--ast-global-color-5)","background-image":"","background-repeat":"repeat","background-position":"center center","background-size":"auto","background-attachment":"scroll","background-type":"","background-media":"","overlay-type":"","overlay-color":"","overlay-opacity":"","overlay-gradient":""},"tablet":{"background-color":"var(--ast-global-color-5)","background-image":"","background-repeat":"repeat","background-position":"center center","background-size":"auto","background-attachment":"scroll","background-type":"","background-media":"","overlay-type":"","overlay-color":"","overlay-opacity":"","overlay-gradient":""},"mobile":{"background-color":"var(--ast-global-color-5)","background-image":"","background-repeat":"repeat","background-position":"center center","background-size":"auto","background-attachment":"scroll","background-type":"","background-media":"","overlay-type":"","overlay-color":"","overlay-opacity":"","overlay-gradient":""}},"spay_email":""},"product_cat":[167,75,156],"product_tag":[],"_links":{"self":[{"href":"https:\/\/jugueterialudico.com.ar\/index.php?rest_route=\/wp\/v2\/product\/18361"}],"collection":[{"href":"https:\/\/jugueterialudico.com.ar\/index.php?rest_route=\/wp\/v2\/product"}],"about":[{"href":"https:\/\/jugueterialudico.com.ar\/index.php?rest_route=\/wp\/v2\/types\/product"}],"replies":[{"embeddable":true,"href":"https:\/\/jugueterialudico.com.ar\/index.php?rest_route=%2Fwp%2Fv2%2Fcomments&post=18361"}],"wp:featuredmedia":[{"embeddable":true,"href":"https:\/\/jugueterialudico.com.ar\/index.php?rest_route=\/wp\/v2\/media\/18362"}],"wp:attachment":[{"href":"https:\/\/jugueterialudico.com.ar\/index.php?rest_route=%2Fwp%2Fv2%2Fmedia&parent=18361"}],"wp:term":[{"taxonomy":"product_cat","embeddable":true,"href":"https:\/\/jugueterialudico.com.ar\/index.php?rest_route=%2Fwp%2Fv2%2Fproduct_cat&post=18361"},{"taxonomy":"product_tag","embeddable":true,"href":"https:\/\/jugueterialudico.com.ar\/index.php?rest_route=%2Fwp%2Fv2%2Fproduct_tag&post=18361"}],"curies":[{"name":"wp","href":"https:\/\/api.w.org\/{rel}","templated":true}]}}