{"id":18435,"date":"2020-07-27T02:29:51","date_gmt":"2020-07-27T05:29:51","guid":{"rendered":"https:\/\/jugueterialudico.com.ar\/?post_type=product&#038;p=18435"},"modified":"2026-03-13T14:14:24","modified_gmt":"2026-03-13T17:14:24","slug":"accion-y-reaccion","status":"publish","type":"product","link":"https:\/\/jugueterialudico.com.ar\/?product=accion-y-reaccion","title":{"rendered":"ACCI\u00d3N Y REACCI\u00d3N -044"},"content":{"rendered":"","protected":false},"excerpt":{"rendered":"<p>TU M\u00c1QUINA GOLDBERG<br \/>\nDise\u00f1a y construye Sorprendentes m\u00e1quinas De efectos en cadena. Objetivo: logra que la bolita llegue al blanco.<\/p>\n<p>Una m\u00e1quina de Goldberg es un aparato que realiza una tarea simple de manera muy retorcida. Los mejores ejemplos de sus m\u00e1quinas nos sorprenden por una reacci\u00f3n en cadena de eventos absurdos con efectos inesperados.<br \/>\nFueron creadas por el escultor, caricaturista, inventor, ingeniero, Rube Lucius Goldberg, quien a traves de sus dise\u00f1os, exhibe complejos mecanismos de causas y efectos, de acci\u00f3n y reacci\u00f3n aplicando conceptos de f\u00edsica mec\u00e1nica con desenlaces pr\u00e1cticos.<\/p>\n<div class=\"imgcont22\">\n<div class=\"imgcont22\">40 FICHAS<br \/>\nRECTANGULARES<\/div>\n<div class=\"imgcont222\"><img loading=\"lazy\" decoding=\"async\" src=\"http:\/\/www.cienciasparatodos.com.ar\/upfiles\/contenidos_productos\/A&amp;R_2.jpg\" alt=\"Psicrometro\" width=\"121\" height=\"115\" \/><br \/>\n1 P\u00c9NDULO<\/div>\n<div class=\"imgcont222\"><img loading=\"lazy\" decoding=\"async\" src=\"http:\/\/www.cienciasparatodos.com.ar\/upfiles\/contenidos_productos\/A&amp;R_3.jpg\" alt=\"Carta de nubes\" width=\"121\" height=\"115\" \/><br \/>\n2 CANALETAS<\/div>\n<div class=\"imgcont222\"><img loading=\"lazy\" decoding=\"async\" src=\"http:\/\/www.cienciasparatodos.com.ar\/upfiles\/contenidos_productos\/A&amp;R_4.jpg\" alt=\"Bar\u00f3metro para armar\" width=\"121\" height=\"115\" \/><br \/>\n4 BOLITAS<\/div>\n<div class=\"imgcont222\"><img loading=\"lazy\" decoding=\"async\" src=\"http:\/\/www.cienciasparatodos.com.ar\/upfiles\/contenidos_productos\/A&amp;R_5.jpg\" alt=\"Diario del Tiempo\" width=\"121\" height=\"115\" \/><br \/>\n1 RUEDA<\/div>\n<div class=\"imgcont222\"><img loading=\"lazy\" decoding=\"async\" src=\"http:\/\/www.cienciasparatodos.com.ar\/upfiles\/contenidos_productos\/A&amp;R_6.jpg\" alt=\"Escala del viento\" width=\"121\" height=\"115\" \/><br \/>\n1 BLANCO<br \/>\nDE TIRO<\/div>\n<div class=\"imgcont222\"><img loading=\"lazy\" decoding=\"async\" src=\"http:\/\/www.cienciasparatodos.com.ar\/upfiles\/contenidos_productos\/A&amp;R_67.jpg\" alt=\"materiales\" width=\"121\" height=\"115\" \/><br \/>\n1 ROLLO<br \/>\nDE HILO<\/div>\n<div class=\"imgcont222\"><img loading=\"lazy\" decoding=\"async\" src=\"http:\/\/www.cienciasparatodos.com.ar\/upfiles\/contenidos_productos\/A&amp;R_8.jpg\" alt=\"Guia para hacer pronosticos\" width=\"121\" height=\"115\" \/><br \/>\n1 GU\u00cdA<br \/>\nCON IDEAS<\/div>\n<p>&nbsp;<\/p>\n<\/div>\n","protected":false},"featured_media":18436,"comment_status":"closed","ping_status":"closed","template":"","meta":{"site-sidebar-layout":"default","site-content-layout":"","ast-site-content-layout":"","site-content-style":"default","site-sidebar-style":"default","ast-global-header-display":"","ast-banner-title-visibility":"","ast-main-header-display":"","ast-hfb-above-header-display":"","ast-hfb-below-header-display":"","ast-hfb-mobile-header-display":"","site-post-title":"","ast-breadcrumbs-content":"","ast-featured-img":"","footer-sml-layout":"","theme-transparent-header-meta":"","adv-header-id-meta":"","stick-header-meta":"","header-above-stick-meta":"","header-main-stick-meta":"","header-below-stick-meta":"","astra-migrate-meta-layouts":"default","ast-page-background-enabled":"default","ast-page-background-meta":{"desktop":{"background-color":"","background-image":"","background-repeat":"repeat","background-position":"center center","background-size":"auto","background-attachment":"scroll","background-type":"","background-media":"","overlay-type":"","overlay-color":"","overlay-opacity":"","overlay-gradient":""},"tablet":{"background-color":"","background-image":"","background-repeat":"repeat","background-position":"center center","background-size":"auto","background-attachment":"scroll","background-type":"","background-media":"","overlay-type":"","overlay-color":"","overlay-opacity":"","overlay-gradient":""},"mobile":{"background-color":"","background-image":"","background-repeat":"repeat","background-position":"center center","background-size":"auto","background-attachment":"scroll","background-type":"","background-media":"","overlay-type":"","overlay-color":"","overlay-opacity":"","overlay-gradient":""}},"ast-content-background-meta":{"desktop":{"background-color":"var(--ast-global-color-5)","background-image":"","background-repeat":"repeat","background-position":"center center","background-size":"auto","background-attachment":"scroll","background-type":"","background-media":"","overlay-type":"","overlay-color":"","overlay-opacity":"","overlay-gradient":""},"tablet":{"background-color":"var(--ast-global-color-5)","background-image":"","background-repeat":"repeat","background-position":"center center","background-size":"auto","background-attachment":"scroll","background-type":"","background-media":"","overlay-type":"","overlay-color":"","overlay-opacity":"","overlay-gradient":""},"mobile":{"background-color":"var(--ast-global-color-5)","background-image":"","background-repeat":"repeat","background-position":"center center","background-size":"auto","background-attachment":"scroll","background-type":"","background-media":"","overlay-type":"","overlay-color":"","overlay-opacity":"","overlay-gradient":""}},"spay_email":""},"product_cat":[168,167,75],"product_tag":[],"_links":{"self":[{"href":"https:\/\/jugueterialudico.com.ar\/index.php?rest_route=\/wp\/v2\/product\/18435"}],"collection":[{"href":"https:\/\/jugueterialudico.com.ar\/index.php?rest_route=\/wp\/v2\/product"}],"about":[{"href":"https:\/\/jugueterialudico.com.ar\/index.php?rest_route=\/wp\/v2\/types\/product"}],"replies":[{"embeddable":true,"href":"https:\/\/jugueterialudico.com.ar\/index.php?rest_route=%2Fwp%2Fv2%2Fcomments&post=18435"}],"wp:featuredmedia":[{"embeddable":true,"href":"https:\/\/jugueterialudico.com.ar\/index.php?rest_route=\/wp\/v2\/media\/18436"}],"wp:attachment":[{"href":"https:\/\/jugueterialudico.com.ar\/index.php?rest_route=%2Fwp%2Fv2%2Fmedia&parent=18435"}],"wp:term":[{"taxonomy":"product_cat","embeddable":true,"href":"https:\/\/jugueterialudico.com.ar\/index.php?rest_route=%2Fwp%2Fv2%2Fproduct_cat&post=18435"},{"taxonomy":"product_tag","embeddable":true,"href":"https:\/\/jugueterialudico.com.ar\/index.php?rest_route=%2Fwp%2Fv2%2Fproduct_tag&post=18435"}],"curies":[{"name":"wp","href":"https:\/\/api.w.org\/{rel}","templated":true}]}}