{"id":18658,"date":"2020-08-20T22:08:23","date_gmt":"2020-08-21T01:08:23","guid":{"rendered":"https:\/\/jugueterialudico.com.ar\/?post_type=product&#038;p=18658"},"modified":"2026-04-25T10:42:34","modified_gmt":"2026-04-25T13:42:34","slug":"twist-arena-simple-copia","status":"publish","type":"product","link":"https:\/\/jugueterialudico.com.ar\/?product=twist-arena-simple-copia","title":{"rendered":"ENCASTRE ARGENTINA -001"},"content":{"rendered":"<p><strong>Tenemos un pa\u00eds HERMOSO<\/strong><\/p>\n<p>\u00a1Conoc\u00e9 sus mares, oc\u00e9anos, provincias, capitales y mucho m\u00e1s con nuestro encastre de Argentina! \u00bflo armamos juntos?<\/p>\n<p>Los juguetes de madera no tienen la ligereza de los juguetes de pl\u00e1stico. Son juguetes con mayor presencia. Los ni\u00f1os tienen que sujetarlos con conciencia y firmeza, estimulando, a su vez, la motricidad de las manos<\/p>\n","protected":false},"excerpt":{"rendered":"<p><strong>Tenemos un pa\u00eds HERMOSO<\/strong><\/p>\n<p>\u00a1Conoc\u00e9 sus mares, oc\u00e9anos, provincias y mucho m\u00e1s con nuestro encastre de Argentina! \u00bflo armamos juntos?<\/p>\n<p>Los juguetes de madera no tienen la ligereza de los juguetes de pl\u00e1stico. Son juguetes con mayor presencia. Los ni\u00f1os tienen que sujetarlos con conciencia y firmeza, estimulando, a su vez, la motricidad de las manos<\/p>\n<p>&nbsp;<\/p>\n<p>Incluye 25 piezas de encastre (todas las provincias) Adem\u00e1s contiene los pa\u00edses lim\u00edtrofes, oc\u00e9anos y mares<\/p>\n<p>&nbsp;<\/p>\n<p>Tama\u00f1o de Caja: 28x28x1cm<\/p>\n<p>Pesa: 235g<\/p>\n<p>&nbsp;<\/p>\n<p><strong>Habilidades que desarrolla: espacio, motricidad y atenci\u00f3n visual.<\/strong><\/p>\n<p>&nbsp;<\/p>\n","protected":false},"featured_media":26118,"comment_status":"closed","ping_status":"closed","template":"","meta":{"site-sidebar-layout":"default","site-content-layout":"","ast-site-content-layout":"default","site-content-style":"default","site-sidebar-style":"default","ast-global-header-display":"","ast-banner-title-visibility":"","ast-main-header-display":"","ast-hfb-above-header-display":"","ast-hfb-below-header-display":"","ast-hfb-mobile-header-display":"","site-post-title":"","ast-breadcrumbs-content":"","ast-featured-img":"","footer-sml-layout":"","theme-transparent-header-meta":"default","adv-header-id-meta":"","stick-header-meta":"","header-above-stick-meta":"","header-main-stick-meta":"","header-below-stick-meta":"","astra-migrate-meta-layouts":"set","ast-page-background-enabled":"default","ast-page-background-meta":{"desktop":{"background-color":"","background-image":"","background-repeat":"repeat","background-position":"center center","background-size":"auto","background-attachment":"scroll","background-type":"","background-media":"","overlay-type":"","overlay-color":"","overlay-opacity":"","overlay-gradient":""},"tablet":{"background-color":"","background-image":"","background-repeat":"repeat","background-position":"center center","background-size":"auto","background-attachment":"scroll","background-type":"","background-media":"","overlay-type":"","overlay-color":"","overlay-opacity":"","overlay-gradient":""},"mobile":{"background-color":"","background-image":"","background-repeat":"repeat","background-position":"center center","background-size":"auto","background-attachment":"scroll","background-type":"","background-media":"","overlay-type":"","overlay-color":"","overlay-opacity":"","overlay-gradient":""}},"ast-content-background-meta":{"desktop":{"background-color":"var(--ast-global-color-5)","background-image":"","background-repeat":"repeat","background-position":"center center","background-size":"auto","background-attachment":"scroll","background-type":"","background-media":"","overlay-type":"","overlay-color":"","overlay-opacity":"","overlay-gradient":""},"tablet":{"background-color":"var(--ast-global-color-5)","background-image":"","background-repeat":"repeat","background-position":"center center","background-size":"auto","background-attachment":"scroll","background-type":"","background-media":"","overlay-type":"","overlay-color":"","overlay-opacity":"","overlay-gradient":""},"mobile":{"background-color":"var(--ast-global-color-5)","background-image":"","background-repeat":"repeat","background-position":"center center","background-size":"auto","background-attachment":"scroll","background-type":"","background-media":"","overlay-type":"","overlay-color":"","overlay-opacity":"","overlay-gradient":""}},"spay_email":""},"product_cat":[166,167,146,93,72],"product_tag":[],"_links":{"self":[{"href":"https:\/\/jugueterialudico.com.ar\/index.php?rest_route=\/wp\/v2\/product\/18658"}],"collection":[{"href":"https:\/\/jugueterialudico.com.ar\/index.php?rest_route=\/wp\/v2\/product"}],"about":[{"href":"https:\/\/jugueterialudico.com.ar\/index.php?rest_route=\/wp\/v2\/types\/product"}],"replies":[{"embeddable":true,"href":"https:\/\/jugueterialudico.com.ar\/index.php?rest_route=%2Fwp%2Fv2%2Fcomments&post=18658"}],"wp:featuredmedia":[{"embeddable":true,"href":"https:\/\/jugueterialudico.com.ar\/index.php?rest_route=\/wp\/v2\/media\/26118"}],"wp:attachment":[{"href":"https:\/\/jugueterialudico.com.ar\/index.php?rest_route=%2Fwp%2Fv2%2Fmedia&parent=18658"}],"wp:term":[{"taxonomy":"product_cat","embeddable":true,"href":"https:\/\/jugueterialudico.com.ar\/index.php?rest_route=%2Fwp%2Fv2%2Fproduct_cat&post=18658"},{"taxonomy":"product_tag","embeddable":true,"href":"https:\/\/jugueterialudico.com.ar\/index.php?rest_route=%2Fwp%2Fv2%2Fproduct_tag&post=18658"}],"curies":[{"name":"wp","href":"https:\/\/api.w.org\/{rel}","templated":true}]}}