{"id":19680,"date":"2020-12-30T18:16:25","date_gmt":"2020-12-30T21:16:25","guid":{"rendered":"https:\/\/jugueterialudico.com.ar\/?post_type=product&#038;p=19680"},"modified":"2026-03-03T12:50:27","modified_gmt":"2026-03-03T15:50:27","slug":"carrito-andador-mas-bloques-gigantes","status":"publish","type":"product","link":"https:\/\/jugueterialudico.com.ar\/?product=carrito-andador-mas-bloques-gigantes","title":{"rendered":"CARRITO ANDADOR MAS BLOQUES GIGANTES -054"},"content":{"rendered":"<p id=\"item-contiene\" class=\"content\"><b>Contiene:\u00a0<\/b>40 bloques gigantes de varios colores y figuras, un carrito de madera con ruedas y manubrio.<\/p>\n<p id=\"item-medidas\" class=\"content\"><b>Dimensiones:\u00a0<\/b>34 cm x 45 cm x 46 cm.<\/p>\n<p id=\"item-edad\" class=\"content\"><b>Edad sugerida:\u00a0<\/b>+9 meses<\/p>\n","protected":false},"excerpt":{"rendered":"<h3>Carro caminador con bloques grandes<\/h3>\n<p>&nbsp;<\/p>\n<ul>\n<li>El peque\u00f1o\/ peque\u00f1a se sentir\u00e1 sumamente atra\u00eddo\/a por sus colores y su movimiento.<\/li>\n<li>Por manipulaci\u00f3n espont\u00e1nea se apropiar\u00e1 de sus piezas y comenzar\u00e1 a darle usos creativos.<\/li>\n<li>O\u00edr los nombres de los colores, las cantidades y formas le servir\u00e1 como est\u00edmulo para comenzar a incorporarlos.<\/li>\n<li>El modelado del adulto u otros pares le servir\u00e1 para imitar con entusiasmo.<\/li>\n<li>Se puede utilizar el cub\u00edculo de las formas para el transporte de numerosos objetos.<\/li>\n<\/ul>\n<p><strong>\u00bfSabes todo lo que estimula?<\/strong><\/p>\n<ul>\n<li>Locomoci\u00f3n<\/li>\n<li>Motricidad<\/li>\n<li>Equilibrio<\/li>\n<li>Colores<\/li>\n<li>Creatividad<\/li>\n<li>Conceptos espaciales<\/li>\n<li>Autonom\u00eda<\/li>\n<li>Autoestima<\/li>\n<\/ul>\n","protected":false},"featured_media":19681,"comment_status":"closed","ping_status":"closed","template":"","meta":{"site-sidebar-layout":"default","site-content-layout":"","ast-site-content-layout":"default","site-content-style":"default","site-sidebar-style":"default","ast-global-header-display":"","ast-banner-title-visibility":"","ast-main-header-display":"","ast-hfb-above-header-display":"","ast-hfb-below-header-display":"","ast-hfb-mobile-header-display":"","site-post-title":"","ast-breadcrumbs-content":"","ast-featured-img":"","footer-sml-layout":"","theme-transparent-header-meta":"default","adv-header-id-meta":"","stick-header-meta":"","header-above-stick-meta":"","header-main-stick-meta":"","header-below-stick-meta":"","astra-migrate-meta-layouts":"set","ast-page-background-enabled":"default","ast-page-background-meta":{"desktop":{"background-color":"","background-image":"","background-repeat":"repeat","background-position":"center center","background-size":"auto","background-attachment":"scroll","background-type":"","background-media":"","overlay-type":"","overlay-color":"","overlay-opacity":"","overlay-gradient":""},"tablet":{"background-color":"","background-image":"","background-repeat":"repeat","background-position":"center center","background-size":"auto","background-attachment":"scroll","background-type":"","background-media":"","overlay-type":"","overlay-color":"","overlay-opacity":"","overlay-gradient":""},"mobile":{"background-color":"","background-image":"","background-repeat":"repeat","background-position":"center center","background-size":"auto","background-attachment":"scroll","background-type":"","background-media":"","overlay-type":"","overlay-color":"","overlay-opacity":"","overlay-gradient":""}},"ast-content-background-meta":{"desktop":{"background-color":"var(--ast-global-color-5)","background-image":"","background-repeat":"repeat","background-position":"center center","background-size":"auto","background-attachment":"scroll","background-type":"","background-media":"","overlay-type":"","overlay-color":"","overlay-opacity":"","overlay-gradient":""},"tablet":{"background-color":"var(--ast-global-color-5)","background-image":"","background-repeat":"repeat","background-position":"center center","background-size":"auto","background-attachment":"scroll","background-type":"","background-media":"","overlay-type":"","overlay-color":"","overlay-opacity":"","overlay-gradient":""},"mobile":{"background-color":"var(--ast-global-color-5)","background-image":"","background-repeat":"repeat","background-position":"center center","background-size":"auto","background-attachment":"scroll","background-type":"","background-media":"","overlay-type":"","overlay-color":"","overlay-opacity":"","overlay-gradient":""}},"spay_email":""},"product_cat":[161,163,164,69,93],"product_tag":[],"_links":{"self":[{"href":"https:\/\/jugueterialudico.com.ar\/index.php?rest_route=\/wp\/v2\/product\/19680"}],"collection":[{"href":"https:\/\/jugueterialudico.com.ar\/index.php?rest_route=\/wp\/v2\/product"}],"about":[{"href":"https:\/\/jugueterialudico.com.ar\/index.php?rest_route=\/wp\/v2\/types\/product"}],"replies":[{"embeddable":true,"href":"https:\/\/jugueterialudico.com.ar\/index.php?rest_route=%2Fwp%2Fv2%2Fcomments&post=19680"}],"wp:featuredmedia":[{"embeddable":true,"href":"https:\/\/jugueterialudico.com.ar\/index.php?rest_route=\/wp\/v2\/media\/19681"}],"wp:attachment":[{"href":"https:\/\/jugueterialudico.com.ar\/index.php?rest_route=%2Fwp%2Fv2%2Fmedia&parent=19680"}],"wp:term":[{"taxonomy":"product_cat","embeddable":true,"href":"https:\/\/jugueterialudico.com.ar\/index.php?rest_route=%2Fwp%2Fv2%2Fproduct_cat&post=19680"},{"taxonomy":"product_tag","embeddable":true,"href":"https:\/\/jugueterialudico.com.ar\/index.php?rest_route=%2Fwp%2Fv2%2Fproduct_tag&post=19680"}],"curies":[{"name":"wp","href":"https:\/\/api.w.org\/{rel}","templated":true}]}}