{"id":19796,"date":"2021-01-12T22:31:59","date_gmt":"2021-01-13T01:31:59","guid":{"rendered":"https:\/\/jugueterialudico.com.ar\/?post_type=product&#038;p=19796"},"modified":"2025-05-05T19:34:09","modified_gmt":"2025-05-05T22:34:09","slug":"munchkin","status":"publish","type":"product","link":"https:\/\/jugueterialudico.com.ar\/?product=munchkin","title":{"rendered":"Munchkin -041"},"content":{"rendered":"<h2 class=\"ui-pdp-description__title\">Descripci\u00f3n<\/h2>\n<p class=\"ui-pdp-description__content\">&#8211; CANTIDAD DE JUGADORES: 3 A 6<br \/>\n&#8211; EDAD SUGERIDA: +15 a\u00f1os<br \/>\n&#8211; TIEMPO DE JUEGO: 60 &#8211; 120 minutos<\/p>\n<p>Finalmente llega a la Argentina Munchkin, el archi conocido juego creado por Steve Jackson e ilustrado por John Kovalic. Munchkin es un fen\u00f3meno mundial traducido a m\u00e1s de 15 idiomas que mezcla aventura con mucho humor, burl\u00e1ndose de todos los clich\u00e9s de los juegos de rol y del g\u00e9nero fant\u00e1stico en general.<\/p>\n<p>DESCRIPCI\u00d3N DEL JUEGO<br \/>\n&#8211; MAT\u00c1 A LOS MONSTRUOS. En Munchkin los jugadores son aventureros haciendo lo que hacen mejor, matar, lootear y subir de nivel. Durante tu turno vas a explorar el dungeon matando Monstruos tan absurdos como letales.<\/p>\n<p>&#8211; ROB\u00c1 LOS TESOROS. Acumul\u00e1 toda clase de objetos m\u00e1gicos como la Armadura m\u00e1s ancha que larga o las Rodilleras de seducci\u00f3n y usalos para enfrentar monstruos cada vez m\u00e1s fuertes, matarlos y quedarte con sus objetos.<\/p>\n<p>&#8211; SUB\u00cd DE NIVEL. A medida que mates monstruos vas a ir subiendo de nivel: el primero en llegar a nivel 10 gana la partida.<\/p>\n<p>&#8211; TRAICION\u00c1 A TUS AMIGOS. En Munchkin volverte m\u00e1s fuerte es s\u00f3lo la mitad del juego. La otra, claro, es traicionar a tus amigos. Us\u00e1 toda tu inteligencia y maldad para asegurarte que el \u00fanico en subir de nivel, \u00a1seas vos!<\/p>\n<p>&#8211; EDICI\u00d3N ARGENTINA. La traducci\u00f3n fue realizada tratando de ser lo m\u00e1s fiel posible al materia original. Buscamos adem\u00e1s hablar en un espa\u00f1ol de uso com\u00fan argentino\/latinoamericano, tratando de evitar lunfardos y coloquialismos.<\/p>\n<ul class=\"ui-pdp-list__wrapper\">\n<li class=\"ui-pdp-list__item\">\n<p class=\"ui-pdp-list__text\"><span class=\"ui-pdp-color--BLACK ui-pdp-size--XSMALL ui-pdp-family--BOLD\">Tipo de juego<\/span>: De fiesta<\/p>\n<\/li>\n<li class=\"ui-pdp-list__item\">\n<p class=\"ui-pdp-list__text\"><span class=\"ui-pdp-color--BLACK ui-pdp-size--XSMALL ui-pdp-family--BOLD\">Edad m\u00ednima recomendada<\/span>: 15 a\u00f1os<\/p>\n<\/li>\n<\/ul>\n<ul class=\"ui-pdp-list__wrapper\">\n<li class=\"ui-pdp-list__item\">\n<p class=\"ui-pdp-list__text\"><span class=\"ui-pdp-color--BLACK ui-pdp-size--XSMALL ui-pdp-family--BOLD\">Cantidad m\u00ednima de jugadores &#8211; Cantidad m\u00e1xima de jugadores<\/span>: 3 &#8211; 6<\/p>\n<\/li>\n<li class=\"ui-pdp-list__item\">\n<p class=\"ui-pdp-list__text\"><span class=\"ui-pdp-color--BLACK ui-pdp-size--XSMALL ui-pdp-family--BOLD\">Tiempo estimado de juego<\/span>: 60 m &#8211; 120 m<\/p>\n<\/li>\n<\/ul>\n","protected":false},"excerpt":{"rendered":"<p>Descripci\u00f3n &#8211; CANTIDAD DE JUGADORES: 3 A 6 &#8211; EDAD SUGERIDA: +15 a\u00f1os &#8211; TIEMPO DE JUEGO: 60 &#8211; 120 minutos Finalmente llega a la Argentina Munchkin, el archi conocido juego creado por Steve Jackson e ilustrado por John Kovalic. Munchkin es un fen\u00f3meno mundial traducido a m\u00e1s de 15 idiomas que mezcla aventura con [&hellip;]<\/p>\n","protected":false},"featured_media":19797,"comment_status":"closed","ping_status":"closed","template":"","meta":{"site-sidebar-layout":"default","site-content-layout":"","ast-site-content-layout":"","site-content-style":"default","site-sidebar-style":"default","ast-global-header-display":"","ast-banner-title-visibility":"","ast-main-header-display":"","ast-hfb-above-header-display":"","ast-hfb-below-header-display":"","ast-hfb-mobile-header-display":"","site-post-title":"","ast-breadcrumbs-content":"","ast-featured-img":"","footer-sml-layout":"","theme-transparent-header-meta":"","adv-header-id-meta":"","stick-header-meta":"","header-above-stick-meta":"","header-main-stick-meta":"","header-below-stick-meta":"","astra-migrate-meta-layouts":"default","ast-page-background-enabled":"default","ast-page-background-meta":{"desktop":{"background-color":"","background-image":"","background-repeat":"repeat","background-position":"center center","background-size":"auto","background-attachment":"scroll","background-type":"","background-media":"","overlay-type":"","overlay-color":"","overlay-opacity":"","overlay-gradient":""},"tablet":{"background-color":"","background-image":"","background-repeat":"repeat","background-position":"center center","background-size":"auto","background-attachment":"scroll","background-type":"","background-media":"","overlay-type":"","overlay-color":"","overlay-opacity":"","overlay-gradient":""},"mobile":{"background-color":"","background-image":"","background-repeat":"repeat","background-position":"center center","background-size":"auto","background-attachment":"scroll","background-type":"","background-media":"","overlay-type":"","overlay-color":"","overlay-opacity":"","overlay-gradient":""}},"ast-content-background-meta":{"desktop":{"background-color":"var(--ast-global-color-5)","background-image":"","background-repeat":"repeat","background-position":"center center","background-size":"auto","background-attachment":"scroll","background-type":"","background-media":"","overlay-type":"","overlay-color":"","overlay-opacity":"","overlay-gradient":""},"tablet":{"background-color":"var(--ast-global-color-5)","background-image":"","background-repeat":"repeat","background-position":"center center","background-size":"auto","background-attachment":"scroll","background-type":"","background-media":"","overlay-type":"","overlay-color":"","overlay-opacity":"","overlay-gradient":""},"mobile":{"background-color":"var(--ast-global-color-5)","background-image":"","background-repeat":"repeat","background-position":"center center","background-size":"auto","background-attachment":"scroll","background-type":"","background-media":"","overlay-type":"","overlay-color":"","overlay-opacity":"","overlay-gradient":""}},"spay_email":""},"product_cat":[168,74],"product_tag":[],"_links":{"self":[{"href":"https:\/\/jugueterialudico.com.ar\/index.php?rest_route=\/wp\/v2\/product\/19796"}],"collection":[{"href":"https:\/\/jugueterialudico.com.ar\/index.php?rest_route=\/wp\/v2\/product"}],"about":[{"href":"https:\/\/jugueterialudico.com.ar\/index.php?rest_route=\/wp\/v2\/types\/product"}],"replies":[{"embeddable":true,"href":"https:\/\/jugueterialudico.com.ar\/index.php?rest_route=%2Fwp%2Fv2%2Fcomments&post=19796"}],"wp:featuredmedia":[{"embeddable":true,"href":"https:\/\/jugueterialudico.com.ar\/index.php?rest_route=\/wp\/v2\/media\/19797"}],"wp:attachment":[{"href":"https:\/\/jugueterialudico.com.ar\/index.php?rest_route=%2Fwp%2Fv2%2Fmedia&parent=19796"}],"wp:term":[{"taxonomy":"product_cat","embeddable":true,"href":"https:\/\/jugueterialudico.com.ar\/index.php?rest_route=%2Fwp%2Fv2%2Fproduct_cat&post=19796"},{"taxonomy":"product_tag","embeddable":true,"href":"https:\/\/jugueterialudico.com.ar\/index.php?rest_route=%2Fwp%2Fv2%2Fproduct_tag&post=19796"}],"curies":[{"name":"wp","href":"https:\/\/api.w.org\/{rel}","templated":true}]}}