{"id":19806,"date":"2021-01-12T22:55:50","date_gmt":"2021-01-13T01:55:50","guid":{"rendered":"https:\/\/jugueterialudico.com.ar\/?post_type=product&#038;p=19806"},"modified":"2025-07-18T12:42:49","modified_gmt":"2025-07-18T15:42:49","slug":"red-7","status":"publish","type":"product","link":"https:\/\/jugueterialudico.com.ar\/?product=red-7","title":{"rendered":"Red 7 -041"},"content":{"rendered":"<p class=\"ui-pdp-description__content\">Jugar Red7 es muy f\u00e1cil: cada carta tiene un n\u00famero y un color que representa una regla.<\/p>\n<p>En tu turno, pod\u00e9s jugar una carta, cambiar las reglas o ambas. \u00a1Pero cuidado, si no vas ganando al final de tu turno, sonaste!<\/p>\n<p>Las reglas de Red7 son simples: \u00a1al final de tu turno TEN\u00c9S que ir ganando! Ya sea porque jugaste una carta en tu \u00c1rea de Juego que te haga ir ganando o porque cambiaste la regla de victoria vigente. Si no vas ganando al final de tu turno, est\u00e1s eliminado. La \u00faltima persona que quede en juego, gana.<br \/>\nEl Mazo de juego contiene 49 cartas: 7 cartas de cada uno de los 7 colores del arco\u00edris numeradas del 1 al 7.<br \/>\nPara saber qu\u00e9 carta es m\u00e1s alta, primero se debe comparar su valor num\u00e9rico y, en caso de empate, compararlas de acuerdo al valor de cada color usando la Gu\u00eda de Colores como referencia (ver carta Gu\u00eda de Colores). Ejemplo: un 7 siempre es mayor a un 6, pero cuando comparamos dos 6, un 6 rojo es mayor que un 6 naranja.<\/p>\n<p>CONTENIDO: 55 cartas y reglamento<\/p>\n<p>&#8211; CANTIDAD DE JUGADORES: 2 a 4<br \/>\n&#8211; EDAD SUGERIDA: 15+<br \/>\n&#8211; TIEMPO DE JUEGO: 5 a 10 minutos<\/p>\n","protected":false},"excerpt":{"rendered":"<p>Jugar Red7 es muy f\u00e1cil: cada carta tiene un n\u00famero y un color que representa una regla. En tu turno, pod\u00e9s jugar una carta, cambiar las reglas o ambas. \u00a1Pero cuidado, si no vas ganando al final de tu turno, sonaste! Las reglas de Red7 son simples: \u00a1al final de tu turno TEN\u00c9S que ir [&hellip;]<\/p>\n","protected":false},"featured_media":19807,"comment_status":"closed","ping_status":"closed","template":"","meta":{"site-sidebar-layout":"default","site-content-layout":"","ast-site-content-layout":"","site-content-style":"default","site-sidebar-style":"default","ast-global-header-display":"","ast-banner-title-visibility":"","ast-main-header-display":"","ast-hfb-above-header-display":"","ast-hfb-below-header-display":"","ast-hfb-mobile-header-display":"","site-post-title":"","ast-breadcrumbs-content":"","ast-featured-img":"","footer-sml-layout":"","theme-transparent-header-meta":"","adv-header-id-meta":"","stick-header-meta":"","header-above-stick-meta":"","header-main-stick-meta":"","header-below-stick-meta":"","astra-migrate-meta-layouts":"default","ast-page-background-enabled":"default","ast-page-background-meta":{"desktop":{"background-color":"","background-image":"","background-repeat":"repeat","background-position":"center center","background-size":"auto","background-attachment":"scroll","background-type":"","background-media":"","overlay-type":"","overlay-color":"","overlay-opacity":"","overlay-gradient":""},"tablet":{"background-color":"","background-image":"","background-repeat":"repeat","background-position":"center center","background-size":"auto","background-attachment":"scroll","background-type":"","background-media":"","overlay-type":"","overlay-color":"","overlay-opacity":"","overlay-gradient":""},"mobile":{"background-color":"","background-image":"","background-repeat":"repeat","background-position":"center center","background-size":"auto","background-attachment":"scroll","background-type":"","background-media":"","overlay-type":"","overlay-color":"","overlay-opacity":"","overlay-gradient":""}},"ast-content-background-meta":{"desktop":{"background-color":"var(--ast-global-color-5)","background-image":"","background-repeat":"repeat","background-position":"center center","background-size":"auto","background-attachment":"scroll","background-type":"","background-media":"","overlay-type":"","overlay-color":"","overlay-opacity":"","overlay-gradient":""},"tablet":{"background-color":"var(--ast-global-color-5)","background-image":"","background-repeat":"repeat","background-position":"center center","background-size":"auto","background-attachment":"scroll","background-type":"","background-media":"","overlay-type":"","overlay-color":"","overlay-opacity":"","overlay-gradient":""},"mobile":{"background-color":"var(--ast-global-color-5)","background-image":"","background-repeat":"repeat","background-position":"center center","background-size":"auto","background-attachment":"scroll","background-type":"","background-media":"","overlay-type":"","overlay-color":"","overlay-opacity":"","overlay-gradient":""}},"spay_email":""},"product_cat":[168,74],"product_tag":[],"_links":{"self":[{"href":"https:\/\/jugueterialudico.com.ar\/index.php?rest_route=\/wp\/v2\/product\/19806"}],"collection":[{"href":"https:\/\/jugueterialudico.com.ar\/index.php?rest_route=\/wp\/v2\/product"}],"about":[{"href":"https:\/\/jugueterialudico.com.ar\/index.php?rest_route=\/wp\/v2\/types\/product"}],"replies":[{"embeddable":true,"href":"https:\/\/jugueterialudico.com.ar\/index.php?rest_route=%2Fwp%2Fv2%2Fcomments&post=19806"}],"wp:featuredmedia":[{"embeddable":true,"href":"https:\/\/jugueterialudico.com.ar\/index.php?rest_route=\/wp\/v2\/media\/19807"}],"wp:attachment":[{"href":"https:\/\/jugueterialudico.com.ar\/index.php?rest_route=%2Fwp%2Fv2%2Fmedia&parent=19806"}],"wp:term":[{"taxonomy":"product_cat","embeddable":true,"href":"https:\/\/jugueterialudico.com.ar\/index.php?rest_route=%2Fwp%2Fv2%2Fproduct_cat&post=19806"},{"taxonomy":"product_tag","embeddable":true,"href":"https:\/\/jugueterialudico.com.ar\/index.php?rest_route=%2Fwp%2Fv2%2Fproduct_tag&post=19806"}],"curies":[{"name":"wp","href":"https:\/\/api.w.org\/{rel}","templated":true}]}}