{"id":20332,"date":"2021-10-15T17:59:10","date_gmt":"2021-10-15T20:59:10","guid":{"rendered":"https:\/\/jugueterialudico.com.ar\/?post_type=product&#038;p=20332"},"modified":"2026-02-06T17:06:52","modified_gmt":"2026-02-06T20:06:52","slug":"atrapasuenos","status":"publish","type":"product","link":"https:\/\/jugueterialudico.com.ar\/?product=atrapasuenos","title":{"rendered":"ATRAPASUE\u00d1OS -060"},"content":{"rendered":"<p>ATRAPASUE\u00d1OS<\/p>\n<p><strong>A partir de 7 a\u00f1os<\/strong><\/p>\n<p>Con este kit podr\u00e1n crear los mas lindos y coloridos atrapasue\u00f1os.<\/p>\n<p>Vas a poder pintarlos, decorarlos, enhebrar y entrelazar los hilos como mas te guste.<\/p>\n<p>Contiene:<\/p>\n<p>-Aros de madera y cart\u00f3n<\/p>\n<p>-Hilos de colores<\/p>\n<p>-Cuencas de madera<\/p>\n<p>-Dijes para pintar<\/p>\n<p>-Temperas<\/p>\n<p>-Pincel<\/p>\n<p>-Instructivo con ideas para realizar<\/p>\n<p>Deja volar tu imaginaci\u00f3n y a crear!<\/p>\n<p>&nbsp;<\/p>\n","protected":false},"excerpt":{"rendered":"<p>ATRAPASUE\u00d1OS A partir de 7 a\u00f1os Con este kit podr\u00e1n crear los mas lindos y coloridos atrapasue\u00f1os. Vas a poder pintarlos, decorarlos, enhebrar y entrelazar los hilos como mas te guste. Contiene: -Aros de madera y cart\u00f3n -Hilos de colores -Cuencas de madera -Dijes para pintar -Temperas -Pincel -Instructivo con ideas para realizar Deja volar [&hellip;]<\/p>\n","protected":false},"featured_media":20333,"comment_status":"open","ping_status":"closed","template":"","meta":{"site-sidebar-layout":"default","site-content-layout":"","ast-site-content-layout":"","site-content-style":"default","site-sidebar-style":"default","ast-global-header-display":"","ast-banner-title-visibility":"","ast-main-header-display":"","ast-hfb-above-header-display":"","ast-hfb-below-header-display":"","ast-hfb-mobile-header-display":"","site-post-title":"","ast-breadcrumbs-content":"","ast-featured-img":"","footer-sml-layout":"","theme-transparent-header-meta":"","adv-header-id-meta":"","stick-header-meta":"","header-above-stick-meta":"","header-main-stick-meta":"","header-below-stick-meta":"","astra-migrate-meta-layouts":"default","ast-page-background-enabled":"default","ast-page-background-meta":{"desktop":{"background-color":"","background-image":"","background-repeat":"repeat","background-position":"center center","background-size":"auto","background-attachment":"scroll","background-type":"","background-media":"","overlay-type":"","overlay-color":"","overlay-opacity":"","overlay-gradient":""},"tablet":{"background-color":"","background-image":"","background-repeat":"repeat","background-position":"center center","background-size":"auto","background-attachment":"scroll","background-type":"","background-media":"","overlay-type":"","overlay-color":"","overlay-opacity":"","overlay-gradient":""},"mobile":{"background-color":"","background-image":"","background-repeat":"repeat","background-position":"center center","background-size":"auto","background-attachment":"scroll","background-type":"","background-media":"","overlay-type":"","overlay-color":"","overlay-opacity":"","overlay-gradient":""}},"ast-content-background-meta":{"desktop":{"background-color":"var(--ast-global-color-5)","background-image":"","background-repeat":"repeat","background-position":"center center","background-size":"auto","background-attachment":"scroll","background-type":"","background-media":"","overlay-type":"","overlay-color":"","overlay-opacity":"","overlay-gradient":""},"tablet":{"background-color":"var(--ast-global-color-5)","background-image":"","background-repeat":"repeat","background-position":"center center","background-size":"auto","background-attachment":"scroll","background-type":"","background-media":"","overlay-type":"","overlay-color":"","overlay-opacity":"","overlay-gradient":""},"mobile":{"background-color":"var(--ast-global-color-5)","background-image":"","background-repeat":"repeat","background-position":"center center","background-size":"auto","background-attachment":"scroll","background-type":"","background-media":"","overlay-type":"","overlay-color":"","overlay-opacity":"","overlay-gradient":""}},"spay_email":""},"product_cat":[166,167,78],"product_tag":[],"_links":{"self":[{"href":"https:\/\/jugueterialudico.com.ar\/index.php?rest_route=\/wp\/v2\/product\/20332"}],"collection":[{"href":"https:\/\/jugueterialudico.com.ar\/index.php?rest_route=\/wp\/v2\/product"}],"about":[{"href":"https:\/\/jugueterialudico.com.ar\/index.php?rest_route=\/wp\/v2\/types\/product"}],"replies":[{"embeddable":true,"href":"https:\/\/jugueterialudico.com.ar\/index.php?rest_route=%2Fwp%2Fv2%2Fcomments&post=20332"}],"wp:featuredmedia":[{"embeddable":true,"href":"https:\/\/jugueterialudico.com.ar\/index.php?rest_route=\/wp\/v2\/media\/20333"}],"wp:attachment":[{"href":"https:\/\/jugueterialudico.com.ar\/index.php?rest_route=%2Fwp%2Fv2%2Fmedia&parent=20332"}],"wp:term":[{"taxonomy":"product_cat","embeddable":true,"href":"https:\/\/jugueterialudico.com.ar\/index.php?rest_route=%2Fwp%2Fv2%2Fproduct_cat&post=20332"},{"taxonomy":"product_tag","embeddable":true,"href":"https:\/\/jugueterialudico.com.ar\/index.php?rest_route=%2Fwp%2Fv2%2Fproduct_tag&post=20332"}],"curies":[{"name":"wp","href":"https:\/\/api.w.org\/{rel}","templated":true}]}}