{"id":21424,"date":"2022-08-27T11:24:54","date_gmt":"2022-08-27T14:24:54","guid":{"rendered":"https:\/\/jugueterialudico.com.ar\/?post_type=product&#038;p=21424"},"modified":"2025-09-06T16:29:20","modified_gmt":"2025-09-06T19:29:20","slug":"metegol-129","status":"publish","type":"product","link":"https:\/\/jugueterialudico.com.ar\/?product=metegol-129","title":{"rendered":"METEGOL &#8211; 129"},"content":{"rendered":"<p><strong>EDAD RECOMENDADA<\/strong><br \/>\nEl metegol de madera es un juguete did\u00e1ctico para ni\u00f1os de 4 a\u00f1os en adelante.<br \/>\n<strong>C\u00d3MO SE JUEGA<\/strong><br \/>\nJuego infantil de f\u00fatbol de mesa para dos participantes, que estar\u00e1n al control de cuatro jugadores (cada uno) con los que deber\u00e1n convertir goles en el arco opuesto. Cancha aparte, contiene dos bolitas para usar como pelota.<br \/>\n<strong>BENEFICIOS<\/strong><br \/>\nAdem\u00e1s de garantizar entretenidos ratos, nuestro futbol\u00edn artesanal sirve para estimular la motricidad fina e identificar colores.<br \/>\nMetegol chico juego did\u00e1ctico de madera medidas: Alto: 6 cm.- Largo: 30 cm.- Ancho: 25 cm (con palos 52cm).- Peso: 1,100 kg.<\/p>\n","protected":false},"excerpt":{"rendered":"<p>EDAD RECOMENDADA El metegol de madera es un juguete did\u00e1ctico para ni\u00f1os de 4 a\u00f1os en adelante. C\u00d3MO SE JUEGA Juego infantil de f\u00fatbol de mesa para dos participantes, que estar\u00e1n al control de cuatro jugadores (cada uno) con los que deber\u00e1n convertir goles en el arco opuesto. Cancha aparte, contiene dos bolitas para usar [&hellip;]<\/p>\n","protected":false},"featured_media":21427,"comment_status":"open","ping_status":"closed","template":"","meta":{"site-sidebar-layout":"default","site-content-layout":"default","ast-site-content-layout":"","site-content-style":"default","site-sidebar-style":"default","ast-global-header-display":"","ast-banner-title-visibility":"","ast-main-header-display":"","ast-hfb-above-header-display":"","ast-hfb-below-header-display":"","ast-hfb-mobile-header-display":"","site-post-title":"","ast-breadcrumbs-content":"","ast-featured-img":"","footer-sml-layout":"","theme-transparent-header-meta":"default","adv-header-id-meta":"","stick-header-meta":"","header-above-stick-meta":"","header-main-stick-meta":"","header-below-stick-meta":"","astra-migrate-meta-layouts":"default","ast-page-background-enabled":"default","ast-page-background-meta":{"desktop":{"background-color":"","background-image":"","background-repeat":"repeat","background-position":"center center","background-size":"auto","background-attachment":"scroll","background-type":"","background-media":"","overlay-type":"","overlay-color":"","overlay-opacity":"","overlay-gradient":""},"tablet":{"background-color":"","background-image":"","background-repeat":"repeat","background-position":"center center","background-size":"auto","background-attachment":"scroll","background-type":"","background-media":"","overlay-type":"","overlay-color":"","overlay-opacity":"","overlay-gradient":""},"mobile":{"background-color":"","background-image":"","background-repeat":"repeat","background-position":"center center","background-size":"auto","background-attachment":"scroll","background-type":"","background-media":"","overlay-type":"","overlay-color":"","overlay-opacity":"","overlay-gradient":""}},"ast-content-background-meta":{"desktop":{"background-color":"var(--ast-global-color-5)","background-image":"","background-repeat":"repeat","background-position":"center center","background-size":"auto","background-attachment":"scroll","background-type":"","background-media":"","overlay-type":"","overlay-color":"","overlay-opacity":"","overlay-gradient":""},"tablet":{"background-color":"var(--ast-global-color-5)","background-image":"","background-repeat":"repeat","background-position":"center center","background-size":"auto","background-attachment":"scroll","background-type":"","background-media":"","overlay-type":"","overlay-color":"","overlay-opacity":"","overlay-gradient":""},"mobile":{"background-color":"var(--ast-global-color-5)","background-image":"","background-repeat":"repeat","background-position":"center center","background-size":"auto","background-attachment":"scroll","background-type":"","background-media":"","overlay-type":"","overlay-color":"","overlay-opacity":"","overlay-gradient":""}},"spay_email":""},"product_cat":[165,166,167,93],"product_tag":[],"_links":{"self":[{"href":"https:\/\/jugueterialudico.com.ar\/index.php?rest_route=\/wp\/v2\/product\/21424"}],"collection":[{"href":"https:\/\/jugueterialudico.com.ar\/index.php?rest_route=\/wp\/v2\/product"}],"about":[{"href":"https:\/\/jugueterialudico.com.ar\/index.php?rest_route=\/wp\/v2\/types\/product"}],"replies":[{"embeddable":true,"href":"https:\/\/jugueterialudico.com.ar\/index.php?rest_route=%2Fwp%2Fv2%2Fcomments&post=21424"}],"wp:featuredmedia":[{"embeddable":true,"href":"https:\/\/jugueterialudico.com.ar\/index.php?rest_route=\/wp\/v2\/media\/21427"}],"wp:attachment":[{"href":"https:\/\/jugueterialudico.com.ar\/index.php?rest_route=%2Fwp%2Fv2%2Fmedia&parent=21424"}],"wp:term":[{"taxonomy":"product_cat","embeddable":true,"href":"https:\/\/jugueterialudico.com.ar\/index.php?rest_route=%2Fwp%2Fv2%2Fproduct_cat&post=21424"},{"taxonomy":"product_tag","embeddable":true,"href":"https:\/\/jugueterialudico.com.ar\/index.php?rest_route=%2Fwp%2Fv2%2Fproduct_tag&post=21424"}],"curies":[{"name":"wp","href":"https:\/\/api.w.org\/{rel}","templated":true}]}}