{"id":21510,"date":"2022-08-29T18:08:04","date_gmt":"2022-08-29T21:08:04","guid":{"rendered":"https:\/\/jugueterialudico.com.ar\/?post_type=product&#038;p=21510"},"modified":"2026-03-03T12:35:10","modified_gmt":"2026-03-03T15:35:10","slug":"ensarte-matematico-054","status":"publish","type":"product","link":"https:\/\/jugueterialudico.com.ar\/?product=ensarte-matematico-054","title":{"rendered":"ENSARTE MATEMATICO &#8211; 054"},"content":{"rendered":"<p>JUEGO ENSARTADO MATEM\u00c1TICO GEOM\u00c9TRICO Y NUM\u00c9RICO DID\u00c1CTICO<\/p>\n<p>El juego de ensarte matem\u00e1tico es geom\u00e9trico y num\u00e9rico, para que los m\u00e1s peques comiencen a adquirir conocimientos de la geometr\u00eda e ingresen en el mundo de las matem\u00e1ticas mientras desarrollan las habilidades motrices y se divierten!<\/p>\n<p>Sobre una base de madera de 28 x 7 cm y 12 mm de espesor los peques deber\u00e1n ensartar en los ejes de madera las piezas geom\u00e9tricas de madera, teniendo en cuenta la cantidad de orificios de cada pieza y la cantidad de ejes de cada grupo. Las piezas se agrupan por forma geom\u00e9trica y color.<\/p>\n<p>Hay 4 formas geom\u00e9tricas (cuadrado, rect\u00e1ngulo, c\u00edrculo y tri\u00e1ngulo) y 4 colores (azul, verde, amarillo y rosa). Total 16 piezas de madera de 6 cm aproximadamente cada una. Ideal para favorecer el aprendizaje de colores y formas geom\u00e9tricas, e introducir a los ni\u00f1os en las nociones de conteo, ya que podr\u00e1n contar los orificios de cada pieza, los ejes de madera y la cantidad de piezas. Para aprender jugando!<\/p>\n<p>&nbsp;<\/p>\n","protected":false},"excerpt":{"rendered":"<p>JUEGO ENSARTADO MATEM\u00c1TICO GEOM\u00c9TRICO Y NUM\u00c9RICO DID\u00c1CTICO El juego de ensarte matem\u00e1tico es geom\u00e9trico y num\u00e9rico, para que los m\u00e1s peques comiencen a adquirir conocimientos de la geometr\u00eda e ingresen en el mundo de las matem\u00e1ticas mientras desarrollan las habilidades motrices y se divierten! Sobre una base de madera de 28 x 7 cm y [&hellip;]<\/p>\n","protected":false},"featured_media":21513,"comment_status":"open","ping_status":"closed","template":"","meta":{"site-sidebar-layout":"default","site-content-layout":"default","ast-site-content-layout":"","site-content-style":"default","site-sidebar-style":"default","ast-global-header-display":"","ast-banner-title-visibility":"","ast-main-header-display":"","ast-hfb-above-header-display":"","ast-hfb-below-header-display":"","ast-hfb-mobile-header-display":"","site-post-title":"","ast-breadcrumbs-content":"","ast-featured-img":"","footer-sml-layout":"","theme-transparent-header-meta":"default","adv-header-id-meta":"","stick-header-meta":"","header-above-stick-meta":"","header-main-stick-meta":"","header-below-stick-meta":"","astra-migrate-meta-layouts":"default","ast-page-background-enabled":"default","ast-page-background-meta":{"desktop":{"background-color":"","background-image":"","background-repeat":"repeat","background-position":"center center","background-size":"auto","background-attachment":"scroll","background-type":"","background-media":"","overlay-type":"","overlay-color":"","overlay-opacity":"","overlay-gradient":""},"tablet":{"background-color":"","background-image":"","background-repeat":"repeat","background-position":"center center","background-size":"auto","background-attachment":"scroll","background-type":"","background-media":"","overlay-type":"","overlay-color":"","overlay-opacity":"","overlay-gradient":""},"mobile":{"background-color":"","background-image":"","background-repeat":"repeat","background-position":"center center","background-size":"auto","background-attachment":"scroll","background-type":"","background-media":"","overlay-type":"","overlay-color":"","overlay-opacity":"","overlay-gradient":""}},"ast-content-background-meta":{"desktop":{"background-color":"var(--ast-global-color-5)","background-image":"","background-repeat":"repeat","background-position":"center center","background-size":"auto","background-attachment":"scroll","background-type":"","background-media":"","overlay-type":"","overlay-color":"","overlay-opacity":"","overlay-gradient":""},"tablet":{"background-color":"var(--ast-global-color-5)","background-image":"","background-repeat":"repeat","background-position":"center center","background-size":"auto","background-attachment":"scroll","background-type":"","background-media":"","overlay-type":"","overlay-color":"","overlay-opacity":"","overlay-gradient":""},"mobile":{"background-color":"var(--ast-global-color-5)","background-image":"","background-repeat":"repeat","background-position":"center center","background-size":"auto","background-attachment":"scroll","background-type":"","background-media":"","overlay-type":"","overlay-color":"","overlay-opacity":"","overlay-gradient":""}},"spay_email":""},"product_cat":[161,163,164,165,188,93],"product_tag":[],"_links":{"self":[{"href":"https:\/\/jugueterialudico.com.ar\/index.php?rest_route=\/wp\/v2\/product\/21510"}],"collection":[{"href":"https:\/\/jugueterialudico.com.ar\/index.php?rest_route=\/wp\/v2\/product"}],"about":[{"href":"https:\/\/jugueterialudico.com.ar\/index.php?rest_route=\/wp\/v2\/types\/product"}],"replies":[{"embeddable":true,"href":"https:\/\/jugueterialudico.com.ar\/index.php?rest_route=%2Fwp%2Fv2%2Fcomments&post=21510"}],"wp:featuredmedia":[{"embeddable":true,"href":"https:\/\/jugueterialudico.com.ar\/index.php?rest_route=\/wp\/v2\/media\/21513"}],"wp:attachment":[{"href":"https:\/\/jugueterialudico.com.ar\/index.php?rest_route=%2Fwp%2Fv2%2Fmedia&parent=21510"}],"wp:term":[{"taxonomy":"product_cat","embeddable":true,"href":"https:\/\/jugueterialudico.com.ar\/index.php?rest_route=%2Fwp%2Fv2%2Fproduct_cat&post=21510"},{"taxonomy":"product_tag","embeddable":true,"href":"https:\/\/jugueterialudico.com.ar\/index.php?rest_route=%2Fwp%2Fv2%2Fproduct_tag&post=21510"}],"curies":[{"name":"wp","href":"https:\/\/api.w.org\/{rel}","templated":true}]}}