{"id":21654,"date":"2022-08-30T18:14:24","date_gmt":"2022-08-30T21:14:24","guid":{"rendered":"https:\/\/jugueterialudico.com.ar\/?post_type=product&#038;p=21654"},"modified":"2024-06-18T16:07:25","modified_gmt":"2024-06-18T19:07:25","slug":"carrito-caminador-c-bloques-018","status":"publish","type":"product","link":"https:\/\/jugueterialudico.com.ar\/?product=carrito-caminador-c-bloques-018","title":{"rendered":"CARRITO CAMINADOR C\/BLOQUES &#8211; 018"},"content":{"rendered":"<div class=\"co8aDb\" role=\"heading\" aria-level=\"3\"><b>\u00a0Beneficios del <\/b><b>uso de un juguete para empujar :<\/b><\/div>\n<div class=\"RqBzHd\">\n<ul class=\"i8Z77e\">\n<li class=\"TrT0Xe\">Coordinaci\u00f3n bilateral.<\/li>\n<li class=\"TrT0Xe\">Planificaci\u00f3n motriz.<\/li>\n<li class=\"TrT0Xe\">Coordinaci\u00f3n ojo-mano.<\/li>\n<li class=\"TrT0Xe\">Extensi\u00f3n de la mu\u00f1eca.<\/li>\n<li class=\"TrT0Xe\">Exploraci\u00f3n visual.<\/li>\n<li class=\"TrT0Xe\">Atenci\u00f3n visual.<\/li>\n<li class=\"TrT0Xe\">Rotaci\u00f3n.<\/li>\n<\/ul>\n<\/div>\n<p>Adem\u00e1s contiene 24 bloques de construcci\u00f3n, para crear armar y desarrollar la imaginaci\u00f3n.<\/p>\n","protected":false},"excerpt":{"rendered":"<p>\u00a0Beneficios del uso de un juguete para empujar : Coordinaci\u00f3n bilateral. Planificaci\u00f3n motriz. Coordinaci\u00f3n ojo-mano. Extensi\u00f3n de la mu\u00f1eca. Exploraci\u00f3n visual. Atenci\u00f3n visual. Rotaci\u00f3n. Adem\u00e1s contiene 24 bloques de construcci\u00f3n, para crear armar y desarrollar la imaginaci\u00f3n.<\/p>\n","protected":false},"featured_media":21655,"comment_status":"open","ping_status":"closed","template":"","meta":{"site-sidebar-layout":"default","site-content-layout":"default","ast-site-content-layout":"","site-content-style":"default","site-sidebar-style":"default","ast-global-header-display":"","ast-banner-title-visibility":"","ast-main-header-display":"","ast-hfb-above-header-display":"","ast-hfb-below-header-display":"","ast-hfb-mobile-header-display":"","site-post-title":"","ast-breadcrumbs-content":"","ast-featured-img":"","footer-sml-layout":"","theme-transparent-header-meta":"default","adv-header-id-meta":"","stick-header-meta":"","header-above-stick-meta":"","header-main-stick-meta":"","header-below-stick-meta":"","astra-migrate-meta-layouts":"default","ast-page-background-enabled":"default","ast-page-background-meta":{"desktop":{"background-color":"","background-image":"","background-repeat":"repeat","background-position":"center center","background-size":"auto","background-attachment":"scroll","background-type":"","background-media":"","overlay-type":"","overlay-color":"","overlay-opacity":"","overlay-gradient":""},"tablet":{"background-color":"","background-image":"","background-repeat":"repeat","background-position":"center center","background-size":"auto","background-attachment":"scroll","background-type":"","background-media":"","overlay-type":"","overlay-color":"","overlay-opacity":"","overlay-gradient":""},"mobile":{"background-color":"","background-image":"","background-repeat":"repeat","background-position":"center center","background-size":"auto","background-attachment":"scroll","background-type":"","background-media":"","overlay-type":"","overlay-color":"","overlay-opacity":"","overlay-gradient":""}},"ast-content-background-meta":{"desktop":{"background-color":"var(--ast-global-color-5)","background-image":"","background-repeat":"repeat","background-position":"center center","background-size":"auto","background-attachment":"scroll","background-type":"","background-media":"","overlay-type":"","overlay-color":"","overlay-opacity":"","overlay-gradient":""},"tablet":{"background-color":"var(--ast-global-color-5)","background-image":"","background-repeat":"repeat","background-position":"center center","background-size":"auto","background-attachment":"scroll","background-type":"","background-media":"","overlay-type":"","overlay-color":"","overlay-opacity":"","overlay-gradient":""},"mobile":{"background-color":"var(--ast-global-color-5)","background-image":"","background-repeat":"repeat","background-position":"center center","background-size":"auto","background-attachment":"scroll","background-type":"","background-media":"","overlay-type":"","overlay-color":"","overlay-opacity":"","overlay-gradient":""}},"spay_email":""},"product_cat":[161,163,164,165,93],"product_tag":[],"_links":{"self":[{"href":"https:\/\/jugueterialudico.com.ar\/index.php?rest_route=\/wp\/v2\/product\/21654"}],"collection":[{"href":"https:\/\/jugueterialudico.com.ar\/index.php?rest_route=\/wp\/v2\/product"}],"about":[{"href":"https:\/\/jugueterialudico.com.ar\/index.php?rest_route=\/wp\/v2\/types\/product"}],"replies":[{"embeddable":true,"href":"https:\/\/jugueterialudico.com.ar\/index.php?rest_route=%2Fwp%2Fv2%2Fcomments&post=21654"}],"wp:featuredmedia":[{"embeddable":true,"href":"https:\/\/jugueterialudico.com.ar\/index.php?rest_route=\/wp\/v2\/media\/21655"}],"wp:attachment":[{"href":"https:\/\/jugueterialudico.com.ar\/index.php?rest_route=%2Fwp%2Fv2%2Fmedia&parent=21654"}],"wp:term":[{"taxonomy":"product_cat","embeddable":true,"href":"https:\/\/jugueterialudico.com.ar\/index.php?rest_route=%2Fwp%2Fv2%2Fproduct_cat&post=21654"},{"taxonomy":"product_tag","embeddable":true,"href":"https:\/\/jugueterialudico.com.ar\/index.php?rest_route=%2Fwp%2Fv2%2Fproduct_tag&post=21654"}],"curies":[{"name":"wp","href":"https:\/\/api.w.org\/{rel}","templated":true}]}}