{"id":22026,"date":"2022-10-31T10:53:39","date_gmt":"2022-10-31T13:53:39","guid":{"rendered":"https:\/\/jugueterialudico.com.ar\/?post_type=product&#038;p=22026"},"modified":"2026-02-18T16:21:51","modified_gmt":"2026-02-18T19:21:51","slug":"kontour-035","status":"publish","type":"product","link":"https:\/\/jugueterialudico.com.ar\/?product=kontour-035","title":{"rendered":"KONTOUR -035"},"content":{"rendered":"<p><strong>Kontour<\/strong>\u00a0es un juego donde debes intentar que los otros jugadores adivinen la palabra que dibuj\u00e1s, pero no es tan f\u00e1cil\u2026.<\/p>\n<p>\u00a1S\u00f3lo ten\u00e9s 30 segundos y 15 trazos (l\u00edneas rectas) para lograrlo!<\/p>\n<p>Us\u00e1 tu imaginaci\u00f3n y tu sentido del minimalismo para ganar. El jugador que dibuja y el jugador que adivina suman puntos. El primero en conseguir 10 puntos gana.<\/p>\n<p>M\u00e1s de 500 dibujos te esperan en este gran juego de mesa de bolsillo.<\/p>\n<p><strong>Jugadores:<\/strong>\u00a03 a 7 jugadores<br \/>\n<strong>Tiempo:<\/strong>\u00a020 minutos<br \/>\n<strong>Edad:<\/strong>\u00a0+10 a\u00f1os<\/p>\n","protected":false},"excerpt":{"rendered":"<p>Kontour\u00a0es un juego donde debes intentar que los otros jugadores adivinen la palabra que dibuj\u00e1s, pero no es tan f\u00e1cil\u2026. \u00a1S\u00f3lo ten\u00e9s 30 segundos y 15 trazos (l\u00edneas rectas) para lograrlo! Us\u00e1 tu imaginaci\u00f3n y tu sentido del minimalismo para ganar. El jugador que dibuja y el jugador que adivina suman puntos. El primero en [&hellip;]<\/p>\n","protected":false},"featured_media":22027,"comment_status":"open","ping_status":"closed","template":"","meta":{"site-sidebar-layout":"default","site-content-layout":"default","ast-site-content-layout":"","site-content-style":"default","site-sidebar-style":"default","ast-global-header-display":"","ast-banner-title-visibility":"","ast-main-header-display":"","ast-hfb-above-header-display":"","ast-hfb-below-header-display":"","ast-hfb-mobile-header-display":"","site-post-title":"","ast-breadcrumbs-content":"","ast-featured-img":"","footer-sml-layout":"","theme-transparent-header-meta":"default","adv-header-id-meta":"","stick-header-meta":"","header-above-stick-meta":"","header-main-stick-meta":"","header-below-stick-meta":"","astra-migrate-meta-layouts":"default","ast-page-background-enabled":"default","ast-page-background-meta":{"desktop":{"background-color":"","background-image":"","background-repeat":"repeat","background-position":"center center","background-size":"auto","background-attachment":"scroll","background-type":"","background-media":"","overlay-type":"","overlay-color":"","overlay-opacity":"","overlay-gradient":""},"tablet":{"background-color":"","background-image":"","background-repeat":"repeat","background-position":"center center","background-size":"auto","background-attachment":"scroll","background-type":"","background-media":"","overlay-type":"","overlay-color":"","overlay-opacity":"","overlay-gradient":""},"mobile":{"background-color":"","background-image":"","background-repeat":"repeat","background-position":"center center","background-size":"auto","background-attachment":"scroll","background-type":"","background-media":"","overlay-type":"","overlay-color":"","overlay-opacity":"","overlay-gradient":""}},"ast-content-background-meta":{"desktop":{"background-color":"var(--ast-global-color-5)","background-image":"","background-repeat":"repeat","background-position":"center center","background-size":"auto","background-attachment":"scroll","background-type":"","background-media":"","overlay-type":"","overlay-color":"","overlay-opacity":"","overlay-gradient":""},"tablet":{"background-color":"var(--ast-global-color-5)","background-image":"","background-repeat":"repeat","background-position":"center center","background-size":"auto","background-attachment":"scroll","background-type":"","background-media":"","overlay-type":"","overlay-color":"","overlay-opacity":"","overlay-gradient":""},"mobile":{"background-color":"var(--ast-global-color-5)","background-image":"","background-repeat":"repeat","background-position":"center center","background-size":"auto","background-attachment":"scroll","background-type":"","background-media":"","overlay-type":"","overlay-color":"","overlay-opacity":"","overlay-gradient":""}},"spay_email":""},"product_cat":[185,168,74],"product_tag":[],"_links":{"self":[{"href":"https:\/\/jugueterialudico.com.ar\/index.php?rest_route=\/wp\/v2\/product\/22026"}],"collection":[{"href":"https:\/\/jugueterialudico.com.ar\/index.php?rest_route=\/wp\/v2\/product"}],"about":[{"href":"https:\/\/jugueterialudico.com.ar\/index.php?rest_route=\/wp\/v2\/types\/product"}],"replies":[{"embeddable":true,"href":"https:\/\/jugueterialudico.com.ar\/index.php?rest_route=%2Fwp%2Fv2%2Fcomments&post=22026"}],"wp:featuredmedia":[{"embeddable":true,"href":"https:\/\/jugueterialudico.com.ar\/index.php?rest_route=\/wp\/v2\/media\/22027"}],"wp:attachment":[{"href":"https:\/\/jugueterialudico.com.ar\/index.php?rest_route=%2Fwp%2Fv2%2Fmedia&parent=22026"}],"wp:term":[{"taxonomy":"product_cat","embeddable":true,"href":"https:\/\/jugueterialudico.com.ar\/index.php?rest_route=%2Fwp%2Fv2%2Fproduct_cat&post=22026"},{"taxonomy":"product_tag","embeddable":true,"href":"https:\/\/jugueterialudico.com.ar\/index.php?rest_route=%2Fwp%2Fv2%2Fproduct_tag&post=22026"}],"curies":[{"name":"wp","href":"https:\/\/api.w.org\/{rel}","templated":true}]}}