{"id":22061,"date":"2022-11-01T10:01:16","date_gmt":"2022-11-01T13:01:16","guid":{"rendered":"https:\/\/jugueterialudico.com.ar\/?post_type=product&#038;p=22061"},"modified":"2025-05-05T19:29:16","modified_gmt":"2025-05-05T22:29:16","slug":"no-lo-testeamos-ni-un-poco-drinking-041","status":"publish","type":"product","link":"https:\/\/jugueterialudico.com.ar\/?product=no-lo-testeamos-ni-un-poco-drinking-041","title":{"rendered":"NO LO TESTEAMOS NI UN POCO, DRINKING -041"},"content":{"rendered":"<div class=\"product_header_container clearfix\">\n<h1 class=\"h1 page-title\">No Lo Testeamos Ni Un Poco: Drinking [Expansi\u00f3n]<\/h1>\n<div class=\"product-prices\"><\/div>\n<\/div>\n<div class=\"product-information\">\n<div id=\"product-description-short-36\" class=\"rte-content product-description\">\n<p>Eventualmente iba a pasar: Una expansi\u00f3n que convierte tu No Lo Testeamos en un Drinking Game. Puede usarse con cualquier tipo de bebida (con y sin alcohol).<\/p>\n<p>REQUIERE EL \u00abNO LO TESTEAMOS\u00bb BLANCO O NEGRO PARA JUGAR.<\/p>\n<p>\u00a1No Lo Testeamos es un juego r\u00e1pido y absurdo! Gana el que elimina a todos los dem\u00e1s, y cada carta te sirve para eliminar a todos los dem\u00e1s de las maneras m\u00e1s bizarras posibles.<\/p>\n<p>Te lo recomendamos para jugar de a cuatro o m\u00e1s jugadores desde los 18 a\u00f1os.<\/p>\n<\/div>\n<\/div>\n","protected":false},"excerpt":{"rendered":"<p>No Lo Testeamos Ni Un Poco: Drinking [Expansi\u00f3n] Eventualmente iba a pasar: Una expansi\u00f3n que convierte tu No Lo Testeamos en un Drinking Game. Puede usarse con cualquier tipo de bebida (con y sin alcohol). REQUIERE EL \u00abNO LO TESTEAMOS\u00bb BLANCO O NEGRO PARA JUGAR. \u00a1No Lo Testeamos es un juego r\u00e1pido y absurdo! Gana [&hellip;]<\/p>\n","protected":false},"featured_media":22062,"comment_status":"open","ping_status":"closed","template":"","meta":{"site-sidebar-layout":"default","site-content-layout":"default","ast-site-content-layout":"","site-content-style":"default","site-sidebar-style":"default","ast-global-header-display":"","ast-banner-title-visibility":"","ast-main-header-display":"","ast-hfb-above-header-display":"","ast-hfb-below-header-display":"","ast-hfb-mobile-header-display":"","site-post-title":"","ast-breadcrumbs-content":"","ast-featured-img":"","footer-sml-layout":"","theme-transparent-header-meta":"default","adv-header-id-meta":"","stick-header-meta":"","header-above-stick-meta":"","header-main-stick-meta":"","header-below-stick-meta":"","astra-migrate-meta-layouts":"default","ast-page-background-enabled":"default","ast-page-background-meta":{"desktop":{"background-color":"","background-image":"","background-repeat":"repeat","background-position":"center center","background-size":"auto","background-attachment":"scroll","background-type":"","background-media":"","overlay-type":"","overlay-color":"","overlay-opacity":"","overlay-gradient":""},"tablet":{"background-color":"","background-image":"","background-repeat":"repeat","background-position":"center center","background-size":"auto","background-attachment":"scroll","background-type":"","background-media":"","overlay-type":"","overlay-color":"","overlay-opacity":"","overlay-gradient":""},"mobile":{"background-color":"","background-image":"","background-repeat":"repeat","background-position":"center center","background-size":"auto","background-attachment":"scroll","background-type":"","background-media":"","overlay-type":"","overlay-color":"","overlay-opacity":"","overlay-gradient":""}},"ast-content-background-meta":{"desktop":{"background-color":"var(--ast-global-color-5)","background-image":"","background-repeat":"repeat","background-position":"center center","background-size":"auto","background-attachment":"scroll","background-type":"","background-media":"","overlay-type":"","overlay-color":"","overlay-opacity":"","overlay-gradient":""},"tablet":{"background-color":"var(--ast-global-color-5)","background-image":"","background-repeat":"repeat","background-position":"center center","background-size":"auto","background-attachment":"scroll","background-type":"","background-media":"","overlay-type":"","overlay-color":"","overlay-opacity":"","overlay-gradient":""},"mobile":{"background-color":"var(--ast-global-color-5)","background-image":"","background-repeat":"repeat","background-position":"center center","background-size":"auto","background-attachment":"scroll","background-type":"","background-media":"","overlay-type":"","overlay-color":"","overlay-opacity":"","overlay-gradient":""}},"spay_email":""},"product_cat":[185,74],"product_tag":[],"_links":{"self":[{"href":"https:\/\/jugueterialudico.com.ar\/index.php?rest_route=\/wp\/v2\/product\/22061"}],"collection":[{"href":"https:\/\/jugueterialudico.com.ar\/index.php?rest_route=\/wp\/v2\/product"}],"about":[{"href":"https:\/\/jugueterialudico.com.ar\/index.php?rest_route=\/wp\/v2\/types\/product"}],"replies":[{"embeddable":true,"href":"https:\/\/jugueterialudico.com.ar\/index.php?rest_route=%2Fwp%2Fv2%2Fcomments&post=22061"}],"wp:featuredmedia":[{"embeddable":true,"href":"https:\/\/jugueterialudico.com.ar\/index.php?rest_route=\/wp\/v2\/media\/22062"}],"wp:attachment":[{"href":"https:\/\/jugueterialudico.com.ar\/index.php?rest_route=%2Fwp%2Fv2%2Fmedia&parent=22061"}],"wp:term":[{"taxonomy":"product_cat","embeddable":true,"href":"https:\/\/jugueterialudico.com.ar\/index.php?rest_route=%2Fwp%2Fv2%2Fproduct_cat&post=22061"},{"taxonomy":"product_tag","embeddable":true,"href":"https:\/\/jugueterialudico.com.ar\/index.php?rest_route=%2Fwp%2Fv2%2Fproduct_tag&post=22061"}],"curies":[{"name":"wp","href":"https:\/\/api.w.org\/{rel}","templated":true}]}}