{"id":22695,"date":"2023-01-27T10:24:17","date_gmt":"2023-01-27T13:24:17","guid":{"rendered":"https:\/\/jugueterialudico.com.ar\/?post_type=product&#038;p=22695"},"modified":"2026-03-16T11:22:29","modified_gmt":"2026-03-16T14:22:29","slug":"bajada-geo-120","status":"publish","type":"product","link":"https:\/\/jugueterialudico.com.ar\/?product=bajada-geo-120","title":{"rendered":"BAJADA GEO &#8211; 120"},"content":{"rendered":"<p>Bajada con formas geom\u00e9tricas. El tama\u00f1o de sus piezas permite que tanto ni\u00f1os como no tan ni\u00f1os disfruten de horas de diversi\u00f3n, con el efecto hipnotizante de sus piezas al bajar por sus rieles.<\/p>\n<p>Y como anexo el circulo desaf\u00eda recorridos al finalizar la bajada, ya que continua su camino por la mesa&#8230;<\/p>\n<p>Bonus: Adem\u00e1s pueden usar la piezas como trompos!<\/p>\n<p>Compuesta por una base de 3 carriles y 3 figuras.<\/p>\n<ul>\n<li>Tama\u00f1o estructura 34 cm de alto x 24 cm largo<\/li>\n<li>Figuras gemetricas de 4 a 6 cm.<\/li>\n<\/ul>\n<p>Edad recomendada: +18 meses y sin limite de edad!<\/p>\n","protected":false},"excerpt":{"rendered":"<p>Bajada con formas geom\u00e9tricas. El tama\u00f1o de sus piezas permite que tanto ni\u00f1os como no tan ni\u00f1os disfruten de horas de diversi\u00f3n, con el efecto hipnotizante de sus piezas al bajar por sus rieles. Y como anexo el circulo desaf\u00eda recorridos al finalizar la bajada, ya que continua su camino por la mesa&#8230; Bonus: Adem\u00e1s [&hellip;]<\/p>\n","protected":false},"featured_media":27438,"comment_status":"open","ping_status":"closed","template":"","meta":{"site-sidebar-layout":"default","site-content-layout":"default","ast-site-content-layout":"default","site-content-style":"default","site-sidebar-style":"default","ast-global-header-display":"","ast-banner-title-visibility":"","ast-main-header-display":"","ast-hfb-above-header-display":"","ast-hfb-below-header-display":"","ast-hfb-mobile-header-display":"","site-post-title":"","ast-breadcrumbs-content":"","ast-featured-img":"","footer-sml-layout":"","theme-transparent-header-meta":"default","adv-header-id-meta":"","stick-header-meta":"","header-above-stick-meta":"","header-main-stick-meta":"","header-below-stick-meta":"","astra-migrate-meta-layouts":"set","ast-page-background-enabled":"default","ast-page-background-meta":{"desktop":{"background-color":"","background-image":"","background-repeat":"repeat","background-position":"center center","background-size":"auto","background-attachment":"scroll","background-type":"","background-media":"","overlay-type":"","overlay-color":"","overlay-opacity":"","overlay-gradient":""},"tablet":{"background-color":"","background-image":"","background-repeat":"repeat","background-position":"center center","background-size":"auto","background-attachment":"scroll","background-type":"","background-media":"","overlay-type":"","overlay-color":"","overlay-opacity":"","overlay-gradient":""},"mobile":{"background-color":"","background-image":"","background-repeat":"repeat","background-position":"center center","background-size":"auto","background-attachment":"scroll","background-type":"","background-media":"","overlay-type":"","overlay-color":"","overlay-opacity":"","overlay-gradient":""}},"ast-content-background-meta":{"desktop":{"background-color":"var(--ast-global-color-5)","background-image":"","background-repeat":"repeat","background-position":"center center","background-size":"auto","background-attachment":"scroll","background-type":"","background-media":"","overlay-type":"","overlay-color":"","overlay-opacity":"","overlay-gradient":""},"tablet":{"background-color":"var(--ast-global-color-5)","background-image":"","background-repeat":"repeat","background-position":"center center","background-size":"auto","background-attachment":"scroll","background-type":"","background-media":"","overlay-type":"","overlay-color":"","overlay-opacity":"","overlay-gradient":""},"mobile":{"background-color":"var(--ast-global-color-5)","background-image":"","background-repeat":"repeat","background-position":"center center","background-size":"auto","background-attachment":"scroll","background-type":"","background-media":"","overlay-type":"","overlay-color":"","overlay-opacity":"","overlay-gradient":""}},"spay_email":""},"product_cat":[161,163,164,165,166,93],"product_tag":[],"_links":{"self":[{"href":"https:\/\/jugueterialudico.com.ar\/index.php?rest_route=\/wp\/v2\/product\/22695"}],"collection":[{"href":"https:\/\/jugueterialudico.com.ar\/index.php?rest_route=\/wp\/v2\/product"}],"about":[{"href":"https:\/\/jugueterialudico.com.ar\/index.php?rest_route=\/wp\/v2\/types\/product"}],"replies":[{"embeddable":true,"href":"https:\/\/jugueterialudico.com.ar\/index.php?rest_route=%2Fwp%2Fv2%2Fcomments&post=22695"}],"wp:featuredmedia":[{"embeddable":true,"href":"https:\/\/jugueterialudico.com.ar\/index.php?rest_route=\/wp\/v2\/media\/27438"}],"wp:attachment":[{"href":"https:\/\/jugueterialudico.com.ar\/index.php?rest_route=%2Fwp%2Fv2%2Fmedia&parent=22695"}],"wp:term":[{"taxonomy":"product_cat","embeddable":true,"href":"https:\/\/jugueterialudico.com.ar\/index.php?rest_route=%2Fwp%2Fv2%2Fproduct_cat&post=22695"},{"taxonomy":"product_tag","embeddable":true,"href":"https:\/\/jugueterialudico.com.ar\/index.php?rest_route=%2Fwp%2Fv2%2Fproduct_tag&post=22695"}],"curies":[{"name":"wp","href":"https:\/\/api.w.org\/{rel}","templated":true}]}}