{"id":22733,"date":"2023-01-30T12:50:34","date_gmt":"2023-01-30T15:50:34","guid":{"rendered":"https:\/\/jugueterialudico.com.ar\/?post_type=product&#038;p=22733"},"modified":"2025-06-03T10:53:52","modified_gmt":"2025-06-03T13:53:52","slug":"tren-2-vagones-129","status":"publish","type":"product","link":"https:\/\/jugueterialudico.com.ar\/?product=tren-2-vagones-129","title":{"rendered":"TREN 2 VAGONES -129"},"content":{"rendered":"<p><strong>EDAD RECOMENDADA<\/strong><br \/>\nEl tren armable es un juego sugerido para ni\u00f1os de 2 y 5 a\u00f1os.<br \/>\n<strong>C\u00d3MO SE JUEGA<\/strong><br \/>\nJuguete did\u00e1ctico artesanal de madera para encastrar cuyo objetivo es encajar las figuras geom\u00e9tricas de distintos colores y tama\u00f1os en sus correspondientes lugares, dando como resultando un tren de carga personalizado. El mismo tambi\u00e9n se puede arrastrar por los peque\u00f1os gracias a un hilo que conecta desde la parte delantera.<\/p>\n<p>Esta versi\u00f3n contiene una locomotora y dos vagones con ruedas, adem\u00e1s de otros nueve bloques encastrables para sacar y poner piezas a gusto.<\/p>\n<p><strong>BENEFICIOS<\/strong><br \/>\nEntre los beneficios del tren de madera encontramos el desarrollo de la motricidad fina, gruesa, la identificaci\u00f3n de colores y el reconocimiento de formas geom\u00e9tricas. Al jugarse mediante el arrastre y empuje, estimula tambi\u00e9n el caminar.<\/p>\n","protected":false},"excerpt":{"rendered":"<p>EDAD RECOMENDADA El tren armable es un juego sugerido para ni\u00f1os de 2 y 5 a\u00f1os. C\u00d3MO SE JUEGA Juguete did\u00e1ctico artesanal de madera para encastrar cuyo objetivo es encajar las figuras geom\u00e9tricas de distintos colores y tama\u00f1os en sus correspondientes lugares, dando como resultando un tren de carga personalizado. El mismo tambi\u00e9n se puede [&hellip;]<\/p>\n","protected":false},"featured_media":22735,"comment_status":"open","ping_status":"closed","template":"","meta":{"site-sidebar-layout":"default","site-content-layout":"default","ast-site-content-layout":"","site-content-style":"default","site-sidebar-style":"default","ast-global-header-display":"","ast-banner-title-visibility":"","ast-main-header-display":"","ast-hfb-above-header-display":"","ast-hfb-below-header-display":"","ast-hfb-mobile-header-display":"","site-post-title":"","ast-breadcrumbs-content":"","ast-featured-img":"","footer-sml-layout":"","theme-transparent-header-meta":"default","adv-header-id-meta":"","stick-header-meta":"","header-above-stick-meta":"","header-main-stick-meta":"","header-below-stick-meta":"","astra-migrate-meta-layouts":"default","ast-page-background-enabled":"default","ast-page-background-meta":{"desktop":{"background-color":"","background-image":"","background-repeat":"repeat","background-position":"center center","background-size":"auto","background-attachment":"scroll","background-type":"","background-media":"","overlay-type":"","overlay-color":"","overlay-opacity":"","overlay-gradient":""},"tablet":{"background-color":"","background-image":"","background-repeat":"repeat","background-position":"center center","background-size":"auto","background-attachment":"scroll","background-type":"","background-media":"","overlay-type":"","overlay-color":"","overlay-opacity":"","overlay-gradient":""},"mobile":{"background-color":"","background-image":"","background-repeat":"repeat","background-position":"center center","background-size":"auto","background-attachment":"scroll","background-type":"","background-media":"","overlay-type":"","overlay-color":"","overlay-opacity":"","overlay-gradient":""}},"ast-content-background-meta":{"desktop":{"background-color":"var(--ast-global-color-5)","background-image":"","background-repeat":"repeat","background-position":"center center","background-size":"auto","background-attachment":"scroll","background-type":"","background-media":"","overlay-type":"","overlay-color":"","overlay-opacity":"","overlay-gradient":""},"tablet":{"background-color":"var(--ast-global-color-5)","background-image":"","background-repeat":"repeat","background-position":"center center","background-size":"auto","background-attachment":"scroll","background-type":"","background-media":"","overlay-type":"","overlay-color":"","overlay-opacity":"","overlay-gradient":""},"mobile":{"background-color":"var(--ast-global-color-5)","background-image":"","background-repeat":"repeat","background-position":"center center","background-size":"auto","background-attachment":"scroll","background-type":"","background-media":"","overlay-type":"","overlay-color":"","overlay-opacity":"","overlay-gradient":""}},"spay_email":""},"product_cat":[163,164,165,190,93],"product_tag":[],"_links":{"self":[{"href":"https:\/\/jugueterialudico.com.ar\/index.php?rest_route=\/wp\/v2\/product\/22733"}],"collection":[{"href":"https:\/\/jugueterialudico.com.ar\/index.php?rest_route=\/wp\/v2\/product"}],"about":[{"href":"https:\/\/jugueterialudico.com.ar\/index.php?rest_route=\/wp\/v2\/types\/product"}],"replies":[{"embeddable":true,"href":"https:\/\/jugueterialudico.com.ar\/index.php?rest_route=%2Fwp%2Fv2%2Fcomments&post=22733"}],"wp:featuredmedia":[{"embeddable":true,"href":"https:\/\/jugueterialudico.com.ar\/index.php?rest_route=\/wp\/v2\/media\/22735"}],"wp:attachment":[{"href":"https:\/\/jugueterialudico.com.ar\/index.php?rest_route=%2Fwp%2Fv2%2Fmedia&parent=22733"}],"wp:term":[{"taxonomy":"product_cat","embeddable":true,"href":"https:\/\/jugueterialudico.com.ar\/index.php?rest_route=%2Fwp%2Fv2%2Fproduct_cat&post=22733"},{"taxonomy":"product_tag","embeddable":true,"href":"https:\/\/jugueterialudico.com.ar\/index.php?rest_route=%2Fwp%2Fv2%2Fproduct_tag&post=22733"}],"curies":[{"name":"wp","href":"https:\/\/api.w.org\/{rel}","templated":true}]}}