{"id":22885,"date":"2023-02-09T10:58:43","date_gmt":"2023-02-09T13:58:43","guid":{"rendered":"https:\/\/jugueterialudico.com.ar\/?post_type=product&#038;p=22885"},"modified":"2026-04-06T16:46:40","modified_gmt":"2026-04-06T19:46:40","slug":"22885","status":"publish","type":"product","link":"https:\/\/jugueterialudico.com.ar\/?product=22885","title":{"rendered":"ENCONTRA2 FUTBOL ARGENTINO &#8211; 0100"},"content":{"rendered":"<p>ENCONTRA2 DE F\u00daTBOL EUROPEO Y ARGENTINO<\/p>\n<p>Desaf\u00eda tu memoria jugando entre amigos o en familia, con este genial juego de memoria para todas las edades!<\/p>\n<p>\u202215 clubes, 30 fichas impresas a todo color con laminado brillante sobre base de madera<\/p>\n<p>Encontr\u00e1los en sus dos versiones:<\/p>\n<p>F\u00daTBOL EUROPEO<\/p>\n<ul>\n<li>\n<h3>-Barcelona<\/h3>\n<\/li>\n<li>\n<h3>-Real Madrid<\/h3>\n<\/li>\n<li>\n<h3>-Atl\u00e9tico Madrid<\/h3>\n<\/li>\n<li>\n<h3>-Manchester City<\/h3>\n<\/li>\n<li>\n<h3>-Manchester United<\/h3>\n<\/li>\n<li>\n<h3>-Liverpool<\/h3>\n<\/li>\n<li>\n<h3>-Juventus<\/h3>\n<\/li>\n<li>\n<h3>-Milan<\/h3>\n<\/li>\n<li>\n<h3>-Inter<\/h3>\n<\/li>\n<li>\n<h3>-Bayern M\u00fanich<\/h3>\n<\/li>\n<li>\n<h3>-Borussia Dortmund<\/h3>\n<\/li>\n<li>\n<h3>-PSG<\/h3>\n<\/li>\n<li>\n<h3>-Porto<\/h3>\n<\/li>\n<li>\n<h3>-Benfica<\/h3>\n<\/li>\n<li>\n<h3>-Ajax<\/h3>\n<\/li>\n<\/ul>\n<p>F\u00daTBOL ARGENTINO<\/p>\n<ul>\n<li>\n<h3>-Independiente<\/h3>\n<\/li>\n<li>\n<h3>-Boca Jr.<\/h3>\n<\/li>\n<li>\n<h3>-River Plate<\/h3>\n<\/li>\n<li>\n<h3>-Racing<\/h3>\n<\/li>\n<li>\n<h3>-Estudiantes de La Plata<\/h3>\n<\/li>\n<li>\n<h3>-Gimnasia y Esgrima<\/h3>\n<\/li>\n<li>\n<h3>-Lan\u00fas<\/h3>\n<\/li>\n<li>\n<h3>-Banfield<\/h3>\n<\/li>\n<li>\n<h3>-Belgrano de C\u00f3rdoba<\/h3>\n<\/li>\n<li>\n<h3>-Talleres de C\u00f3rdoba<\/h3>\n<\/li>\n<li>\n<h3>-Hurac\u00e1n<\/h3>\n<\/li>\n<li>\n<h3>-San Lorenzo<\/h3>\n<\/li>\n<li>\n<h3>-Rosario Central<\/h3>\n<\/li>\n<li>\n<h3>-Newell\u2019s<\/h3>\n<\/li>\n<li>\n<h3>-V\u00e9lez<\/h3>\n<\/li>\n<\/ul>\n","protected":false},"excerpt":{"rendered":"<p>ENCONTRA2 DE F\u00daTBOL EUROPEO Y ARGENTINO Desaf\u00eda tu memoria jugando entre amigos o en familia, con este genial juego de memoria para todas las edades! \u202215 clubes, 30 fichas impresas a todo color con laminado brillante sobre base de madera Encontr\u00e1los en sus dos versiones: F\u00daTBOL EUROPEO -Barcelona -Real Madrid -Atl\u00e9tico Madrid -Manchester City -Manchester [&hellip;]<\/p>\n","protected":false},"featured_media":23368,"comment_status":"open","ping_status":"closed","template":"","meta":{"site-sidebar-layout":"default","site-content-layout":"default","ast-site-content-layout":"","site-content-style":"default","site-sidebar-style":"default","ast-global-header-display":"","ast-banner-title-visibility":"","ast-main-header-display":"","ast-hfb-above-header-display":"","ast-hfb-below-header-display":"","ast-hfb-mobile-header-display":"","site-post-title":"","ast-breadcrumbs-content":"","ast-featured-img":"","footer-sml-layout":"","theme-transparent-header-meta":"default","adv-header-id-meta":"","stick-header-meta":"","header-above-stick-meta":"","header-main-stick-meta":"","header-below-stick-meta":"","astra-migrate-meta-layouts":"default","ast-page-background-enabled":"default","ast-page-background-meta":{"desktop":{"background-color":"","background-image":"","background-repeat":"repeat","background-position":"center center","background-size":"auto","background-attachment":"scroll","background-type":"","background-media":"","overlay-type":"","overlay-color":"","overlay-opacity":"","overlay-gradient":""},"tablet":{"background-color":"","background-image":"","background-repeat":"repeat","background-position":"center center","background-size":"auto","background-attachment":"scroll","background-type":"","background-media":"","overlay-type":"","overlay-color":"","overlay-opacity":"","overlay-gradient":""},"mobile":{"background-color":"","background-image":"","background-repeat":"repeat","background-position":"center center","background-size":"auto","background-attachment":"scroll","background-type":"","background-media":"","overlay-type":"","overlay-color":"","overlay-opacity":"","overlay-gradient":""}},"ast-content-background-meta":{"desktop":{"background-color":"var(--ast-global-color-5)","background-image":"","background-repeat":"repeat","background-position":"center center","background-size":"auto","background-attachment":"scroll","background-type":"","background-media":"","overlay-type":"","overlay-color":"","overlay-opacity":"","overlay-gradient":""},"tablet":{"background-color":"var(--ast-global-color-5)","background-image":"","background-repeat":"repeat","background-position":"center center","background-size":"auto","background-attachment":"scroll","background-type":"","background-media":"","overlay-type":"","overlay-color":"","overlay-opacity":"","overlay-gradient":""},"mobile":{"background-color":"var(--ast-global-color-5)","background-image":"","background-repeat":"repeat","background-position":"center center","background-size":"auto","background-attachment":"scroll","background-type":"","background-media":"","overlay-type":"","overlay-color":"","overlay-opacity":"","overlay-gradient":""}},"spay_email":""},"product_cat":[168,164,165,166,93,74],"product_tag":[],"_links":{"self":[{"href":"https:\/\/jugueterialudico.com.ar\/index.php?rest_route=\/wp\/v2\/product\/22885"}],"collection":[{"href":"https:\/\/jugueterialudico.com.ar\/index.php?rest_route=\/wp\/v2\/product"}],"about":[{"href":"https:\/\/jugueterialudico.com.ar\/index.php?rest_route=\/wp\/v2\/types\/product"}],"replies":[{"embeddable":true,"href":"https:\/\/jugueterialudico.com.ar\/index.php?rest_route=%2Fwp%2Fv2%2Fcomments&post=22885"}],"wp:featuredmedia":[{"embeddable":true,"href":"https:\/\/jugueterialudico.com.ar\/index.php?rest_route=\/wp\/v2\/media\/23368"}],"wp:attachment":[{"href":"https:\/\/jugueterialudico.com.ar\/index.php?rest_route=%2Fwp%2Fv2%2Fmedia&parent=22885"}],"wp:term":[{"taxonomy":"product_cat","embeddable":true,"href":"https:\/\/jugueterialudico.com.ar\/index.php?rest_route=%2Fwp%2Fv2%2Fproduct_cat&post=22885"},{"taxonomy":"product_tag","embeddable":true,"href":"https:\/\/jugueterialudico.com.ar\/index.php?rest_route=%2Fwp%2Fv2%2Fproduct_tag&post=22885"}],"curies":[{"name":"wp","href":"https:\/\/api.w.org\/{rel}","templated":true}]}}