{"id":22991,"date":"2023-02-24T16:21:52","date_gmt":"2023-02-24T19:21:52","guid":{"rendered":"https:\/\/jugueterialudico.com.ar\/?post_type=product&#038;p=22991"},"modified":"2025-09-01T11:02:47","modified_gmt":"2025-09-01T14:02:47","slug":"estacion-de-servicio-007","status":"publish","type":"product","link":"https:\/\/jugueterialudico.com.ar\/?product=estacion-de-servicio-007","title":{"rendered":"ESTACION DE SERVICIO &#8211; 007"},"content":{"rendered":"<h2>Estaci\u00f3n de servicio de mis calles<\/h2>\n<p>&nbsp;<\/p>\n<p>Para anexar al juego de \u00abMis Calles\u00bb. Esta estaci\u00f3n es complet\u00edsima y est\u00e1 dise\u00f1ada para armarse f\u00e1cilmente.<\/p>\n<p>INCLUYE<br \/>\n&#8211; \u00c1rea de Servicios<br \/>\n&#8211; Lavadero<br \/>\n&#8211; Carga El\u00e9ctrica<br \/>\n&#8211; Shop<br \/>\n&#8211; Estacionamiento<br \/>\n&#8211; Taller Mec\u00e1nico<br \/>\n&#8211; Carga Nafta y Biodiesel<\/p>\n<p>-Total 37 piezas de madera encastrables.<\/p>\n<p>*No incluye los autos, los mismos son de car\u00e1cter ilustrativo.<\/p>\n<p>ESTE JUEGO SE PUEDE AGRANDAR ILIMITADAMENTE, ADQUIRIENDO KITS DE EXTENSIONES, PUENTES Y CASITAS.<\/p>\n<p>Edad recomendada: +3 a\u00f1os<\/p>\n","protected":false},"excerpt":{"rendered":"<p>Estaci\u00f3n de servicio de mis calles &nbsp; Para anexar al juego de \u00abMis Calles\u00bb. Esta estaci\u00f3n es complet\u00edsima y est\u00e1 dise\u00f1ada para armarse f\u00e1cilmente. INCLUYE &#8211; \u00c1rea de Servicios &#8211; Lavadero &#8211; Carga El\u00e9ctrica &#8211; Shop &#8211; Estacionamiento &#8211; Taller Mec\u00e1nico &#8211; Carga Nafta y Biodiesel -Total 37 piezas de madera encastrables. *No incluye los [&hellip;]<\/p>\n","protected":false},"featured_media":22998,"comment_status":"open","ping_status":"closed","template":"","meta":{"site-sidebar-layout":"default","site-content-layout":"default","ast-site-content-layout":"","site-content-style":"default","site-sidebar-style":"default","ast-global-header-display":"","ast-banner-title-visibility":"","ast-main-header-display":"","ast-hfb-above-header-display":"","ast-hfb-below-header-display":"","ast-hfb-mobile-header-display":"","site-post-title":"","ast-breadcrumbs-content":"","ast-featured-img":"","footer-sml-layout":"","theme-transparent-header-meta":"default","adv-header-id-meta":"","stick-header-meta":"","header-above-stick-meta":"","header-main-stick-meta":"","header-below-stick-meta":"","astra-migrate-meta-layouts":"default","ast-page-background-enabled":"default","ast-page-background-meta":{"desktop":{"background-color":"","background-image":"","background-repeat":"repeat","background-position":"center center","background-size":"auto","background-attachment":"scroll","background-type":"","background-media":"","overlay-type":"","overlay-color":"","overlay-opacity":"","overlay-gradient":""},"tablet":{"background-color":"","background-image":"","background-repeat":"repeat","background-position":"center center","background-size":"auto","background-attachment":"scroll","background-type":"","background-media":"","overlay-type":"","overlay-color":"","overlay-opacity":"","overlay-gradient":""},"mobile":{"background-color":"","background-image":"","background-repeat":"repeat","background-position":"center center","background-size":"auto","background-attachment":"scroll","background-type":"","background-media":"","overlay-type":"","overlay-color":"","overlay-opacity":"","overlay-gradient":""}},"ast-content-background-meta":{"desktop":{"background-color":"var(--ast-global-color-5)","background-image":"","background-repeat":"repeat","background-position":"center center","background-size":"auto","background-attachment":"scroll","background-type":"","background-media":"","overlay-type":"","overlay-color":"","overlay-opacity":"","overlay-gradient":""},"tablet":{"background-color":"var(--ast-global-color-5)","background-image":"","background-repeat":"repeat","background-position":"center center","background-size":"auto","background-attachment":"scroll","background-type":"","background-media":"","overlay-type":"","overlay-color":"","overlay-opacity":"","overlay-gradient":""},"mobile":{"background-color":"var(--ast-global-color-5)","background-image":"","background-repeat":"repeat","background-position":"center center","background-size":"auto","background-attachment":"scroll","background-type":"","background-media":"","overlay-type":"","overlay-color":"","overlay-opacity":"","overlay-gradient":""}},"spay_email":""},"product_cat":[164,165,166,167,188,77],"product_tag":[],"_links":{"self":[{"href":"https:\/\/jugueterialudico.com.ar\/index.php?rest_route=\/wp\/v2\/product\/22991"}],"collection":[{"href":"https:\/\/jugueterialudico.com.ar\/index.php?rest_route=\/wp\/v2\/product"}],"about":[{"href":"https:\/\/jugueterialudico.com.ar\/index.php?rest_route=\/wp\/v2\/types\/product"}],"replies":[{"embeddable":true,"href":"https:\/\/jugueterialudico.com.ar\/index.php?rest_route=%2Fwp%2Fv2%2Fcomments&post=22991"}],"wp:featuredmedia":[{"embeddable":true,"href":"https:\/\/jugueterialudico.com.ar\/index.php?rest_route=\/wp\/v2\/media\/22998"}],"wp:attachment":[{"href":"https:\/\/jugueterialudico.com.ar\/index.php?rest_route=%2Fwp%2Fv2%2Fmedia&parent=22991"}],"wp:term":[{"taxonomy":"product_cat","embeddable":true,"href":"https:\/\/jugueterialudico.com.ar\/index.php?rest_route=%2Fwp%2Fv2%2Fproduct_cat&post=22991"},{"taxonomy":"product_tag","embeddable":true,"href":"https:\/\/jugueterialudico.com.ar\/index.php?rest_route=%2Fwp%2Fv2%2Fproduct_tag&post=22991"}],"curies":[{"name":"wp","href":"https:\/\/api.w.org\/{rel}","templated":true}]}}