{"id":23039,"date":"2023-03-04T18:42:31","date_gmt":"2023-03-04T21:42:31","guid":{"rendered":"https:\/\/jugueterialudico.com.ar\/?post_type=product&#038;p=23039"},"modified":"2024-02-23T17:35:36","modified_gmt":"2024-02-23T20:35:36","slug":"pack-de-laminas-p-pintar-172","status":"publish","type":"product","link":"https:\/\/jugueterialudico.com.ar\/?product=pack-de-laminas-p-pintar-172","title":{"rendered":"PACK DE LAMINAS P\/PINTAR &#8211; 172"},"content":{"rendered":"<h2>Pack de laminas tem\u00e1ticas individuales<\/h2>\n<p><strong>Colecci\u00f3n en formato de l\u00e1minas individuales para pintar.<\/strong><br \/>\n4 l\u00e1minas diferentes dentro de una peque\u00f1a cajita con ventana transparente.<\/p>\n<p>Modelos disponibles:<\/p>\n<ul>\n<li>&#8216;<strong><em>Historias Ilustradas&#8217;: <\/em><\/strong>Vienen 4 al azar entre:\u00a0<strong>Pintando a Mar\u00eda Elena Walsh<\/strong>,\u00a0<strong>Juguemos en el mundo<\/strong>,\u00a0<strong>El parque del benteveo amarillo<\/strong>,\u00a0<strong>Emperadores del fuego<\/strong>,\u00a0<strong>Hay kermesse en mi plaza<\/strong>\u00a0y\u00a0<strong>Alicia en el pa\u00eds de las maravillas<\/strong>.<\/li>\n<li style=\"font-size: 16px;\"><em><strong>&#8216;Ciudades Ilustradas&#8217;: &#8216;<\/strong><\/em><strong style=\"font-size: 16px;\"><em>Buenos<\/em> Aires<\/strong>&#8216;, &#8216;<strong style=\"font-size: 16px;\">Comodoro Rivadavia<\/strong>&#8216; &#8216;<strong style=\"font-size: 16px;\">Rosario<\/strong>&#8216; y &#8216;<strong style=\"font-size: 16px;\">Chacabuco<\/strong>&#8216;.<\/li>\n<li><strong>&#8216;<em>Abstractas<\/em>&#8216;: <\/strong><strong style=\"font-size: 16px;\">Flower Power<\/strong><span style=\"font-size: 16px;\">,\u00a0<\/span><strong style=\"font-size: 16px;\">Doodles<\/strong><span style=\"font-size: 16px;\">,\u00a0<\/span><strong style=\"font-size: 16px;\">Geom\u00e9tricos<\/strong><span style=\"font-size: 16px;\">, y\u00a0<\/span><strong style=\"font-size: 16px;\">Zentangle<\/strong><\/li>\n<\/ul>\n<p>&nbsp;<\/p>\n<div><\/div>\n<div>L\u00e1minas de 59 x 20 cm, impresas con tinta negra sobre papel obra de primer\u00edsima calidad, en 120 gramos (el mismo papel que las gigantes).<\/div>\n<div>Se pueden pintar con l\u00e1pices, fibras, fibras acuarelables, \u00a1con lo que quieras!<\/div>\n<p>&nbsp;<\/p>\n","protected":false},"excerpt":{"rendered":"<p>Pack de laminas tem\u00e1ticas individuales Colecci\u00f3n en formato de l\u00e1minas individuales para pintar. 4 l\u00e1minas diferentes dentro de una peque\u00f1a cajita con ventana transparente. Modelos disponibles: &#8216;Historias Ilustradas&#8217;: Vienen 4 al azar entre:\u00a0Pintando a Mar\u00eda Elena Walsh,\u00a0Juguemos en el mundo,\u00a0El parque del benteveo amarillo,\u00a0Emperadores del fuego,\u00a0Hay kermesse en mi plaza\u00a0y\u00a0Alicia en el pa\u00eds de las [&hellip;]<\/p>\n","protected":false},"featured_media":23042,"comment_status":"open","ping_status":"closed","template":"","meta":{"site-sidebar-layout":"default","site-content-layout":"default","ast-site-content-layout":"","site-content-style":"default","site-sidebar-style":"default","ast-global-header-display":"","ast-banner-title-visibility":"","ast-main-header-display":"","ast-hfb-above-header-display":"","ast-hfb-below-header-display":"","ast-hfb-mobile-header-display":"","site-post-title":"","ast-breadcrumbs-content":"","ast-featured-img":"","footer-sml-layout":"","theme-transparent-header-meta":"default","adv-header-id-meta":"","stick-header-meta":"","header-above-stick-meta":"","header-main-stick-meta":"","header-below-stick-meta":"","astra-migrate-meta-layouts":"default","ast-page-background-enabled":"default","ast-page-background-meta":{"desktop":{"background-color":"","background-image":"","background-repeat":"repeat","background-position":"center center","background-size":"auto","background-attachment":"scroll","background-type":"","background-media":"","overlay-type":"","overlay-color":"","overlay-opacity":"","overlay-gradient":""},"tablet":{"background-color":"","background-image":"","background-repeat":"repeat","background-position":"center center","background-size":"auto","background-attachment":"scroll","background-type":"","background-media":"","overlay-type":"","overlay-color":"","overlay-opacity":"","overlay-gradient":""},"mobile":{"background-color":"","background-image":"","background-repeat":"repeat","background-position":"center center","background-size":"auto","background-attachment":"scroll","background-type":"","background-media":"","overlay-type":"","overlay-color":"","overlay-opacity":"","overlay-gradient":""}},"ast-content-background-meta":{"desktop":{"background-color":"var(--ast-global-color-5)","background-image":"","background-repeat":"repeat","background-position":"center center","background-size":"auto","background-attachment":"scroll","background-type":"","background-media":"","overlay-type":"","overlay-color":"","overlay-opacity":"","overlay-gradient":""},"tablet":{"background-color":"var(--ast-global-color-5)","background-image":"","background-repeat":"repeat","background-position":"center center","background-size":"auto","background-attachment":"scroll","background-type":"","background-media":"","overlay-type":"","overlay-color":"","overlay-opacity":"","overlay-gradient":""},"mobile":{"background-color":"var(--ast-global-color-5)","background-image":"","background-repeat":"repeat","background-position":"center center","background-size":"auto","background-attachment":"scroll","background-type":"","background-media":"","overlay-type":"","overlay-color":"","overlay-opacity":"","overlay-gradient":""}},"spay_email":""},"product_cat":[168,164,165,166,167,196],"product_tag":[],"_links":{"self":[{"href":"https:\/\/jugueterialudico.com.ar\/index.php?rest_route=\/wp\/v2\/product\/23039"}],"collection":[{"href":"https:\/\/jugueterialudico.com.ar\/index.php?rest_route=\/wp\/v2\/product"}],"about":[{"href":"https:\/\/jugueterialudico.com.ar\/index.php?rest_route=\/wp\/v2\/types\/product"}],"replies":[{"embeddable":true,"href":"https:\/\/jugueterialudico.com.ar\/index.php?rest_route=%2Fwp%2Fv2%2Fcomments&post=23039"}],"wp:featuredmedia":[{"embeddable":true,"href":"https:\/\/jugueterialudico.com.ar\/index.php?rest_route=\/wp\/v2\/media\/23042"}],"wp:attachment":[{"href":"https:\/\/jugueterialudico.com.ar\/index.php?rest_route=%2Fwp%2Fv2%2Fmedia&parent=23039"}],"wp:term":[{"taxonomy":"product_cat","embeddable":true,"href":"https:\/\/jugueterialudico.com.ar\/index.php?rest_route=%2Fwp%2Fv2%2Fproduct_cat&post=23039"},{"taxonomy":"product_tag","embeddable":true,"href":"https:\/\/jugueterialudico.com.ar\/index.php?rest_route=%2Fwp%2Fv2%2Fproduct_tag&post=23039"}],"curies":[{"name":"wp","href":"https:\/\/api.w.org\/{rel}","templated":true}]}}