{"id":23066,"date":"2023-03-22T11:21:47","date_gmt":"2023-03-22T14:21:47","guid":{"rendered":"https:\/\/jugueterialudico.com.ar\/?post_type=product&#038;p=23066"},"modified":"2026-02-18T16:21:29","modified_gmt":"2026-02-18T19:21:29","slug":"pim-pam-pum-129","status":"publish","type":"product","link":"https:\/\/jugueterialudico.com.ar\/?product=pim-pam-pum-129","title":{"rendered":"PIM PAM PUM -035"},"content":{"rendered":"<h4 class=\"text-uppercase margin-top-none\">PIM PAM PUM<\/h4>\n<h5 class=\"margin-bottom-lg subtitle\"><\/h5>\n<p>Un juego para desafiar tu suerte y tu memoria<\/p>\n<p>\u00a1A buscar los monstruos escondidos, pero solo los del color que coincidan con el dado!<\/p>\n<p>El objetivo del juego es juntar la mayor cantidad de cartas, quien obtenga el mayor n\u00famero, ser\u00e1 el ganador.<\/p>\n<p>Cada uno en su turno, deber\u00e1 tirar el dado y seg\u00fan el color que sale, es el monstruo indicado para buscar en la grilla de cartas.<\/p>\n<p>Se da vuelta una carta, si contiene un monstruo del color del dado, puede llevarse la carta y terminar el turno, o puede elegir seguir el juego y dar vuelta otra carta, siempre que contenga el monstruo, se puede seguir, pero a no forzar mucho la suerte, que puede fallar y si das vuelta un monstruo de otro color, no te llevar\u00e1s nada y todas las cartas se vuelven a dar vuelta. A usar la memoria y recordar donde est\u00e1 cada mosntruo, as\u00ed en tu turno te llev\u00e1s mas cartas!<\/p>\n<p>Las cartas de la grilla se van rellenando hasta no quedar ninguna.<\/p>\n<p>Se juegan 3 rondas y gana quien mas cartas tiene.<\/p>\n<p>Si hay un empate, se cuentan los monstruos por carta y se desempata.<\/p>\n<p>Edad: 5 a 99 a\u00f1os<\/p>\n<p>Jugadores: 2 a 5 jugadores<\/p>\n<p>Tiempo: 15 minutos<\/p>\n","protected":false},"excerpt":{"rendered":"<p>PIM PAM PUM Un juego para desafiar tu suerte y tu memoria \u00a1A buscar los monstruos escondidos, pero solo los del color que coincidan con el dado! El objetivo del juego es juntar la mayor cantidad de cartas, quien obtenga el mayor n\u00famero, ser\u00e1 el ganador. Cada uno en su turno, deber\u00e1 tirar el dado [&hellip;]<\/p>\n","protected":false},"featured_media":23067,"comment_status":"open","ping_status":"closed","template":"","meta":{"site-sidebar-layout":"default","site-content-layout":"default","ast-site-content-layout":"","site-content-style":"default","site-sidebar-style":"default","ast-global-header-display":"","ast-banner-title-visibility":"","ast-main-header-display":"","ast-hfb-above-header-display":"","ast-hfb-below-header-display":"","ast-hfb-mobile-header-display":"","site-post-title":"","ast-breadcrumbs-content":"","ast-featured-img":"","footer-sml-layout":"","theme-transparent-header-meta":"default","adv-header-id-meta":"","stick-header-meta":"","header-above-stick-meta":"","header-main-stick-meta":"","header-below-stick-meta":"","astra-migrate-meta-layouts":"default","ast-page-background-enabled":"default","ast-page-background-meta":{"desktop":{"background-color":"","background-image":"","background-repeat":"repeat","background-position":"center center","background-size":"auto","background-attachment":"scroll","background-type":"","background-media":"","overlay-type":"","overlay-color":"","overlay-opacity":"","overlay-gradient":""},"tablet":{"background-color":"","background-image":"","background-repeat":"repeat","background-position":"center center","background-size":"auto","background-attachment":"scroll","background-type":"","background-media":"","overlay-type":"","overlay-color":"","overlay-opacity":"","overlay-gradient":""},"mobile":{"background-color":"","background-image":"","background-repeat":"repeat","background-position":"center center","background-size":"auto","background-attachment":"scroll","background-type":"","background-media":"","overlay-type":"","overlay-color":"","overlay-opacity":"","overlay-gradient":""}},"ast-content-background-meta":{"desktop":{"background-color":"var(--ast-global-color-5)","background-image":"","background-repeat":"repeat","background-position":"center center","background-size":"auto","background-attachment":"scroll","background-type":"","background-media":"","overlay-type":"","overlay-color":"","overlay-opacity":"","overlay-gradient":""},"tablet":{"background-color":"var(--ast-global-color-5)","background-image":"","background-repeat":"repeat","background-position":"center center","background-size":"auto","background-attachment":"scroll","background-type":"","background-media":"","overlay-type":"","overlay-color":"","overlay-opacity":"","overlay-gradient":""},"mobile":{"background-color":"var(--ast-global-color-5)","background-image":"","background-repeat":"repeat","background-position":"center center","background-size":"auto","background-attachment":"scroll","background-type":"","background-media":"","overlay-type":"","overlay-color":"","overlay-opacity":"","overlay-gradient":""}},"spay_email":""},"product_cat":[185,168,166,167,74],"product_tag":[],"_links":{"self":[{"href":"https:\/\/jugueterialudico.com.ar\/index.php?rest_route=\/wp\/v2\/product\/23066"}],"collection":[{"href":"https:\/\/jugueterialudico.com.ar\/index.php?rest_route=\/wp\/v2\/product"}],"about":[{"href":"https:\/\/jugueterialudico.com.ar\/index.php?rest_route=\/wp\/v2\/types\/product"}],"replies":[{"embeddable":true,"href":"https:\/\/jugueterialudico.com.ar\/index.php?rest_route=%2Fwp%2Fv2%2Fcomments&post=23066"}],"wp:featuredmedia":[{"embeddable":true,"href":"https:\/\/jugueterialudico.com.ar\/index.php?rest_route=\/wp\/v2\/media\/23067"}],"wp:attachment":[{"href":"https:\/\/jugueterialudico.com.ar\/index.php?rest_route=%2Fwp%2Fv2%2Fmedia&parent=23066"}],"wp:term":[{"taxonomy":"product_cat","embeddable":true,"href":"https:\/\/jugueterialudico.com.ar\/index.php?rest_route=%2Fwp%2Fv2%2Fproduct_cat&post=23066"},{"taxonomy":"product_tag","embeddable":true,"href":"https:\/\/jugueterialudico.com.ar\/index.php?rest_route=%2Fwp%2Fv2%2Fproduct_tag&post=23066"}],"curies":[{"name":"wp","href":"https:\/\/api.w.org\/{rel}","templated":true}]}}