{"id":23133,"date":"2023-04-04T12:01:22","date_gmt":"2023-04-04T15:01:22","guid":{"rendered":"https:\/\/jugueterialudico.com.ar\/?post_type=product&#038;p=23133"},"modified":"2026-02-28T16:17:54","modified_gmt":"2026-02-28T19:17:54","slug":"libro-de-tela-casita-177","status":"publish","type":"product","link":"https:\/\/jugueterialudico.com.ar\/?product=libro-de-tela-casita-177","title":{"rendered":"LIBRO DE TELA CASITA &#8211; 177"},"content":{"rendered":"<h2 class=\"h2 js-product-name h2-md\" data-store=\"product-name-119247657\">Libro casita &#8211; Un d\u00eda EXTRA especial &#8211; 5 ESCENAS<\/h2>\n<p>&nbsp;<\/p>\n<p><em>\u00bb Osito Nino no sabe bien por qu\u00e9, pero desde que se despert\u00f3 esta ma\u00f1ana esta requete contento, no deja de sonre\u00edr.\u00a0Le encanta que los d\u00edas empiecen as\u00ed, porque su intuici\u00f3n de oso, nunca falla.\u00a0\u00c9l sabe que ser\u00e1 un d\u00eda extra especial&#8230;\u00bb<\/em><\/p>\n<p>Este nuevo maravilloso libro ilustrado por\u00a0<strong>Mariana Otero<\/strong>\u00a0es un homenaje al valioso amor de los abuelos , sumergite en las p\u00e1ginas de un libro did\u00e1ctico &#8211; juguete lleno de cari\u00f1o y de recovecos para repasar las rutinas diarias de quedarnos en casa y la importancia del amor incondicional de los y las abuelitas. Viene en una hermosa caja con forma de casita ilustrada y adem\u00e1s tendr\u00e1s la posibilidad de sumar personajes a esta adorable familia Ninera.<\/p>\n<p>Medidas: Ancho 15 cm y alto 17 cm<\/p>\n<p>&nbsp;<\/p>\n","protected":false},"excerpt":{"rendered":"<p>Libro casita &#8211; Un d\u00eda EXTRA especial &#8211; 5 ESCENAS &nbsp; \u00bb Osito Nino no sabe bien por qu\u00e9, pero desde que se despert\u00f3 esta ma\u00f1ana esta requete contento, no deja de sonre\u00edr.\u00a0Le encanta que los d\u00edas empiecen as\u00ed, porque su intuici\u00f3n de oso, nunca falla.\u00a0\u00c9l sabe que ser\u00e1 un d\u00eda extra especial&#8230;\u00bb Este nuevo [&hellip;]<\/p>\n","protected":false},"featured_media":23134,"comment_status":"open","ping_status":"closed","template":"","meta":{"site-sidebar-layout":"default","site-content-layout":"default","ast-site-content-layout":"","site-content-style":"default","site-sidebar-style":"default","ast-global-header-display":"","ast-banner-title-visibility":"","ast-main-header-display":"","ast-hfb-above-header-display":"","ast-hfb-below-header-display":"","ast-hfb-mobile-header-display":"","site-post-title":"","ast-breadcrumbs-content":"","ast-featured-img":"","footer-sml-layout":"","theme-transparent-header-meta":"default","adv-header-id-meta":"","stick-header-meta":"","header-above-stick-meta":"","header-main-stick-meta":"","header-below-stick-meta":"","astra-migrate-meta-layouts":"default","ast-page-background-enabled":"default","ast-page-background-meta":{"desktop":{"background-color":"","background-image":"","background-repeat":"repeat","background-position":"center center","background-size":"auto","background-attachment":"scroll","background-type":"","background-media":"","overlay-type":"","overlay-color":"","overlay-opacity":"","overlay-gradient":""},"tablet":{"background-color":"","background-image":"","background-repeat":"repeat","background-position":"center center","background-size":"auto","background-attachment":"scroll","background-type":"","background-media":"","overlay-type":"","overlay-color":"","overlay-opacity":"","overlay-gradient":""},"mobile":{"background-color":"","background-image":"","background-repeat":"repeat","background-position":"center center","background-size":"auto","background-attachment":"scroll","background-type":"","background-media":"","overlay-type":"","overlay-color":"","overlay-opacity":"","overlay-gradient":""}},"ast-content-background-meta":{"desktop":{"background-color":"var(--ast-global-color-5)","background-image":"","background-repeat":"repeat","background-position":"center center","background-size":"auto","background-attachment":"scroll","background-type":"","background-media":"","overlay-type":"","overlay-color":"","overlay-opacity":"","overlay-gradient":""},"tablet":{"background-color":"var(--ast-global-color-5)","background-image":"","background-repeat":"repeat","background-position":"center center","background-size":"auto","background-attachment":"scroll","background-type":"","background-media":"","overlay-type":"","overlay-color":"","overlay-opacity":"","overlay-gradient":""},"mobile":{"background-color":"var(--ast-global-color-5)","background-image":"","background-repeat":"repeat","background-position":"center center","background-size":"auto","background-attachment":"scroll","background-type":"","background-media":"","overlay-type":"","overlay-color":"","overlay-opacity":"","overlay-gradient":""}},"spay_email":""},"product_cat":[162,161,163,164,165,166,76,196,145],"product_tag":[],"_links":{"self":[{"href":"https:\/\/jugueterialudico.com.ar\/index.php?rest_route=\/wp\/v2\/product\/23133"}],"collection":[{"href":"https:\/\/jugueterialudico.com.ar\/index.php?rest_route=\/wp\/v2\/product"}],"about":[{"href":"https:\/\/jugueterialudico.com.ar\/index.php?rest_route=\/wp\/v2\/types\/product"}],"replies":[{"embeddable":true,"href":"https:\/\/jugueterialudico.com.ar\/index.php?rest_route=%2Fwp%2Fv2%2Fcomments&post=23133"}],"wp:featuredmedia":[{"embeddable":true,"href":"https:\/\/jugueterialudico.com.ar\/index.php?rest_route=\/wp\/v2\/media\/23134"}],"wp:attachment":[{"href":"https:\/\/jugueterialudico.com.ar\/index.php?rest_route=%2Fwp%2Fv2%2Fmedia&parent=23133"}],"wp:term":[{"taxonomy":"product_cat","embeddable":true,"href":"https:\/\/jugueterialudico.com.ar\/index.php?rest_route=%2Fwp%2Fv2%2Fproduct_cat&post=23133"},{"taxonomy":"product_tag","embeddable":true,"href":"https:\/\/jugueterialudico.com.ar\/index.php?rest_route=%2Fwp%2Fv2%2Fproduct_tag&post=23133"}],"curies":[{"name":"wp","href":"https:\/\/api.w.org\/{rel}","templated":true}]}}