{"id":23235,"date":"2023-05-08T17:48:59","date_gmt":"2023-05-08T20:48:59","guid":{"rendered":"https:\/\/jugueterialudico.com.ar\/?post_type=product&#038;p=23235"},"modified":"2025-12-11T19:19:03","modified_gmt":"2025-12-11T22:19:03","slug":"puzzle-3d-piratas-179","status":"publish","type":"product","link":"https:\/\/jugueterialudico.com.ar\/?product=puzzle-3d-piratas-179","title":{"rendered":"PUZZLE 3D PIRATAS &#8211; 179"},"content":{"rendered":"<h3><em><strong>Puzzle 3D piratas<\/strong><\/em><\/h3>\n<p>&nbsp;<\/p>\n<p><em><strong>\u00a1Tierra a la vista! Pero\u2026 esperen: veo tambi\u00e9n un tesoro\u2026 \u00a1Vamos hacia all\u00e1!<br \/>\nVos pod\u00e9s ser uno de los Piratas del barco y sumarte a la aventura\u2026 \u00a1\u00a1Todos a bordo!!<br \/>\n________________________<\/strong><\/em><\/p>\n<p><em><strong>21 piezas para armar<\/strong>\u00a01 barco\u00a0pirata con m\u00e1stil y tim\u00f3n, 3 piratas, 1 isla, 1 tesoro, 1 cangrejo, 1 palmera, 2 gaviotas + frasquito con adhesivo vin\u00edlico | <strong>Material\u00a0<\/strong>Madera 3 mm de espesor, laminada frente y dorso en papel ilustraci\u00f3n, terminaci\u00f3n en polipropileno mate para mejorar su conservaci\u00f3n.<\/em><\/p>\n","protected":false},"excerpt":{"rendered":"<p>Puzzle 3D piratas &nbsp; \u00a1Tierra a la vista! Pero\u2026 esperen: veo tambi\u00e9n un tesoro\u2026 \u00a1Vamos hacia all\u00e1! Vos pod\u00e9s ser uno de los Piratas del barco y sumarte a la aventura\u2026 \u00a1\u00a1Todos a bordo!! ________________________ 21 piezas para armar\u00a01 barco\u00a0pirata con m\u00e1stil y tim\u00f3n, 3 piratas, 1 isla, 1 tesoro, 1 cangrejo, 1 palmera, 2 [&hellip;]<\/p>\n","protected":false},"featured_media":23242,"comment_status":"open","ping_status":"closed","template":"","meta":{"site-sidebar-layout":"default","site-content-layout":"default","ast-site-content-layout":"","site-content-style":"default","site-sidebar-style":"default","ast-global-header-display":"","ast-banner-title-visibility":"","ast-main-header-display":"","ast-hfb-above-header-display":"","ast-hfb-below-header-display":"","ast-hfb-mobile-header-display":"","site-post-title":"","ast-breadcrumbs-content":"","ast-featured-img":"","footer-sml-layout":"","theme-transparent-header-meta":"default","adv-header-id-meta":"","stick-header-meta":"","header-above-stick-meta":"","header-main-stick-meta":"","header-below-stick-meta":"","astra-migrate-meta-layouts":"default","ast-page-background-enabled":"default","ast-page-background-meta":{"desktop":{"background-color":"","background-image":"","background-repeat":"repeat","background-position":"center center","background-size":"auto","background-attachment":"scroll","background-type":"","background-media":"","overlay-type":"","overlay-color":"","overlay-opacity":"","overlay-gradient":""},"tablet":{"background-color":"","background-image":"","background-repeat":"repeat","background-position":"center center","background-size":"auto","background-attachment":"scroll","background-type":"","background-media":"","overlay-type":"","overlay-color":"","overlay-opacity":"","overlay-gradient":""},"mobile":{"background-color":"","background-image":"","background-repeat":"repeat","background-position":"center center","background-size":"auto","background-attachment":"scroll","background-type":"","background-media":"","overlay-type":"","overlay-color":"","overlay-opacity":"","overlay-gradient":""}},"ast-content-background-meta":{"desktop":{"background-color":"var(--ast-global-color-5)","background-image":"","background-repeat":"repeat","background-position":"center center","background-size":"auto","background-attachment":"scroll","background-type":"","background-media":"","overlay-type":"","overlay-color":"","overlay-opacity":"","overlay-gradient":""},"tablet":{"background-color":"var(--ast-global-color-5)","background-image":"","background-repeat":"repeat","background-position":"center center","background-size":"auto","background-attachment":"scroll","background-type":"","background-media":"","overlay-type":"","overlay-color":"","overlay-opacity":"","overlay-gradient":""},"mobile":{"background-color":"var(--ast-global-color-5)","background-image":"","background-repeat":"repeat","background-position":"center center","background-size":"auto","background-attachment":"scroll","background-type":"","background-media":"","overlay-type":"","overlay-color":"","overlay-opacity":"","overlay-gradient":""}},"spay_email":""},"product_cat":[164,165,166,167,197,188,77,93,72],"product_tag":[],"_links":{"self":[{"href":"https:\/\/jugueterialudico.com.ar\/index.php?rest_route=\/wp\/v2\/product\/23235"}],"collection":[{"href":"https:\/\/jugueterialudico.com.ar\/index.php?rest_route=\/wp\/v2\/product"}],"about":[{"href":"https:\/\/jugueterialudico.com.ar\/index.php?rest_route=\/wp\/v2\/types\/product"}],"replies":[{"embeddable":true,"href":"https:\/\/jugueterialudico.com.ar\/index.php?rest_route=%2Fwp%2Fv2%2Fcomments&post=23235"}],"wp:featuredmedia":[{"embeddable":true,"href":"https:\/\/jugueterialudico.com.ar\/index.php?rest_route=\/wp\/v2\/media\/23242"}],"wp:attachment":[{"href":"https:\/\/jugueterialudico.com.ar\/index.php?rest_route=%2Fwp%2Fv2%2Fmedia&parent=23235"}],"wp:term":[{"taxonomy":"product_cat","embeddable":true,"href":"https:\/\/jugueterialudico.com.ar\/index.php?rest_route=%2Fwp%2Fv2%2Fproduct_cat&post=23235"},{"taxonomy":"product_tag","embeddable":true,"href":"https:\/\/jugueterialudico.com.ar\/index.php?rest_route=%2Fwp%2Fv2%2Fproduct_tag&post=23235"}],"curies":[{"name":"wp","href":"https:\/\/api.w.org\/{rel}","templated":true}]}}