{"id":23764,"date":"2023-10-09T18:27:26","date_gmt":"2023-10-09T21:27:26","guid":{"rendered":"https:\/\/jugueterialudico.com.ar\/?post_type=product&#038;p=23764"},"modified":"2026-02-10T16:55:02","modified_gmt":"2026-02-10T19:55:02","slug":"descubriendo-chubut-061","status":"publish","type":"product","link":"https:\/\/jugueterialudico.com.ar\/?product=descubriendo-chubut-061","title":{"rendered":"DESCUBRIENDO CHUBUT &#8211; 061"},"content":{"rendered":"<p>&nbsp;<\/p>\n<p style=\"font-weight: 400;\">En esta hermosa colecci\u00f3n a trav\u00e9s del juego y la exploraci\u00f3n descubrimos lugares , paisajes, costumbres, comidas , animales aut\u00f3ctonos y muchas aventuras.<\/p>\n<p style=\"font-weight: 400;\">En cada p\u00e1gina una nueva sorpresa nos esta esperando.!<\/p>\n<p style=\"font-weight: 400;\">Te invitamos a ser parte de esta aventura junto con nuestros dos personajes principales , a viajar y so\u00f1ar juntos mientras exploramos y conocemos nuevos lugares a lo largo de toda nuestra argentina\u2026<\/p>\n<p style=\"font-weight: 400;\">Incluye:<\/p>\n<ul>\n<li style=\"font-weight: 400;\">2 personajes principales<\/li>\n<li style=\"font-weight: 400;\">1 Guanaco<\/li>\n<li style=\"font-weight: 400;\">1 Puma<\/li>\n<li style=\"font-weight: 400;\">1 Mara<\/li>\n<li style=\"font-weight: 400;\">1 Ballena Franca Austral<\/li>\n<li style=\"font-weight: 400;\">1 Lobo marino<\/li>\n<li style=\"font-weight: 400;\">1 Ping\u00fcino<\/li>\n<li style=\"font-weight: 400;\">1 Tetera<\/li>\n<li style=\"font-weight: 400;\">1 masitas<\/li>\n<\/ul>\n<p style=\"font-weight: 400;\">Viene en cajita de cart\u00f3n listo para regalo!<\/p>\n<p style=\"font-weight: 400;\">MEDIDAS : 21X23 cm CERRADO &#8211; 42X23 cm ABIERTO<\/p>\n","protected":false},"excerpt":{"rendered":"<p>Libro de tela con personajes para recorrer y descubrir Argentina : edici\u00f3n Chubut<\/p>\n","protected":false},"featured_media":23765,"comment_status":"open","ping_status":"closed","template":"","meta":{"site-sidebar-layout":"default","site-content-layout":"default","ast-site-content-layout":"","site-content-style":"default","site-sidebar-style":"default","ast-global-header-display":"","ast-banner-title-visibility":"","ast-main-header-display":"","ast-hfb-above-header-display":"","ast-hfb-below-header-display":"","ast-hfb-mobile-header-display":"","site-post-title":"","ast-breadcrumbs-content":"","ast-featured-img":"","footer-sml-layout":"","theme-transparent-header-meta":"default","adv-header-id-meta":"","stick-header-meta":"","header-above-stick-meta":"","header-main-stick-meta":"","header-below-stick-meta":"","astra-migrate-meta-layouts":"default","ast-page-background-enabled":"default","ast-page-background-meta":{"desktop":{"background-color":"","background-image":"","background-repeat":"repeat","background-position":"center center","background-size":"auto","background-attachment":"scroll","background-type":"","background-media":"","overlay-type":"","overlay-color":"","overlay-opacity":"","overlay-gradient":""},"tablet":{"background-color":"","background-image":"","background-repeat":"repeat","background-position":"center center","background-size":"auto","background-attachment":"scroll","background-type":"","background-media":"","overlay-type":"","overlay-color":"","overlay-opacity":"","overlay-gradient":""},"mobile":{"background-color":"","background-image":"","background-repeat":"repeat","background-position":"center center","background-size":"auto","background-attachment":"scroll","background-type":"","background-media":"","overlay-type":"","overlay-color":"","overlay-opacity":"","overlay-gradient":""}},"ast-content-background-meta":{"desktop":{"background-color":"var(--ast-global-color-5)","background-image":"","background-repeat":"repeat","background-position":"center center","background-size":"auto","background-attachment":"scroll","background-type":"","background-media":"","overlay-type":"","overlay-color":"","overlay-opacity":"","overlay-gradient":""},"tablet":{"background-color":"var(--ast-global-color-5)","background-image":"","background-repeat":"repeat","background-position":"center center","background-size":"auto","background-attachment":"scroll","background-type":"","background-media":"","overlay-type":"","overlay-color":"","overlay-opacity":"","overlay-gradient":""},"mobile":{"background-color":"var(--ast-global-color-5)","background-image":"","background-repeat":"repeat","background-position":"center center","background-size":"auto","background-attachment":"scroll","background-type":"","background-media":"","overlay-type":"","overlay-color":"","overlay-opacity":"","overlay-gradient":""}},"spay_email":""},"product_cat":[163,164,165,166,146,76,145],"product_tag":[],"_links":{"self":[{"href":"https:\/\/jugueterialudico.com.ar\/index.php?rest_route=\/wp\/v2\/product\/23764"}],"collection":[{"href":"https:\/\/jugueterialudico.com.ar\/index.php?rest_route=\/wp\/v2\/product"}],"about":[{"href":"https:\/\/jugueterialudico.com.ar\/index.php?rest_route=\/wp\/v2\/types\/product"}],"replies":[{"embeddable":true,"href":"https:\/\/jugueterialudico.com.ar\/index.php?rest_route=%2Fwp%2Fv2%2Fcomments&post=23764"}],"wp:featuredmedia":[{"embeddable":true,"href":"https:\/\/jugueterialudico.com.ar\/index.php?rest_route=\/wp\/v2\/media\/23765"}],"wp:attachment":[{"href":"https:\/\/jugueterialudico.com.ar\/index.php?rest_route=%2Fwp%2Fv2%2Fmedia&parent=23764"}],"wp:term":[{"taxonomy":"product_cat","embeddable":true,"href":"https:\/\/jugueterialudico.com.ar\/index.php?rest_route=%2Fwp%2Fv2%2Fproduct_cat&post=23764"},{"taxonomy":"product_tag","embeddable":true,"href":"https:\/\/jugueterialudico.com.ar\/index.php?rest_route=%2Fwp%2Fv2%2Fproduct_tag&post=23764"}],"curies":[{"name":"wp","href":"https:\/\/api.w.org\/{rel}","templated":true}]}}