{"id":23872,"date":"2023-10-28T11:30:09","date_gmt":"2023-10-28T14:30:09","guid":{"rendered":"https:\/\/jugueterialudico.com.ar\/?post_type=product&#038;p=23872"},"modified":"2026-04-15T14:08:15","modified_gmt":"2026-04-15T17:08:15","slug":"a-descubrir-los-colores-061","status":"publish","type":"product","link":"https:\/\/jugueterialudico.com.ar\/?product=a-descubrir-los-colores-061","title":{"rendered":"A DESCUBRIR LOS COLORES &#8211; 061"},"content":{"rendered":"<p><strong>ACTIVIDADES<\/strong><\/p>\n<ol>\n<li><span style=\"color: #ff0000;\">ROJO<\/span> ( manzana para descubrir )<\/li>\n<li><span style=\"color: #ffcc00;\">AMARILLO<\/span> (sol con texturas)<\/li>\n<li><span style=\"color: #800080;\">VIOLETA<\/span> ( abejita oculta)<\/li>\n<li><span style=\"color: #339966;\"><span style=\"color: #008000;\">VERDE<\/span><\/span> ( lengua del sapo con mariposa)<\/li>\n<li>\u00a0<span style=\"color: #0000ff;\">AZUL<\/span> ( pez oculto )<\/li>\n<li><span style=\"color: #ff6600;\">NARANJA<\/span> ( donde est\u00e1 el zorrito)<\/li>\n<\/ol>\n<p>Los libros de actividades est\u00e0n pensados para ofrecer a ni\u00f1as y ni\u00f1os sensaciones y oportunidades para desarrollar habilidades importantes de forma relajada y jugando<\/p>\n<p>Cada p\u00e1gina est\u00e1 pensada para estimular un \u00e1rea cognitiva diferente.<\/p>\n<p>Se estimula el desarrollo sensorial, la psicomotricidad fina, la coordinaci\u00f3n de manos y ojos, creatividades.<\/p>\n<p>Se despierta la curiosidad y la exploraci\u00f3n de los materiales, las formas, los n\u00fameros, el lenguaje, la imaginaci\u00f3n y la emoci\u00f3n.<\/p>\n<p>&nbsp;<\/p>\n<p><strong>Descripci\u00f3n<\/strong><\/p>\n<ul>\n<li>Confeccionado en tela 100% poliester<\/li>\n<li>Lavable<\/li>\n<li>Mide 15x15cm cerrado<\/li>\n<\/ul>\n","protected":false},"excerpt":{"rendered":"<p><strong>Aprender los\u00a0<\/strong><strong style=\"font-size: 16px; font-style: normal;\"><span style=\"color: #ff0000;\">c<\/span><\/strong><strong style=\"font-size: 16px;\"><span style=\"color: #ff9900;\">o<\/span><span style=\"color: #99cc00;\">l<\/span><span style=\"color: #33cccc;\">o<\/span><span style=\"color: #3366ff;\">r<\/span><span style=\"color: #800080;\">e<\/span><span style=\"color: #ff00ff;\">s<\/span> a trav\u00e9s de este libro sensorial puede ser muy divertido!<\/strong><\/p>\n<p><strong>Pensado para ni\u00f1as y ni\u00f1os de 6 meses a 3 a\u00f1os.<\/strong><\/p>\n<p>&nbsp;<\/p>\n<p>Los colores son unas de las primeras cosas que ni\u00f1as y ni\u00f1os aprenden, es por eso que pensamos en este libro para los mas peques de la casa.<\/p>\n<p>Mediante diferentes activades y\u00a0 a trav\u00e9s de la exploraci\u00f3n podr\u00e1n descubrir diferentes animalitos ocultos en el libro.<\/p>\n","protected":false},"featured_media":23875,"comment_status":"open","ping_status":"closed","template":"","meta":{"site-sidebar-layout":"default","site-content-layout":"default","ast-site-content-layout":"","site-content-style":"default","site-sidebar-style":"default","ast-global-header-display":"","ast-banner-title-visibility":"","ast-main-header-display":"","ast-hfb-above-header-display":"","ast-hfb-below-header-display":"","ast-hfb-mobile-header-display":"","site-post-title":"","ast-breadcrumbs-content":"","ast-featured-img":"","footer-sml-layout":"","theme-transparent-header-meta":"default","adv-header-id-meta":"","stick-header-meta":"","header-above-stick-meta":"","header-main-stick-meta":"","header-below-stick-meta":"","astra-migrate-meta-layouts":"default","ast-page-background-enabled":"default","ast-page-background-meta":{"desktop":{"background-color":"","background-image":"","background-repeat":"repeat","background-position":"center center","background-size":"auto","background-attachment":"scroll","background-type":"","background-media":"","overlay-type":"","overlay-color":"","overlay-opacity":"","overlay-gradient":""},"tablet":{"background-color":"","background-image":"","background-repeat":"repeat","background-position":"center center","background-size":"auto","background-attachment":"scroll","background-type":"","background-media":"","overlay-type":"","overlay-color":"","overlay-opacity":"","overlay-gradient":""},"mobile":{"background-color":"","background-image":"","background-repeat":"repeat","background-position":"center center","background-size":"auto","background-attachment":"scroll","background-type":"","background-media":"","overlay-type":"","overlay-color":"","overlay-opacity":"","overlay-gradient":""}},"ast-content-background-meta":{"desktop":{"background-color":"var(--ast-global-color-5)","background-image":"","background-repeat":"repeat","background-position":"center center","background-size":"auto","background-attachment":"scroll","background-type":"","background-media":"","overlay-type":"","overlay-color":"","overlay-opacity":"","overlay-gradient":""},"tablet":{"background-color":"var(--ast-global-color-5)","background-image":"","background-repeat":"repeat","background-position":"center center","background-size":"auto","background-attachment":"scroll","background-type":"","background-media":"","overlay-type":"","overlay-color":"","overlay-opacity":"","overlay-gradient":""},"mobile":{"background-color":"var(--ast-global-color-5)","background-image":"","background-repeat":"repeat","background-position":"center center","background-size":"auto","background-attachment":"scroll","background-type":"","background-media":"","overlay-type":"","overlay-color":"","overlay-opacity":"","overlay-gradient":""}},"spay_email":""},"product_cat":[161,163,164,165,146,76,196,145,159],"product_tag":[],"_links":{"self":[{"href":"https:\/\/jugueterialudico.com.ar\/index.php?rest_route=\/wp\/v2\/product\/23872"}],"collection":[{"href":"https:\/\/jugueterialudico.com.ar\/index.php?rest_route=\/wp\/v2\/product"}],"about":[{"href":"https:\/\/jugueterialudico.com.ar\/index.php?rest_route=\/wp\/v2\/types\/product"}],"replies":[{"embeddable":true,"href":"https:\/\/jugueterialudico.com.ar\/index.php?rest_route=%2Fwp%2Fv2%2Fcomments&post=23872"}],"wp:featuredmedia":[{"embeddable":true,"href":"https:\/\/jugueterialudico.com.ar\/index.php?rest_route=\/wp\/v2\/media\/23875"}],"wp:attachment":[{"href":"https:\/\/jugueterialudico.com.ar\/index.php?rest_route=%2Fwp%2Fv2%2Fmedia&parent=23872"}],"wp:term":[{"taxonomy":"product_cat","embeddable":true,"href":"https:\/\/jugueterialudico.com.ar\/index.php?rest_route=%2Fwp%2Fv2%2Fproduct_cat&post=23872"},{"taxonomy":"product_tag","embeddable":true,"href":"https:\/\/jugueterialudico.com.ar\/index.php?rest_route=%2Fwp%2Fv2%2Fproduct_tag&post=23872"}],"curies":[{"name":"wp","href":"https:\/\/api.w.org\/{rel}","templated":true}]}}