{"id":24256,"date":"2024-01-23T16:09:58","date_gmt":"2024-01-23T19:09:58","guid":{"rendered":"https:\/\/jugueterialudico.com.ar\/?post_type=product&#038;p=24256"},"modified":"2026-02-28T19:19:18","modified_gmt":"2026-02-28T22:19:18","slug":"say-my-name-041","status":"publish","type":"product","link":"https:\/\/jugueterialudico.com.ar\/?product=say-my-name-041","title":{"rendered":"SAY MY NAME &#8211; 041"},"content":{"rendered":"<table class=\"shop_attributes\">\n<tbody>\n<tr class=\"\">\n<th>Jugadores:<\/th>\n<td class=\"product_weight\">4 a 12<\/td>\n<\/tr>\n<tr class=\"alt\">\n<th><strong>Duraci\u00f3n:<\/strong><\/th>\n<td class=\"product_dimensions\">45-90 minutos<\/td>\n<\/tr>\n<tr class=\"\">\n<th>Edad:<\/th>\n<td class=\"product_weight\">14+<\/td>\n<\/tr>\n<tr class=\"\">\n<th>Autor:<\/th>\n<td><span data-sheets-value=\"{&quot;1&quot;:2,&quot;2&quot;:&quot;Michel Fischman\\r\\ny Emmanuel Rabell&quot;}\" data-sheets-userformat=\"{&quot;2&quot;:961,&quot;3&quot;:{&quot;1&quot;:0},&quot;9&quot;:1,&quot;10&quot;:1,&quot;11&quot;:4,&quot;12&quot;:0}\">Michel Fischman, Emmanuel Rabell<\/span><\/td>\n<\/tr>\n<tr class=\"\">\n<th>Ilustrador:<\/th>\n<td><span data-sheets-value=\"{&quot;1&quot;:2,&quot;2&quot;:&quot;Magdalena Okecki&quot;}\" data-sheets-userformat=\"{&quot;2&quot;:961,&quot;3&quot;:{&quot;1&quot;:0},&quot;9&quot;:1,&quot;10&quot;:1,&quot;11&quot;:4,&quot;12&quot;:0}\">Magdalena Okecki<\/span><\/td>\n<\/tr>\n<tr class=\"alt\">\n<th>Peso:<\/th>\n<td><span data-sheets-value=\"{&quot;1&quot;:3,&quot;3&quot;:0.389}\" data-sheets-userformat=\"{&quot;2&quot;:961,&quot;3&quot;:[null,2,&quot;#,##0.000&quot;,1],&quot;9&quot;:1,&quot;10&quot;:1,&quot;11&quot;:4,&quot;12&quot;:0}\">583\u00a0<\/span>g<\/td>\n<\/tr>\n<tr class=\"\">\n<th>Dimensiones:<\/th>\n<td><span data-sheets-value=\"{&quot;1&quot;:2,&quot;2&quot;:&quot;4 x 10 x 15&quot;}\" data-sheets-userformat=\"{&quot;2&quot;:961,&quot;3&quot;:{&quot;1&quot;:0},&quot;9&quot;:1,&quot;10&quot;:1,&quot;11&quot;:4,&quot;12&quot;:0}\">20 x 10 x 10\u00a0<\/span>cm<\/td>\n<\/tr>\n<\/tbody>\n<\/table>\n","protected":false},"excerpt":{"rendered":"<p><strong>Say My Name<\/strong> es un juego ideal si quer\u00e9s jugar a todos esos juegos que jugabas de chico&#8230; \u00a1al mismo tiempo!<\/p>\n<p>Say My Name mezcla juegos como el \u00abD\u00edgalo con m\u00edmica\u00bb, \u00abPalabras prohibidas\u00bb y \u00abEncontrar la coincidencia\u00bb creando un juego en equipos divertido y delirante en el que ganan los m\u00e1s r\u00e1pidos en adivinar entre las m\u00e1s de 700 pel\u00edculas, libros, series, lugares, personajes y objetos.<\/p>\n<p>Vas a hablar, actuar, cantar y a veces hasta pensar&#8230; pero no pienses demasiado, \u00a1solo el m\u00e1s r\u00e1pido va a tener chances de ganar!<\/p>\n","protected":false},"featured_media":24259,"comment_status":"open","ping_status":"closed","template":"","meta":{"site-sidebar-layout":"default","site-content-layout":"default","ast-site-content-layout":"","site-content-style":"default","site-sidebar-style":"default","ast-global-header-display":"","ast-banner-title-visibility":"","ast-main-header-display":"","ast-hfb-above-header-display":"","ast-hfb-below-header-display":"","ast-hfb-mobile-header-display":"","site-post-title":"","ast-breadcrumbs-content":"","ast-featured-img":"","footer-sml-layout":"","theme-transparent-header-meta":"default","adv-header-id-meta":"","stick-header-meta":"","header-above-stick-meta":"","header-main-stick-meta":"","header-below-stick-meta":"","astra-migrate-meta-layouts":"default","ast-page-background-enabled":"default","ast-page-background-meta":{"desktop":{"background-color":"","background-image":"","background-repeat":"repeat","background-position":"center center","background-size":"auto","background-attachment":"scroll","background-type":"","background-media":"","overlay-type":"","overlay-color":"","overlay-opacity":"","overlay-gradient":""},"tablet":{"background-color":"","background-image":"","background-repeat":"repeat","background-position":"center center","background-size":"auto","background-attachment":"scroll","background-type":"","background-media":"","overlay-type":"","overlay-color":"","overlay-opacity":"","overlay-gradient":""},"mobile":{"background-color":"","background-image":"","background-repeat":"repeat","background-position":"center center","background-size":"auto","background-attachment":"scroll","background-type":"","background-media":"","overlay-type":"","overlay-color":"","overlay-opacity":"","overlay-gradient":""}},"ast-content-background-meta":{"desktop":{"background-color":"var(--ast-global-color-5)","background-image":"","background-repeat":"repeat","background-position":"center center","background-size":"auto","background-attachment":"scroll","background-type":"","background-media":"","overlay-type":"","overlay-color":"","overlay-opacity":"","overlay-gradient":""},"tablet":{"background-color":"var(--ast-global-color-5)","background-image":"","background-repeat":"repeat","background-position":"center center","background-size":"auto","background-attachment":"scroll","background-type":"","background-media":"","overlay-type":"","overlay-color":"","overlay-opacity":"","overlay-gradient":""},"mobile":{"background-color":"var(--ast-global-color-5)","background-image":"","background-repeat":"repeat","background-position":"center center","background-size":"auto","background-attachment":"scroll","background-type":"","background-media":"","overlay-type":"","overlay-color":"","overlay-opacity":"","overlay-gradient":""}},"spay_email":""},"product_cat":[185,168,74],"product_tag":[],"_links":{"self":[{"href":"https:\/\/jugueterialudico.com.ar\/index.php?rest_route=\/wp\/v2\/product\/24256"}],"collection":[{"href":"https:\/\/jugueterialudico.com.ar\/index.php?rest_route=\/wp\/v2\/product"}],"about":[{"href":"https:\/\/jugueterialudico.com.ar\/index.php?rest_route=\/wp\/v2\/types\/product"}],"replies":[{"embeddable":true,"href":"https:\/\/jugueterialudico.com.ar\/index.php?rest_route=%2Fwp%2Fv2%2Fcomments&post=24256"}],"wp:featuredmedia":[{"embeddable":true,"href":"https:\/\/jugueterialudico.com.ar\/index.php?rest_route=\/wp\/v2\/media\/24259"}],"wp:attachment":[{"href":"https:\/\/jugueterialudico.com.ar\/index.php?rest_route=%2Fwp%2Fv2%2Fmedia&parent=24256"}],"wp:term":[{"taxonomy":"product_cat","embeddable":true,"href":"https:\/\/jugueterialudico.com.ar\/index.php?rest_route=%2Fwp%2Fv2%2Fproduct_cat&post=24256"},{"taxonomy":"product_tag","embeddable":true,"href":"https:\/\/jugueterialudico.com.ar\/index.php?rest_route=%2Fwp%2Fv2%2Fproduct_tag&post=24256"}],"curies":[{"name":"wp","href":"https:\/\/api.w.org\/{rel}","templated":true}]}}