{"id":24265,"date":"2024-02-01T18:33:36","date_gmt":"2024-02-01T21:33:36","guid":{"rendered":"https:\/\/jugueterialudico.com.ar\/?post_type=product&#038;p=24265"},"modified":"2026-04-28T18:01:24","modified_gmt":"2026-04-28T21:01:24","slug":"super-rompe-mesa-de-cumple-3-en-1-043","status":"publish","type":"product","link":"https:\/\/jugueterialudico.com.ar\/?product=super-rompe-mesa-de-cumple-3-en-1-043","title":{"rendered":"SUPER ROMPE MESA DE CUMPLE 3 EN 1 &#8211; 043"},"content":{"rendered":"<p style=\"font-weight: 400;\"><i><em>Ilustrado por Roc\u00edo Alejandro<\/em><\/i><\/p>\n<p style=\"font-weight: 400;\">Super Rompe de 35 piezas + 7 piezas redondas, para armar una Super Mesa de Cumple de 50x70cm.<\/p>\n<p style=\"font-weight: 400;\">Edad sugerida: + 3 a\u00f1os<\/p>\n<p style=\"font-weight: 400;\"><b><strong>Materiales<\/strong><\/b><span style=\"font-weight: 600;\"><br \/>\n<\/span>Impreso en papel ilustraci\u00f3n, montado en ambas caras en cart\u00f3n de 2mm. y laminado para permitir su mejor conservaci\u00f3n y limpieza.<\/p>\n<p style=\"font-weight: 400;\"><b><strong>Presentaci\u00f3n<\/strong><\/b><\/p>\n<p style=\"font-weight: 400;\">35 piezas de10x10cm (variable) + 7 piezas redondas de 6,5cm de di\u00e1metro. Caja de cart\u00f3n micro corrugado + manija: 30cm x 21cm.<\/p>\n","protected":false},"excerpt":{"rendered":"<p style=\"font-weight: 400;\"><b><strong>SUPER ROMPECABEZAS!<\/strong><\/b><\/p>\n<p style=\"font-weight: 400;\">Este es un Rompecabezas de 35 piezas + 7 piezas redondas, para armar una Super Mesa de Cumple de 50x70cm.<\/p>\n<p style=\"font-weight: 400;\"><b><strong>-PLATOS INTERCAMBIABLES<\/strong><\/b><\/p>\n<p style=\"font-weight: 400;\">Hay 7 piezas que tienen 7 platos redondos intercambiables, asi cada uno come lo que quiere y seg\u00fan d\u00f3nde pongas la torta, cambia el que cumple a\u00f1os.<\/p>\n<p style=\"font-weight: 400;\">S\u00f3lo con las fichas redondas de los platos, pod\u00e9s jugar con m\u00e1s personas a descubrir con preguntas, qu\u00e9 est\u00e1 comiendo el otro participante.<\/p>\n<p style=\"font-weight: 400;\">Del dorso de las fichas, pod\u00e9s dibujar tu comida preferida con marcador para pizarra y servirla en la Mesa.<\/p>\n<p style=\"font-weight: 400;\">Te damos algunas ideas, pero siempre pod\u00e9s inventar tu forma de jugar.<\/p>\n","protected":false},"featured_media":24268,"comment_status":"open","ping_status":"closed","template":"","meta":{"site-sidebar-layout":"default","site-content-layout":"default","ast-site-content-layout":"","site-content-style":"default","site-sidebar-style":"default","ast-global-header-display":"","ast-banner-title-visibility":"","ast-main-header-display":"","ast-hfb-above-header-display":"","ast-hfb-below-header-display":"","ast-hfb-mobile-header-display":"","site-post-title":"","ast-breadcrumbs-content":"","ast-featured-img":"","footer-sml-layout":"","theme-transparent-header-meta":"default","adv-header-id-meta":"","stick-header-meta":"","header-above-stick-meta":"","header-main-stick-meta":"","header-below-stick-meta":"","astra-migrate-meta-layouts":"default","ast-page-background-enabled":"default","ast-page-background-meta":{"desktop":{"background-color":"","background-image":"","background-repeat":"repeat","background-position":"center center","background-size":"auto","background-attachment":"scroll","background-type":"","background-media":"","overlay-type":"","overlay-color":"","overlay-opacity":"","overlay-gradient":""},"tablet":{"background-color":"","background-image":"","background-repeat":"repeat","background-position":"center center","background-size":"auto","background-attachment":"scroll","background-type":"","background-media":"","overlay-type":"","overlay-color":"","overlay-opacity":"","overlay-gradient":""},"mobile":{"background-color":"","background-image":"","background-repeat":"repeat","background-position":"center center","background-size":"auto","background-attachment":"scroll","background-type":"","background-media":"","overlay-type":"","overlay-color":"","overlay-opacity":"","overlay-gradient":""}},"ast-content-background-meta":{"desktop":{"background-color":"var(--ast-global-color-5)","background-image":"","background-repeat":"repeat","background-position":"center center","background-size":"auto","background-attachment":"scroll","background-type":"","background-media":"","overlay-type":"","overlay-color":"","overlay-opacity":"","overlay-gradient":""},"tablet":{"background-color":"var(--ast-global-color-5)","background-image":"","background-repeat":"repeat","background-position":"center center","background-size":"auto","background-attachment":"scroll","background-type":"","background-media":"","overlay-type":"","overlay-color":"","overlay-opacity":"","overlay-gradient":""},"mobile":{"background-color":"var(--ast-global-color-5)","background-image":"","background-repeat":"repeat","background-position":"center center","background-size":"auto","background-attachment":"scroll","background-type":"","background-media":"","overlay-type":"","overlay-color":"","overlay-opacity":"","overlay-gradient":""}},"spay_email":""},"product_cat":[164,165,166,74,72],"product_tag":[],"_links":{"self":[{"href":"https:\/\/jugueterialudico.com.ar\/index.php?rest_route=\/wp\/v2\/product\/24265"}],"collection":[{"href":"https:\/\/jugueterialudico.com.ar\/index.php?rest_route=\/wp\/v2\/product"}],"about":[{"href":"https:\/\/jugueterialudico.com.ar\/index.php?rest_route=\/wp\/v2\/types\/product"}],"replies":[{"embeddable":true,"href":"https:\/\/jugueterialudico.com.ar\/index.php?rest_route=%2Fwp%2Fv2%2Fcomments&post=24265"}],"wp:featuredmedia":[{"embeddable":true,"href":"https:\/\/jugueterialudico.com.ar\/index.php?rest_route=\/wp\/v2\/media\/24268"}],"wp:attachment":[{"href":"https:\/\/jugueterialudico.com.ar\/index.php?rest_route=%2Fwp%2Fv2%2Fmedia&parent=24265"}],"wp:term":[{"taxonomy":"product_cat","embeddable":true,"href":"https:\/\/jugueterialudico.com.ar\/index.php?rest_route=%2Fwp%2Fv2%2Fproduct_cat&post=24265"},{"taxonomy":"product_tag","embeddable":true,"href":"https:\/\/jugueterialudico.com.ar\/index.php?rest_route=%2Fwp%2Fv2%2Fproduct_tag&post=24265"}],"curies":[{"name":"wp","href":"https:\/\/api.w.org\/{rel}","templated":true}]}}