{"id":24335,"date":"2024-02-08T17:42:56","date_gmt":"2024-02-08T20:42:56","guid":{"rendered":"https:\/\/jugueterialudico.com.ar\/?post_type=product&#038;p=24335"},"modified":"2026-02-10T16:50:54","modified_gmt":"2026-02-10T19:50:54","slug":"libro-de-actividades-02-061","status":"publish","type":"product","link":"https:\/\/jugueterialudico.com.ar\/?product=libro-de-actividades-02-061","title":{"rendered":"LIBRO DE ACTIVIDADES 02 &#8211; 061"},"content":{"rendered":"<p><strong>Mi libro de actividades 02<\/strong><\/p>\n<ol>\n<li>Pesca con im\u00e1n ( coordinaci\u00f3n ojo-mano)<\/li>\n<li>A darle de comer\u00a0 y lavarle los dientes al cocodrilo ( h\u00e1bitos diarios)<\/li>\n<li>Zapatilla con cord\u00f3n ( Enhebrado, atar y desatar )<\/li>\n<li>Pizza con n\u00fameros ( asociaci\u00f3n objeto con n\u00famero)<\/li>\n<li>Lavarropas con broches ( motricidad fina)<\/li>\n<\/ol>\n<p>&nbsp;<\/p>\n<p><strong>Descripci\u00f3n<\/strong><\/p>\n<ul>\n<li>Confeccionado en tela 100% poliester<\/li>\n<li>Lavable<\/li>\n<li>Mide 23x22cm cerrado<\/li>\n<\/ul>\n","protected":false},"excerpt":{"rendered":"<p><strong>La mejor manera de aprender de formas relajada y jugando.<\/strong><\/p>\n<p><strong>Pensado para ni\u00f1os y ni\u00f1as de 3 a 7 a\u00f1os<\/strong><\/p>\n<p>Los libros de actividades est\u00e0n pensados para ofrecer a ni\u00f1as y ni\u00f1os sensaciones y oportunidades para desarrollar habilidades importantes de forma relajada y jugando<\/p>\n<p>Cada p\u00e1gina est\u00e1 pensada para estimular un \u00e1rea cognitiva diferente.<\/p>\n<p>Se estimula el desarrollo sensorial, la psicomotricidad fina, la coordinaci\u00f3n de manos y ojos, creatividades.<\/p>\n<p>Se despierta la curiosidad y la exploraci\u00f3n de los materiales, las formas, los n\u00fameros, el lenguaje, la imaginaci\u00f3n y la emoci\u00f3n.<\/p>\n","protected":false},"featured_media":24336,"comment_status":"open","ping_status":"closed","template":"","meta":{"site-sidebar-layout":"default","site-content-layout":"default","ast-site-content-layout":"","site-content-style":"default","site-sidebar-style":"default","ast-global-header-display":"","ast-banner-title-visibility":"","ast-main-header-display":"","ast-hfb-above-header-display":"","ast-hfb-below-header-display":"","ast-hfb-mobile-header-display":"","site-post-title":"","ast-breadcrumbs-content":"","ast-featured-img":"","footer-sml-layout":"","theme-transparent-header-meta":"default","adv-header-id-meta":"","stick-header-meta":"","header-above-stick-meta":"","header-main-stick-meta":"","header-below-stick-meta":"","astra-migrate-meta-layouts":"default","ast-page-background-enabled":"default","ast-page-background-meta":{"desktop":{"background-color":"","background-image":"","background-repeat":"repeat","background-position":"center center","background-size":"auto","background-attachment":"scroll","background-type":"","background-media":"","overlay-type":"","overlay-color":"","overlay-opacity":"","overlay-gradient":""},"tablet":{"background-color":"","background-image":"","background-repeat":"repeat","background-position":"center center","background-size":"auto","background-attachment":"scroll","background-type":"","background-media":"","overlay-type":"","overlay-color":"","overlay-opacity":"","overlay-gradient":""},"mobile":{"background-color":"","background-image":"","background-repeat":"repeat","background-position":"center center","background-size":"auto","background-attachment":"scroll","background-type":"","background-media":"","overlay-type":"","overlay-color":"","overlay-opacity":"","overlay-gradient":""}},"ast-content-background-meta":{"desktop":{"background-color":"var(--ast-global-color-5)","background-image":"","background-repeat":"repeat","background-position":"center center","background-size":"auto","background-attachment":"scroll","background-type":"","background-media":"","overlay-type":"","overlay-color":"","overlay-opacity":"","overlay-gradient":""},"tablet":{"background-color":"var(--ast-global-color-5)","background-image":"","background-repeat":"repeat","background-position":"center center","background-size":"auto","background-attachment":"scroll","background-type":"","background-media":"","overlay-type":"","overlay-color":"","overlay-opacity":"","overlay-gradient":""},"mobile":{"background-color":"var(--ast-global-color-5)","background-image":"","background-repeat":"repeat","background-position":"center center","background-size":"auto","background-attachment":"scroll","background-type":"","background-media":"","overlay-type":"","overlay-color":"","overlay-opacity":"","overlay-gradient":""}},"spay_email":""},"product_cat":[163,164,165,146,76,145],"product_tag":[],"_links":{"self":[{"href":"https:\/\/jugueterialudico.com.ar\/index.php?rest_route=\/wp\/v2\/product\/24335"}],"collection":[{"href":"https:\/\/jugueterialudico.com.ar\/index.php?rest_route=\/wp\/v2\/product"}],"about":[{"href":"https:\/\/jugueterialudico.com.ar\/index.php?rest_route=\/wp\/v2\/types\/product"}],"replies":[{"embeddable":true,"href":"https:\/\/jugueterialudico.com.ar\/index.php?rest_route=%2Fwp%2Fv2%2Fcomments&post=24335"}],"wp:featuredmedia":[{"embeddable":true,"href":"https:\/\/jugueterialudico.com.ar\/index.php?rest_route=\/wp\/v2\/media\/24336"}],"wp:attachment":[{"href":"https:\/\/jugueterialudico.com.ar\/index.php?rest_route=%2Fwp%2Fv2%2Fmedia&parent=24335"}],"wp:term":[{"taxonomy":"product_cat","embeddable":true,"href":"https:\/\/jugueterialudico.com.ar\/index.php?rest_route=%2Fwp%2Fv2%2Fproduct_cat&post=24335"},{"taxonomy":"product_tag","embeddable":true,"href":"https:\/\/jugueterialudico.com.ar\/index.php?rest_route=%2Fwp%2Fv2%2Fproduct_tag&post=24335"}],"curies":[{"name":"wp","href":"https:\/\/api.w.org\/{rel}","templated":true}]}}