{"id":24379,"date":"2024-02-19T18:35:36","date_gmt":"2024-02-19T21:35:36","guid":{"rendered":"https:\/\/jugueterialudico.com.ar\/?post_type=product&#038;p=24379"},"modified":"2025-01-24T13:10:28","modified_gmt":"2025-01-24T16:10:28","slug":"adivina-adivinador-2-036","status":"publish","type":"product","link":"https:\/\/jugueterialudico.com.ar\/?product=adivina-adivinador-2-036","title":{"rendered":"ADIVINA ADIVINADOR 2 &#8211; 036"},"content":{"rendered":"<p><strong>Detalles:<\/strong><\/p>\n<p>\u2013 Dimensiones de la caja: 8x12x2cm.<\/p>\n<p>\u2013 Ilustraciones: Marisa Licata<\/p>\n<p>\u2013 Dise\u00f1o: Vale Morales<\/p>\n<p>&nbsp;<\/p>\n<p><strong>Habilidades que estimula:<\/strong><\/p>\n<p>\u2013 Concentraci\u00f3n y escucha<\/p>\n<p>\u2013 Storytelling<\/p>\n<p>\u2013 Intepretaci\u00f3n<\/p>\n<p>\u2013 Motricidad gruesa<\/p>\n<p>\u2013 Juego en equipo<\/p>\n","protected":false},"excerpt":{"rendered":"<p><strong>Despu\u00e9s del \u00e9xito de\u00a0Adivina Adivinador\u2026 \u00a1Sacamos una nueva versi\u00f3n, tama\u00f1o bolsillo!<\/strong><\/p>\n<p>Sumando din\u00e1micas para grandes y chicos. Los jugadores deben actuar, imitar sonidos y ser muy creativos con sus explicaciones para ganar puntos.<\/p>\n<p>&nbsp;<\/p>\n<p><strong>\u00a1JUEGAZO IDEAL PARA GRUPOS Y REUNIONES<\/strong>!<\/p>\n<p>\u00bfC\u00f3mo explicar que el tel\u00e9fono est\u00e1 ocupado? \u00bfC\u00f3mo imitar el sonido de un resorte? \u00bfC\u00f3mo hacer la m\u00edmica de la luna llena?<\/p>\n<p>Con este juego vas a poder explorar tu capacidad expresiva al 100%<\/p>\n","protected":false},"featured_media":24380,"comment_status":"open","ping_status":"closed","template":"","meta":{"site-sidebar-layout":"default","site-content-layout":"default","ast-site-content-layout":"","site-content-style":"default","site-sidebar-style":"default","ast-global-header-display":"","ast-banner-title-visibility":"","ast-main-header-display":"","ast-hfb-above-header-display":"","ast-hfb-below-header-display":"","ast-hfb-mobile-header-display":"","site-post-title":"","ast-breadcrumbs-content":"","ast-featured-img":"","footer-sml-layout":"","theme-transparent-header-meta":"default","adv-header-id-meta":"","stick-header-meta":"","header-above-stick-meta":"","header-main-stick-meta":"","header-below-stick-meta":"","astra-migrate-meta-layouts":"default","ast-page-background-enabled":"default","ast-page-background-meta":{"desktop":{"background-color":"","background-image":"","background-repeat":"repeat","background-position":"center center","background-size":"auto","background-attachment":"scroll","background-type":"","background-media":"","overlay-type":"","overlay-color":"","overlay-opacity":"","overlay-gradient":""},"tablet":{"background-color":"","background-image":"","background-repeat":"repeat","background-position":"center center","background-size":"auto","background-attachment":"scroll","background-type":"","background-media":"","overlay-type":"","overlay-color":"","overlay-opacity":"","overlay-gradient":""},"mobile":{"background-color":"","background-image":"","background-repeat":"repeat","background-position":"center center","background-size":"auto","background-attachment":"scroll","background-type":"","background-media":"","overlay-type":"","overlay-color":"","overlay-opacity":"","overlay-gradient":""}},"ast-content-background-meta":{"desktop":{"background-color":"var(--ast-global-color-5)","background-image":"","background-repeat":"repeat","background-position":"center center","background-size":"auto","background-attachment":"scroll","background-type":"","background-media":"","overlay-type":"","overlay-color":"","overlay-opacity":"","overlay-gradient":""},"tablet":{"background-color":"var(--ast-global-color-5)","background-image":"","background-repeat":"repeat","background-position":"center center","background-size":"auto","background-attachment":"scroll","background-type":"","background-media":"","overlay-type":"","overlay-color":"","overlay-opacity":"","overlay-gradient":""},"mobile":{"background-color":"var(--ast-global-color-5)","background-image":"","background-repeat":"repeat","background-position":"center center","background-size":"auto","background-attachment":"scroll","background-type":"","background-media":"","overlay-type":"","overlay-color":"","overlay-opacity":"","overlay-gradient":""}},"spay_email":""},"product_cat":[166,167,74],"product_tag":[],"_links":{"self":[{"href":"https:\/\/jugueterialudico.com.ar\/index.php?rest_route=\/wp\/v2\/product\/24379"}],"collection":[{"href":"https:\/\/jugueterialudico.com.ar\/index.php?rest_route=\/wp\/v2\/product"}],"about":[{"href":"https:\/\/jugueterialudico.com.ar\/index.php?rest_route=\/wp\/v2\/types\/product"}],"replies":[{"embeddable":true,"href":"https:\/\/jugueterialudico.com.ar\/index.php?rest_route=%2Fwp%2Fv2%2Fcomments&post=24379"}],"wp:featuredmedia":[{"embeddable":true,"href":"https:\/\/jugueterialudico.com.ar\/index.php?rest_route=\/wp\/v2\/media\/24380"}],"wp:attachment":[{"href":"https:\/\/jugueterialudico.com.ar\/index.php?rest_route=%2Fwp%2Fv2%2Fmedia&parent=24379"}],"wp:term":[{"taxonomy":"product_cat","embeddable":true,"href":"https:\/\/jugueterialudico.com.ar\/index.php?rest_route=%2Fwp%2Fv2%2Fproduct_cat&post=24379"},{"taxonomy":"product_tag","embeddable":true,"href":"https:\/\/jugueterialudico.com.ar\/index.php?rest_route=%2Fwp%2Fv2%2Fproduct_tag&post=24379"}],"curies":[{"name":"wp","href":"https:\/\/api.w.org\/{rel}","templated":true}]}}