{"id":25048,"date":"2024-07-25T17:29:09","date_gmt":"2024-07-25T20:29:09","guid":{"rendered":"https:\/\/jugueterialudico.com.ar\/?post_type=product&#038;p=25048"},"modified":"2026-01-20T11:06:41","modified_gmt":"2026-01-20T14:06:41","slug":"set-ciudad-al-agua-p-pintar-167","status":"publish","type":"product","link":"https:\/\/jugueterialudico.com.ar\/?product=set-ciudad-al-agua-p-pintar-167","title":{"rendered":"SET CIUDAD AL AGUA P\/PINTAR &#8211; 167"},"content":{"rendered":"<p style=\"font-weight: 400;\"><b>Caracter\u00edsticas de los crayones:<\/b><\/p>\n<ul style=\"font-weight: 400;\">\n<li aria-level=\"1\">Aprobados por ANMAT para uso en ni\u00f1os desde los 3 a\u00f1os.<\/li>\n<li aria-level=\"1\">Testeados dermatol\u00f3gicamente.<\/li>\n<li aria-level=\"1\">No testeados en animales.<\/li>\n<li aria-level=\"1\">F\u00e1ciles de usar y borrar, ideales para que los peques puedan pintar y desatar su creatividad en el ba\u00f1o.<\/li>\n<\/ul>\n<p style=\"font-weight: 400;\">Incluimos una esponjita en cada set para que puedas borrar lo que pintes. Es importante usar la esponja y no dejar la pintura sin sacar para mantener las superficies limpias y libres de residuos.<\/p>\n<p style=\"font-weight: 400;\">Nuestros juguetes favorecen el desarrollo de habilidades motoras y cognitivas. Mientras los m\u00e1s peques juegan, tambi\u00e9n aprenden a coordinar sus capacidades mano-ojo, relacionando objetos, formas y colores, al mismo tiempo que estimulan su creatividad creando historias y aventuras en la playa, la ciudad o el espacio.<\/p>\n<p style=\"font-weight: 400;\"><b>Aclaraciones importantes<\/b>:<\/p>\n<ul style=\"font-weight: 400;\">\n<li aria-level=\"1\">Nuestro producto est\u00e1 certificado como seguro y es apto para su uso a partir de los 3 a\u00f1os.<\/li>\n<li aria-level=\"1\">Despu\u00e9s del ba\u00f1o, es importante secar las figuras para evitar la acumulaci\u00f3n de bacterias o moho.<\/li>\n<li aria-level=\"1\">Recomendamos supervisar al ni\u00f1o al momento del ba\u00f1o.<\/li>\n<\/ul>\n","protected":false},"excerpt":{"rendered":"<p style=\"font-weight: 400;\"><b>SET CITY PARA PINTAR &#8211; (para el agua)<\/b><\/p>\n<p style=\"font-weight: 400;\">\u00a1Descubr\u00ed nuestros nuevos sets para pintar en el agua! Cada set incluye 5 figuras de goma eva (animales y formas) de 5mm de grosor y 5 crayones especiales para usar en el agua.<\/p>\n<p style=\"font-weight: 400;\">Incluye: Gato, Caballo, Cono, Calle y Semaforo.<\/p>\n<p style=\"font-weight: 400;\">\n<p style=\"font-weight: 400;\">Los sets son ideales para jugar en el agua de forma divertida y segura. La goma eva les permite adherirse a los azulejos, ba\u00f1eras, espejos y vidrios del ba\u00f1o.<\/p>\n","protected":false},"featured_media":25050,"comment_status":"open","ping_status":"closed","template":"","meta":{"site-sidebar-layout":"default","site-content-layout":"","ast-site-content-layout":"default","site-content-style":"default","site-sidebar-style":"default","ast-global-header-display":"","ast-banner-title-visibility":"","ast-main-header-display":"","ast-hfb-above-header-display":"","ast-hfb-below-header-display":"","ast-hfb-mobile-header-display":"","site-post-title":"","ast-breadcrumbs-content":"","ast-featured-img":"","footer-sml-layout":"","theme-transparent-header-meta":"default","adv-header-id-meta":"","stick-header-meta":"","header-above-stick-meta":"","header-main-stick-meta":"","header-below-stick-meta":"","astra-migrate-meta-layouts":"set","ast-page-background-enabled":"default","ast-page-background-meta":{"desktop":{"background-color":"","background-image":"","background-repeat":"repeat","background-position":"center center","background-size":"auto","background-attachment":"scroll","background-type":"","background-media":"","overlay-type":"","overlay-color":"","overlay-opacity":"","overlay-gradient":""},"tablet":{"background-color":"","background-image":"","background-repeat":"repeat","background-position":"center center","background-size":"auto","background-attachment":"scroll","background-type":"","background-media":"","overlay-type":"","overlay-color":"","overlay-opacity":"","overlay-gradient":""},"mobile":{"background-color":"","background-image":"","background-repeat":"repeat","background-position":"center center","background-size":"auto","background-attachment":"scroll","background-type":"","background-media":"","overlay-type":"","overlay-color":"","overlay-opacity":"","overlay-gradient":""}},"ast-content-background-meta":{"desktop":{"background-color":"var(--ast-global-color-5)","background-image":"","background-repeat":"repeat","background-position":"center center","background-size":"auto","background-attachment":"scroll","background-type":"","background-media":"","overlay-type":"","overlay-color":"","overlay-opacity":"","overlay-gradient":""},"tablet":{"background-color":"var(--ast-global-color-5)","background-image":"","background-repeat":"repeat","background-position":"center center","background-size":"auto","background-attachment":"scroll","background-type":"","background-media":"","overlay-type":"","overlay-color":"","overlay-opacity":"","overlay-gradient":""},"mobile":{"background-color":"var(--ast-global-color-5)","background-image":"","background-repeat":"repeat","background-position":"center center","background-size":"auto","background-attachment":"scroll","background-type":"","background-media":"","overlay-type":"","overlay-color":"","overlay-opacity":"","overlay-gradient":""}},"spay_email":""},"product_cat":[164,165,166,191,151,200,153],"product_tag":[],"_links":{"self":[{"href":"https:\/\/jugueterialudico.com.ar\/index.php?rest_route=\/wp\/v2\/product\/25048"}],"collection":[{"href":"https:\/\/jugueterialudico.com.ar\/index.php?rest_route=\/wp\/v2\/product"}],"about":[{"href":"https:\/\/jugueterialudico.com.ar\/index.php?rest_route=\/wp\/v2\/types\/product"}],"replies":[{"embeddable":true,"href":"https:\/\/jugueterialudico.com.ar\/index.php?rest_route=%2Fwp%2Fv2%2Fcomments&post=25048"}],"wp:featuredmedia":[{"embeddable":true,"href":"https:\/\/jugueterialudico.com.ar\/index.php?rest_route=\/wp\/v2\/media\/25050"}],"wp:attachment":[{"href":"https:\/\/jugueterialudico.com.ar\/index.php?rest_route=%2Fwp%2Fv2%2Fmedia&parent=25048"}],"wp:term":[{"taxonomy":"product_cat","embeddable":true,"href":"https:\/\/jugueterialudico.com.ar\/index.php?rest_route=%2Fwp%2Fv2%2Fproduct_cat&post=25048"},{"taxonomy":"product_tag","embeddable":true,"href":"https:\/\/jugueterialudico.com.ar\/index.php?rest_route=%2Fwp%2Fv2%2Fproduct_tag&post=25048"}],"curies":[{"name":"wp","href":"https:\/\/api.w.org\/{rel}","templated":true}]}}