{"id":25389,"date":"2024-11-02T10:32:34","date_gmt":"2024-11-02T13:32:34","guid":{"rendered":"https:\/\/jugueterialudico.com.ar\/?post_type=product&#038;p=25389"},"modified":"2026-04-18T17:49:18","modified_gmt":"2026-04-18T20:49:18","slug":"libro-teatro-de-titeres-061","status":"publish","type":"product","link":"https:\/\/jugueterialudico.com.ar\/?product=libro-teatro-de-titeres-061","title":{"rendered":"LIBRO TEATRO DE TITERES  &#8211; 061"},"content":{"rendered":"<h5 class=\"mb-4\">Descripci\u00f3n<\/h5>\n<div class=\"user-content font-small mb-4\">\n<p>Jugar con t\u00edteres en la infancia es fundamental ya que ofrece m\u00faltiples beneficios para el desarrollo de los ni\u00f1os y ni\u00f1as. Entre ellos se incluyen:<\/p>\n<ol>\n<li><strong>Estimulaci\u00f3n creativa:<\/strong>\u00a0Los t\u00edteres fomentan la imaginaci\u00f3n y la creatividad al permitir que los ni\u00f1os inventen historias y den vida a diferentes personajes.<\/li>\n<li><strong>Desarrollo del lenguaje:<\/strong>\u00a0Ayudan a mejorar las habilidades ling\u00fc\u00edsticas al animar a los ni\u00f1os a hablar, expresarse y narrar historias, lo que fortalece su vocabulario y su capacidad para comunicarse.<\/li>\n<li><strong>Desarrollo emocional:<\/strong>\u00a0Los t\u00edteres pueden ser \u00fatiles para que los ni\u00f1os expresen emociones y sentimientos, permiti\u00e9ndoles comprender y manejar mejor sus propias emociones.<\/li>\n<li><strong>Aprendizaje social:<\/strong>\u00a0Jugando con t\u00edteres, los ni\u00f1os pueden practicar habilidades sociales, como tomar turnos, trabajar en equipo y resolver conflictos de manera imaginativa.<\/li>\n<li><strong>Desarrollo cognitivo:<\/strong>\u00a0Utilizar t\u00edteres implica planificaci\u00f3n y organizaci\u00f3n en la creaci\u00f3n de historias, lo que ayuda al desarrollo del pensamiento l\u00f3gico y la resoluci\u00f3n de problemas.<\/li>\n<\/ol>\n<p>&nbsp;<\/p>\n<p>En resumen, jugar con t\u00edteres en la infancia es una actividad valiosa que promueve el desarrollo integral de los ni\u00f1os, al mismo tiempo que les proporciona diversi\u00f3n y entretenimiento.<\/p>\n<p>&nbsp;<\/p>\n<p>&nbsp;<\/p>\n<p>&nbsp;<\/p>\n<p>El teatro es de tela , relleno de goma espuma.<\/p>\n<p>Se pliega y mide 21&#215;60 cm abierto y 21&#215;21 cm cerrado.<\/p>\n<p>Viene en caja listo para regalo<\/p>\n<p>Incluye 5 t\u00edteres de dedo<\/p>\n<\/div>\n","protected":false},"excerpt":{"rendered":"<p>Descripci\u00f3n Jugar con t\u00edteres en la infancia es fundamental ya que ofrece m\u00faltiples beneficios para el desarrollo de los ni\u00f1os y ni\u00f1as. Entre ellos se incluyen: Estimulaci\u00f3n creativa:\u00a0Los t\u00edteres fomentan la imaginaci\u00f3n y la creatividad al permitir que los ni\u00f1os inventen historias y den vida a diferentes personajes. Desarrollo del lenguaje:\u00a0Ayudan a mejorar las habilidades [&hellip;]<\/p>\n","protected":false},"featured_media":25390,"comment_status":"open","ping_status":"closed","template":"","meta":{"site-sidebar-layout":"default","site-content-layout":"","ast-site-content-layout":"default","site-content-style":"default","site-sidebar-style":"default","ast-global-header-display":"","ast-banner-title-visibility":"","ast-main-header-display":"","ast-hfb-above-header-display":"","ast-hfb-below-header-display":"","ast-hfb-mobile-header-display":"","site-post-title":"","ast-breadcrumbs-content":"","ast-featured-img":"","footer-sml-layout":"","theme-transparent-header-meta":"default","adv-header-id-meta":"","stick-header-meta":"","header-above-stick-meta":"","header-main-stick-meta":"","header-below-stick-meta":"","astra-migrate-meta-layouts":"set","ast-page-background-enabled":"default","ast-page-background-meta":{"desktop":{"background-color":"","background-image":"","background-repeat":"repeat","background-position":"center center","background-size":"auto","background-attachment":"scroll","background-type":"","background-media":"","overlay-type":"","overlay-color":"","overlay-opacity":"","overlay-gradient":""},"tablet":{"background-color":"","background-image":"","background-repeat":"repeat","background-position":"center center","background-size":"auto","background-attachment":"scroll","background-type":"","background-media":"","overlay-type":"","overlay-color":"","overlay-opacity":"","overlay-gradient":""},"mobile":{"background-color":"","background-image":"","background-repeat":"repeat","background-position":"center center","background-size":"auto","background-attachment":"scroll","background-type":"","background-media":"","overlay-type":"","overlay-color":"","overlay-opacity":"","overlay-gradient":""}},"ast-content-background-meta":{"desktop":{"background-color":"var(--ast-global-color-5)","background-image":"","background-repeat":"repeat","background-position":"center center","background-size":"auto","background-attachment":"scroll","background-type":"","background-media":"","overlay-type":"","overlay-color":"","overlay-opacity":"","overlay-gradient":""},"tablet":{"background-color":"var(--ast-global-color-5)","background-image":"","background-repeat":"repeat","background-position":"center center","background-size":"auto","background-attachment":"scroll","background-type":"","background-media":"","overlay-type":"","overlay-color":"","overlay-opacity":"","overlay-gradient":""},"mobile":{"background-color":"var(--ast-global-color-5)","background-image":"","background-repeat":"repeat","background-position":"center center","background-size":"auto","background-attachment":"scroll","background-type":"","background-media":"","overlay-type":"","overlay-color":"","overlay-opacity":"","overlay-gradient":""}},"spay_email":""},"product_cat":[18,161,163,164,165,205,76,145,208],"product_tag":[],"_links":{"self":[{"href":"https:\/\/jugueterialudico.com.ar\/index.php?rest_route=\/wp\/v2\/product\/25389"}],"collection":[{"href":"https:\/\/jugueterialudico.com.ar\/index.php?rest_route=\/wp\/v2\/product"}],"about":[{"href":"https:\/\/jugueterialudico.com.ar\/index.php?rest_route=\/wp\/v2\/types\/product"}],"replies":[{"embeddable":true,"href":"https:\/\/jugueterialudico.com.ar\/index.php?rest_route=%2Fwp%2Fv2%2Fcomments&post=25389"}],"wp:featuredmedia":[{"embeddable":true,"href":"https:\/\/jugueterialudico.com.ar\/index.php?rest_route=\/wp\/v2\/media\/25390"}],"wp:attachment":[{"href":"https:\/\/jugueterialudico.com.ar\/index.php?rest_route=%2Fwp%2Fv2%2Fmedia&parent=25389"}],"wp:term":[{"taxonomy":"product_cat","embeddable":true,"href":"https:\/\/jugueterialudico.com.ar\/index.php?rest_route=%2Fwp%2Fv2%2Fproduct_cat&post=25389"},{"taxonomy":"product_tag","embeddable":true,"href":"https:\/\/jugueterialudico.com.ar\/index.php?rest_route=%2Fwp%2Fv2%2Fproduct_tag&post=25389"}],"curies":[{"name":"wp","href":"https:\/\/api.w.org\/{rel}","templated":true}]}}