{"id":25431,"date":"2024-11-05T17:05:31","date_gmt":"2024-11-05T20:05:31","guid":{"rendered":"https:\/\/jugueterialudico.com.ar\/?post_type=product&#038;p=25431"},"modified":"2024-11-05T17:05:31","modified_gmt":"2024-11-05T20:05:31","slug":"quimica-recreativa-118","status":"publish","type":"product","link":"https:\/\/jugueterialudico.com.ar\/?product=quimica-recreativa-118","title":{"rendered":"QUIMICA RECREATIVA &#8211; 118"},"content":{"rendered":"<p>INTRODUCCI\u00d3N A LA QU\u00cdMICA \u2013 MAS DE 40 EXPERIMENTOS DID\u00c1CTICOS E INOFENSIVOS.<br \/>\nDIVERTETE EXPLORANDO LOS SENDEROS DE LA QU\u00cdMICA, EXPLOTA TU PASI\u00d3N DE INVESTIGADOR. APRENDE JUGANDO. FOMENTA CREATIVIDAD.<br \/>\nEDAD RECOMENDADA: MAYORES DE 10 A\u00d1OS.<br \/>\nUTILIZAR \u00daNICAMENTE BAJO LA ESTRICTA SUPERVISION DE ADULTOS QUE HAYAN ESTUDIADO LAS PRECAUCIONES INDICADAS EN EL JUEGO PARA EXPERIMENTOS.<br \/>\nPRODUCTO NACIONAL.<br \/>\nCONTIENE: tubo de ensayo \u2013 broche- embudo \u2013 gotero -alambre \u2013 corcho- sustancias seguras \u2013 cuchara \u2013 fichas de experimentos \u2013 instrucciones- y mas!<\/p>\n","protected":false},"excerpt":{"rendered":"<p><strong>Divertite explorando los senderos de la qu\u00edmica. Explot\u00e1 tu pasi\u00f3n de investigador. Aprend\u00e9 jugando y foment\u00e1 tu creatividad.<\/strong><\/p>\n","protected":false},"featured_media":25433,"comment_status":"open","ping_status":"closed","template":"","meta":{"site-sidebar-layout":"default","site-content-layout":"","ast-site-content-layout":"default","site-content-style":"default","site-sidebar-style":"default","ast-global-header-display":"","ast-banner-title-visibility":"","ast-main-header-display":"","ast-hfb-above-header-display":"","ast-hfb-below-header-display":"","ast-hfb-mobile-header-display":"","site-post-title":"","ast-breadcrumbs-content":"","ast-featured-img":"","footer-sml-layout":"","theme-transparent-header-meta":"default","adv-header-id-meta":"","stick-header-meta":"","header-above-stick-meta":"","header-main-stick-meta":"","header-below-stick-meta":"","astra-migrate-meta-layouts":"set","ast-page-background-enabled":"default","ast-page-background-meta":{"desktop":{"background-color":"","background-image":"","background-repeat":"repeat","background-position":"center center","background-size":"auto","background-attachment":"scroll","background-type":"","background-media":"","overlay-type":"","overlay-color":"","overlay-opacity":"","overlay-gradient":""},"tablet":{"background-color":"","background-image":"","background-repeat":"repeat","background-position":"center center","background-size":"auto","background-attachment":"scroll","background-type":"","background-media":"","overlay-type":"","overlay-color":"","overlay-opacity":"","overlay-gradient":""},"mobile":{"background-color":"","background-image":"","background-repeat":"repeat","background-position":"center center","background-size":"auto","background-attachment":"scroll","background-type":"","background-media":"","overlay-type":"","overlay-color":"","overlay-opacity":"","overlay-gradient":""}},"ast-content-background-meta":{"desktop":{"background-color":"var(--ast-global-color-5)","background-image":"","background-repeat":"repeat","background-position":"center center","background-size":"auto","background-attachment":"scroll","background-type":"","background-media":"","overlay-type":"","overlay-color":"","overlay-opacity":"","overlay-gradient":""},"tablet":{"background-color":"var(--ast-global-color-5)","background-image":"","background-repeat":"repeat","background-position":"center center","background-size":"auto","background-attachment":"scroll","background-type":"","background-media":"","overlay-type":"","overlay-color":"","overlay-opacity":"","overlay-gradient":""},"mobile":{"background-color":"var(--ast-global-color-5)","background-image":"","background-repeat":"repeat","background-position":"center center","background-size":"auto","background-attachment":"scroll","background-type":"","background-media":"","overlay-type":"","overlay-color":"","overlay-opacity":"","overlay-gradient":""}},"spay_email":""},"product_cat":[168,167,75,169],"product_tag":[],"_links":{"self":[{"href":"https:\/\/jugueterialudico.com.ar\/index.php?rest_route=\/wp\/v2\/product\/25431"}],"collection":[{"href":"https:\/\/jugueterialudico.com.ar\/index.php?rest_route=\/wp\/v2\/product"}],"about":[{"href":"https:\/\/jugueterialudico.com.ar\/index.php?rest_route=\/wp\/v2\/types\/product"}],"replies":[{"embeddable":true,"href":"https:\/\/jugueterialudico.com.ar\/index.php?rest_route=%2Fwp%2Fv2%2Fcomments&post=25431"}],"wp:featuredmedia":[{"embeddable":true,"href":"https:\/\/jugueterialudico.com.ar\/index.php?rest_route=\/wp\/v2\/media\/25433"}],"wp:attachment":[{"href":"https:\/\/jugueterialudico.com.ar\/index.php?rest_route=%2Fwp%2Fv2%2Fmedia&parent=25431"}],"wp:term":[{"taxonomy":"product_cat","embeddable":true,"href":"https:\/\/jugueterialudico.com.ar\/index.php?rest_route=%2Fwp%2Fv2%2Fproduct_cat&post=25431"},{"taxonomy":"product_tag","embeddable":true,"href":"https:\/\/jugueterialudico.com.ar\/index.php?rest_route=%2Fwp%2Fv2%2Fproduct_tag&post=25431"}],"curies":[{"name":"wp","href":"https:\/\/api.w.org\/{rel}","templated":true}]}}