{"id":25766,"date":"2025-02-12T13:37:38","date_gmt":"2025-02-12T16:37:38","guid":{"rendered":"https:\/\/jugueterialudico.com.ar\/?post_type=product&#038;p=25766"},"modified":"2026-03-20T11:10:45","modified_gmt":"2026-03-20T14:10:45","slug":"unanimo-party-035","status":"publish","type":"product","link":"https:\/\/jugueterialudico.com.ar\/?product=unanimo-party-035","title":{"rendered":"UN\u00c1NIMO PARTY &#8211; 035"},"content":{"rendered":"<p><strong>UN\u00c1NIMO PARTY<\/strong><\/p>\n<p>Todos a conectar.<br \/>\nUn juego para divertirse con amigos en el que pensar igual que los dem\u00e1s es la clave del \u00e9xito.<\/p>\n<p>Sac\u00e1 una tarjeta, escrib\u00ed 6 palabras relacionadas con el tema. Gan\u00e1s puntos por cada jugador que escribi\u00f3 lo mismo que vos&#8230;as\u00ed que es fundamental tratar de pensar como los dem\u00e1s!<\/p>\n<p>El juego se desarrolla en 3 rondas. Cada ronda tiene una tarjeta diferente, donde deber\u00e1s anotar palabras y puntuar.<\/p>\n<p>Un juego que va a alegrar tus juntadas. Tiene 4 variantes de juego para probar diferentes formas y dificultades.<\/p>\n<p><strong>Cantidad de jugadores:\u00a0<\/strong>3 a 8<br \/>\n<strong>Edad:\u00a0<\/strong>10 a 99 a\u00f1os<br \/>\n<strong>Tiempo:\u00a0<\/strong>20 minutos<\/p>\n","protected":false},"excerpt":{"rendered":"<p>UN\u00c1NIMO PARTY Todos a conectar. Un juego para divertirse con amigos en el que pensar igual que los dem\u00e1s es la clave del \u00e9xito. Sac\u00e1 una tarjeta, escrib\u00ed 6 palabras relacionadas con el tema. Gan\u00e1s puntos por cada jugador que escribi\u00f3 lo mismo que vos&#8230;as\u00ed que es fundamental tratar de pensar como los dem\u00e1s! El [&hellip;]<\/p>\n","protected":false},"featured_media":25767,"comment_status":"open","ping_status":"closed","template":"","meta":{"site-sidebar-layout":"default","site-content-layout":"","ast-site-content-layout":"default","site-content-style":"default","site-sidebar-style":"default","ast-global-header-display":"","ast-banner-title-visibility":"","ast-main-header-display":"","ast-hfb-above-header-display":"","ast-hfb-below-header-display":"","ast-hfb-mobile-header-display":"","site-post-title":"","ast-breadcrumbs-content":"","ast-featured-img":"","footer-sml-layout":"","theme-transparent-header-meta":"default","adv-header-id-meta":"","stick-header-meta":"","header-above-stick-meta":"","header-main-stick-meta":"","header-below-stick-meta":"","astra-migrate-meta-layouts":"set","ast-page-background-enabled":"default","ast-page-background-meta":{"desktop":{"background-color":"","background-image":"","background-repeat":"repeat","background-position":"center center","background-size":"auto","background-attachment":"scroll","background-type":"","background-media":"","overlay-type":"","overlay-color":"","overlay-opacity":"","overlay-gradient":""},"tablet":{"background-color":"","background-image":"","background-repeat":"repeat","background-position":"center center","background-size":"auto","background-attachment":"scroll","background-type":"","background-media":"","overlay-type":"","overlay-color":"","overlay-opacity":"","overlay-gradient":""},"mobile":{"background-color":"","background-image":"","background-repeat":"repeat","background-position":"center center","background-size":"auto","background-attachment":"scroll","background-type":"","background-media":"","overlay-type":"","overlay-color":"","overlay-opacity":"","overlay-gradient":""}},"ast-content-background-meta":{"desktop":{"background-color":"var(--ast-global-color-5)","background-image":"","background-repeat":"repeat","background-position":"center center","background-size":"auto","background-attachment":"scroll","background-type":"","background-media":"","overlay-type":"","overlay-color":"","overlay-opacity":"","overlay-gradient":""},"tablet":{"background-color":"var(--ast-global-color-5)","background-image":"","background-repeat":"repeat","background-position":"center center","background-size":"auto","background-attachment":"scroll","background-type":"","background-media":"","overlay-type":"","overlay-color":"","overlay-opacity":"","overlay-gradient":""},"mobile":{"background-color":"var(--ast-global-color-5)","background-image":"","background-repeat":"repeat","background-position":"center center","background-size":"auto","background-attachment":"scroll","background-type":"","background-media":"","overlay-type":"","overlay-color":"","overlay-opacity":"","overlay-gradient":""}},"spay_email":""},"product_cat":[185,168,167,74],"product_tag":[],"_links":{"self":[{"href":"https:\/\/jugueterialudico.com.ar\/index.php?rest_route=\/wp\/v2\/product\/25766"}],"collection":[{"href":"https:\/\/jugueterialudico.com.ar\/index.php?rest_route=\/wp\/v2\/product"}],"about":[{"href":"https:\/\/jugueterialudico.com.ar\/index.php?rest_route=\/wp\/v2\/types\/product"}],"replies":[{"embeddable":true,"href":"https:\/\/jugueterialudico.com.ar\/index.php?rest_route=%2Fwp%2Fv2%2Fcomments&post=25766"}],"wp:featuredmedia":[{"embeddable":true,"href":"https:\/\/jugueterialudico.com.ar\/index.php?rest_route=\/wp\/v2\/media\/25767"}],"wp:attachment":[{"href":"https:\/\/jugueterialudico.com.ar\/index.php?rest_route=%2Fwp%2Fv2%2Fmedia&parent=25766"}],"wp:term":[{"taxonomy":"product_cat","embeddable":true,"href":"https:\/\/jugueterialudico.com.ar\/index.php?rest_route=%2Fwp%2Fv2%2Fproduct_cat&post=25766"},{"taxonomy":"product_tag","embeddable":true,"href":"https:\/\/jugueterialudico.com.ar\/index.php?rest_route=%2Fwp%2Fv2%2Fproduct_tag&post=25766"}],"curies":[{"name":"wp","href":"https:\/\/api.w.org\/{rel}","templated":true}]}}