{"id":25772,"date":"2025-02-14T17:51:46","date_gmt":"2025-02-14T20:51:46","guid":{"rendered":"https:\/\/jugueterialudico.com.ar\/?post_type=product&#038;p=25772"},"modified":"2025-10-25T19:06:53","modified_gmt":"2025-10-25T22:06:53","slug":"torre-animales-autoctonos-054","status":"publish","type":"product","link":"https:\/\/jugueterialudico.com.ar\/?product=torre-animales-autoctonos-054","title":{"rendered":"TORRE ANIMALES AUTOCTONOS &#8211; 054"},"content":{"rendered":"<h3><strong>Especificaciones del Producto<\/strong><\/h3>\n<ul>\n<li><strong>Presentaci\u00f3n:<\/strong>\u00a0Caja con 1 rompecabezas.<\/li>\n<li><strong>Modelo:<\/strong>\u00a0Animales Aut\u00f3ctonos.<\/li>\n<li><strong>Cantidad de Animales:<\/strong>\u00a010.<\/li>\n<li><strong>Medida Total del Modelo:<\/strong>\u00a036 x 68 cm.<\/li>\n<li><strong>Cantidad de Piezas:<\/strong>\u00a030.<\/li>\n<li><strong>Material:<\/strong>\u00a0Cart\u00f3n grueso.<\/li>\n<\/ul>\n<h3><strong>Edad Sugerida<\/strong><\/h3>\n<p>Este juego est\u00e1 dise\u00f1ado para un nivel de dificultad acorde al desarrollo t\u00edpico de un ni\u00f1o de tres a\u00f1os.<\/p>\n<blockquote><p><strong>Nota importante:<\/strong>\u00a0Puede ser utilizado por ni\u00f1os mayores con trastornos del neurodesarrollo, ya que es una excelente herramienta de estimulaci\u00f3n cognitiva.<\/p><\/blockquote>\n","protected":false},"excerpt":{"rendered":"<p id=\"item-contiene\" class=\"content\"><b>Contiene:\u00a0<\/b>Caja con 1 rompecabezas de 30 piezas<\/p>\n<p id=\"item-medidas\" class=\"content\"><b>Dimensiones:\u00a0<\/b>36 cm. x 68 cm.<\/p>\n<p id=\"item-edad\" class=\"content\"><b>Edad sugerida:\u00a0<\/b>+3 a\u00f1os<\/p>\n<div id=\"item-extra\" class=\"content is-normal\">\n<p><strong>Descripci\u00f3n<\/strong><br \/>\nUn estimulante juego que fomenta el desarrollo intelectual, motor y social, dise\u00f1ado para ni\u00f1os y ni\u00f1as en sus primeras etapas de crecimiento. Ideal para promover habilidades cognitivas, motrices y sociales de manera divertida y educativa.<\/p>\n<\/div>\n","protected":false},"featured_media":25773,"comment_status":"open","ping_status":"closed","template":"","meta":{"site-sidebar-layout":"default","site-content-layout":"","ast-site-content-layout":"default","site-content-style":"default","site-sidebar-style":"default","ast-global-header-display":"","ast-banner-title-visibility":"","ast-main-header-display":"","ast-hfb-above-header-display":"","ast-hfb-below-header-display":"","ast-hfb-mobile-header-display":"","site-post-title":"","ast-breadcrumbs-content":"","ast-featured-img":"","footer-sml-layout":"","theme-transparent-header-meta":"default","adv-header-id-meta":"","stick-header-meta":"","header-above-stick-meta":"","header-main-stick-meta":"","header-below-stick-meta":"","astra-migrate-meta-layouts":"set","ast-page-background-enabled":"default","ast-page-background-meta":{"desktop":{"background-color":"","background-image":"","background-repeat":"repeat","background-position":"center center","background-size":"auto","background-attachment":"scroll","background-type":"","background-media":"","overlay-type":"","overlay-color":"","overlay-opacity":"","overlay-gradient":""},"tablet":{"background-color":"","background-image":"","background-repeat":"repeat","background-position":"center center","background-size":"auto","background-attachment":"scroll","background-type":"","background-media":"","overlay-type":"","overlay-color":"","overlay-opacity":"","overlay-gradient":""},"mobile":{"background-color":"","background-image":"","background-repeat":"repeat","background-position":"center center","background-size":"auto","background-attachment":"scroll","background-type":"","background-media":"","overlay-type":"","overlay-color":"","overlay-opacity":"","overlay-gradient":""}},"ast-content-background-meta":{"desktop":{"background-color":"var(--ast-global-color-5)","background-image":"","background-repeat":"repeat","background-position":"center center","background-size":"auto","background-attachment":"scroll","background-type":"","background-media":"","overlay-type":"","overlay-color":"","overlay-opacity":"","overlay-gradient":""},"tablet":{"background-color":"var(--ast-global-color-5)","background-image":"","background-repeat":"repeat","background-position":"center center","background-size":"auto","background-attachment":"scroll","background-type":"","background-media":"","overlay-type":"","overlay-color":"","overlay-opacity":"","overlay-gradient":""},"mobile":{"background-color":"var(--ast-global-color-5)","background-image":"","background-repeat":"repeat","background-position":"center center","background-size":"auto","background-attachment":"scroll","background-type":"","background-media":"","overlay-type":"","overlay-color":"","overlay-opacity":"","overlay-gradient":""}},"spay_email":""},"product_cat":[164,165,166,72],"product_tag":[],"_links":{"self":[{"href":"https:\/\/jugueterialudico.com.ar\/index.php?rest_route=\/wp\/v2\/product\/25772"}],"collection":[{"href":"https:\/\/jugueterialudico.com.ar\/index.php?rest_route=\/wp\/v2\/product"}],"about":[{"href":"https:\/\/jugueterialudico.com.ar\/index.php?rest_route=\/wp\/v2\/types\/product"}],"replies":[{"embeddable":true,"href":"https:\/\/jugueterialudico.com.ar\/index.php?rest_route=%2Fwp%2Fv2%2Fcomments&post=25772"}],"wp:featuredmedia":[{"embeddable":true,"href":"https:\/\/jugueterialudico.com.ar\/index.php?rest_route=\/wp\/v2\/media\/25773"}],"wp:attachment":[{"href":"https:\/\/jugueterialudico.com.ar\/index.php?rest_route=%2Fwp%2Fv2%2Fmedia&parent=25772"}],"wp:term":[{"taxonomy":"product_cat","embeddable":true,"href":"https:\/\/jugueterialudico.com.ar\/index.php?rest_route=%2Fwp%2Fv2%2Fproduct_cat&post=25772"},{"taxonomy":"product_tag","embeddable":true,"href":"https:\/\/jugueterialudico.com.ar\/index.php?rest_route=%2Fwp%2Fv2%2Fproduct_tag&post=25772"}],"curies":[{"name":"wp","href":"https:\/\/api.w.org\/{rel}","templated":true}]}}