{"id":25862,"date":"2025-02-28T13:20:24","date_gmt":"2025-02-28T16:20:24","guid":{"rendered":"https:\/\/jugueterialudico.com.ar\/?post_type=product&#038;p=25862"},"modified":"2025-06-11T15:14:48","modified_gmt":"2025-06-11T18:14:48","slug":"bingo-objetos-200","status":"publish","type":"product","link":"https:\/\/jugueterialudico.com.ar\/?product=bingo-objetos-200","title":{"rendered":"BINGO OBJETOS &#8211; 200"},"content":{"rendered":"<p><strong>Bingo Objetos: Un Juego Divertido para recorrer la Casa!<\/strong><\/p>\n<p>\u00a1Descubre el\u00a0<strong>Bingo Objetos<\/strong>, el juego ideal para que los ni\u00f1os exploren y aprendan mientras se divierten! Este juego de bingo ha sido dise\u00f1ado especialmente para fomentar la\u00a0<strong>discriminaci\u00f3n visual<\/strong>, a trav\u00e9s de la clasificaci\u00f3n y categorizaci\u00f3n de objetos que se encuentran en el hogar.<\/p>\n<p><strong>\u00bfQu\u00e9 Incluye?<\/strong>\u00a0&#8211;\u00a0<strong>4 tableros<\/strong>\u00a0ilustrativos de diferentes partes de la casa. &#8211;\u00a0<strong>24 fichas<\/strong>\u00a0coloridas para un juego din\u00e1mico. &#8211;\u00a0<strong>Bolsa de tela<\/strong>\u00a0para guardar todo con estilo.<\/p>\n<p><strong>Caracter\u00edsticas del Producto:<\/strong>\u00a0&#8211; Material:\u00a0<strong>Cart\u00f3n r\u00edgido<\/strong>\u00a0y\u00a0<strong>laminado<\/strong>\u00a0para mayor durabilidad. &#8211; Tama\u00f1o de tableros:\u00a0<strong>9 x 13 cm<\/strong>; fichas de\u00a0<strong>4 x 4 cm<\/strong>.<\/p>\n<p>Ideal para ni\u00f1os a partir de\u00a0<strong>3 a\u00f1os<\/strong>, el Bingo Objetos no solo proporciona horas de entretenimiento, sino que tambi\u00e9n potencia el aprendizaje de nuevo vocabulario de una manera l\u00fadica y divertida. \u00a1Haz que el aprendizaje sea una aventura en cada rinc\u00f3n de tu casa!<\/p>\n","protected":false},"excerpt":{"rendered":"<p>Bingo Objetos: Un Juego Divertido para recorrer la Casa! \u00a1Descubre el\u00a0Bingo Objetos, el juego ideal para que los ni\u00f1os exploren y aprendan mientras se divierten! Este juego de bingo ha sido dise\u00f1ado especialmente para fomentar la\u00a0discriminaci\u00f3n visual, a trav\u00e9s de la clasificaci\u00f3n y categorizaci\u00f3n de objetos que se encuentran en el hogar. \u00bfQu\u00e9 Incluye?\u00a0&#8211;\u00a04 tableros\u00a0ilustrativos [&hellip;]<\/p>\n","protected":false},"featured_media":25863,"comment_status":"open","ping_status":"closed","template":"","meta":{"site-sidebar-layout":"default","site-content-layout":"","ast-site-content-layout":"default","site-content-style":"default","site-sidebar-style":"default","ast-global-header-display":"","ast-banner-title-visibility":"","ast-main-header-display":"","ast-hfb-above-header-display":"","ast-hfb-below-header-display":"","ast-hfb-mobile-header-display":"","site-post-title":"","ast-breadcrumbs-content":"","ast-featured-img":"","footer-sml-layout":"","theme-transparent-header-meta":"default","adv-header-id-meta":"","stick-header-meta":"","header-above-stick-meta":"","header-main-stick-meta":"","header-below-stick-meta":"","astra-migrate-meta-layouts":"set","ast-page-background-enabled":"default","ast-page-background-meta":{"desktop":{"background-color":"","background-image":"","background-repeat":"repeat","background-position":"center center","background-size":"auto","background-attachment":"scroll","background-type":"","background-media":"","overlay-type":"","overlay-color":"","overlay-opacity":"","overlay-gradient":""},"tablet":{"background-color":"","background-image":"","background-repeat":"repeat","background-position":"center center","background-size":"auto","background-attachment":"scroll","background-type":"","background-media":"","overlay-type":"","overlay-color":"","overlay-opacity":"","overlay-gradient":""},"mobile":{"background-color":"","background-image":"","background-repeat":"repeat","background-position":"center center","background-size":"auto","background-attachment":"scroll","background-type":"","background-media":"","overlay-type":"","overlay-color":"","overlay-opacity":"","overlay-gradient":""}},"ast-content-background-meta":{"desktop":{"background-color":"var(--ast-global-color-5)","background-image":"","background-repeat":"repeat","background-position":"center center","background-size":"auto","background-attachment":"scroll","background-type":"","background-media":"","overlay-type":"","overlay-color":"","overlay-opacity":"","overlay-gradient":""},"tablet":{"background-color":"var(--ast-global-color-5)","background-image":"","background-repeat":"repeat","background-position":"center center","background-size":"auto","background-attachment":"scroll","background-type":"","background-media":"","overlay-type":"","overlay-color":"","overlay-opacity":"","overlay-gradient":""},"mobile":{"background-color":"var(--ast-global-color-5)","background-image":"","background-repeat":"repeat","background-position":"center center","background-size":"auto","background-attachment":"scroll","background-type":"","background-media":"","overlay-type":"","overlay-color":"","overlay-opacity":"","overlay-gradient":""}},"spay_email":""},"product_cat":[164,165,146,74],"product_tag":[],"_links":{"self":[{"href":"https:\/\/jugueterialudico.com.ar\/index.php?rest_route=\/wp\/v2\/product\/25862"}],"collection":[{"href":"https:\/\/jugueterialudico.com.ar\/index.php?rest_route=\/wp\/v2\/product"}],"about":[{"href":"https:\/\/jugueterialudico.com.ar\/index.php?rest_route=\/wp\/v2\/types\/product"}],"replies":[{"embeddable":true,"href":"https:\/\/jugueterialudico.com.ar\/index.php?rest_route=%2Fwp%2Fv2%2Fcomments&post=25862"}],"wp:featuredmedia":[{"embeddable":true,"href":"https:\/\/jugueterialudico.com.ar\/index.php?rest_route=\/wp\/v2\/media\/25863"}],"wp:attachment":[{"href":"https:\/\/jugueterialudico.com.ar\/index.php?rest_route=%2Fwp%2Fv2%2Fmedia&parent=25862"}],"wp:term":[{"taxonomy":"product_cat","embeddable":true,"href":"https:\/\/jugueterialudico.com.ar\/index.php?rest_route=%2Fwp%2Fv2%2Fproduct_cat&post=25862"},{"taxonomy":"product_tag","embeddable":true,"href":"https:\/\/jugueterialudico.com.ar\/index.php?rest_route=%2Fwp%2Fv2%2Fproduct_tag&post=25862"}],"curies":[{"name":"wp","href":"https:\/\/api.w.org\/{rel}","templated":true}]}}