{"id":25978,"date":"2025-04-07T18:45:37","date_gmt":"2025-04-07T21:45:37","guid":{"rendered":"https:\/\/jugueterialudico.com.ar\/?post_type=product&#038;p=25978"},"modified":"2026-04-28T18:20:50","modified_gmt":"2026-04-28T21:20:50","slug":"pocion-fantasma-011","status":"publish","type":"product","link":"https:\/\/jugueterialudico.com.ar\/?product=pocion-fantasma-011","title":{"rendered":"POCION FANTASMA &#8211; 011"},"content":{"rendered":"<p><strong>\u00bfC\u00f3mo se juega?<\/strong><\/p>\n<p>Cada jugador debe moverse por el tablero, recolectando los ingredientes necesarios y desactivando los candados para acceder a nuevas habitaciones. El juego incluye fichas de ingredientes, pociones y acciones especiales que afectan a todos los jugadores. Gana el primer jugador que logre llegar al \u00e1tico de la mansi\u00f3n con todos los ingredientes correctos para completar su f\u00f3rmula.<\/p>\n<ul>\n<li><strong>Primer paso:<\/strong>\u00a0Elige un personaje fantasma y col\u00f3calo en la puerta de entrada de la mansi\u00f3n.<\/li>\n<li><strong>Segundo pasos:<\/strong>\u00a0Tira los dados para moverte a trav\u00e9s del tablero y obtener ingredientes. \u00a1Cuidado con las fichas especiales!<\/li>\n<li><strong>Objetivo:<\/strong>\u00a0S\u00e9 el primero en recolectar todos los ingredientes y llegar al \u00e1tico para preparar la poci\u00f3n y ganar.<\/li>\n<\/ul>\n<p><strong>\u00bfPor qu\u00e9 es perfecto para ti?<\/strong><\/p>\n<p>Poci\u00f3n Fantasma es ideal para quienes aman los juegos de estrategia con un toque de fantas\u00eda. Adem\u00e1s de desafiar tu mente, te ofrece una experiencia divertida y llena de sorpresas en cada partida. \u00a1Perfecto para disfrutar en familia o con amigos!<\/p>\n<p><strong>Edad recomendada:<\/strong>\u00a08 a\u00f1os en adelante.<\/p>\n<p><strong>Cantidad de jugadores:<\/strong>\u00a02 a 4.<\/p>\n<p>\u00a1Prep\u00e1rate para una aventura escalofriante y llena de desaf\u00edos! Atr\u00e9vete a explorar la mansi\u00f3n, recolecta los ingredientes m\u00e1s extra\u00f1os y compite por ser el primero en volver a la vida. Cada partida ser\u00e1 una experiencia \u00fanica. \u00bfEst\u00e1s listo para el desaf\u00edo?<\/p>\n","protected":false},"excerpt":{"rendered":"<p><strong>\u00a1Bienvenidos a Poci\u00f3n Fantasma!\u00a0<\/strong><strong>\ud83d\udc7b<\/strong><\/p>\n<p>\u00bfTe atreves a ayudar a estos divertidos fantasmas a volver a la vida? \u00a1Prepara tus habilidades estrat\u00e9gicas y tu creatividad para desentra\u00f1ar los misterios de la mansi\u00f3n!<\/p>\n<p><strong>\u00bfQu\u00e9 es Poci\u00f3n Fantasma?<\/strong><\/p>\n<p>Poci\u00f3n Fantasma es un emocionante juego de estrategia en el que los jugadores asumen el rol de fantasmas que deben encontrar los ingredientes correctos para volver a la vida. Navegar\u00e1s a trav\u00e9s de la mansi\u00f3n encantada, buscando pociones y desafiando las fichas especiales, todo mientras intentas ser el primero en completar la f\u00f3rmula m\u00e1gica.<\/p>\n","protected":false},"featured_media":25979,"comment_status":"open","ping_status":"closed","template":"","meta":{"site-sidebar-layout":"default","site-content-layout":"","ast-site-content-layout":"default","site-content-style":"default","site-sidebar-style":"default","ast-global-header-display":"","ast-banner-title-visibility":"","ast-main-header-display":"","ast-hfb-above-header-display":"","ast-hfb-below-header-display":"","ast-hfb-mobile-header-display":"","site-post-title":"","ast-breadcrumbs-content":"","ast-featured-img":"","footer-sml-layout":"","theme-transparent-header-meta":"default","adv-header-id-meta":"","stick-header-meta":"","header-above-stick-meta":"","header-main-stick-meta":"","header-below-stick-meta":"","astra-migrate-meta-layouts":"set","ast-page-background-enabled":"default","ast-page-background-meta":{"desktop":{"background-color":"","background-image":"","background-repeat":"repeat","background-position":"center center","background-size":"auto","background-attachment":"scroll","background-type":"","background-media":"","overlay-type":"","overlay-color":"","overlay-opacity":"","overlay-gradient":""},"tablet":{"background-color":"","background-image":"","background-repeat":"repeat","background-position":"center center","background-size":"auto","background-attachment":"scroll","background-type":"","background-media":"","overlay-type":"","overlay-color":"","overlay-opacity":"","overlay-gradient":""},"mobile":{"background-color":"","background-image":"","background-repeat":"repeat","background-position":"center center","background-size":"auto","background-attachment":"scroll","background-type":"","background-media":"","overlay-type":"","overlay-color":"","overlay-opacity":"","overlay-gradient":""}},"ast-content-background-meta":{"desktop":{"background-color":"var(--ast-global-color-5)","background-image":"","background-repeat":"repeat","background-position":"center center","background-size":"auto","background-attachment":"scroll","background-type":"","background-media":"","overlay-type":"","overlay-color":"","overlay-opacity":"","overlay-gradient":""},"tablet":{"background-color":"var(--ast-global-color-5)","background-image":"","background-repeat":"repeat","background-position":"center center","background-size":"auto","background-attachment":"scroll","background-type":"","background-media":"","overlay-type":"","overlay-color":"","overlay-opacity":"","overlay-gradient":""},"mobile":{"background-color":"var(--ast-global-color-5)","background-image":"","background-repeat":"repeat","background-position":"center center","background-size":"auto","background-attachment":"scroll","background-type":"","background-media":"","overlay-type":"","overlay-color":"","overlay-opacity":"","overlay-gradient":""}},"spay_email":""},"product_cat":[168,167,74],"product_tag":[212,206,211],"_links":{"self":[{"href":"https:\/\/jugueterialudico.com.ar\/index.php?rest_route=\/wp\/v2\/product\/25978"}],"collection":[{"href":"https:\/\/jugueterialudico.com.ar\/index.php?rest_route=\/wp\/v2\/product"}],"about":[{"href":"https:\/\/jugueterialudico.com.ar\/index.php?rest_route=\/wp\/v2\/types\/product"}],"replies":[{"embeddable":true,"href":"https:\/\/jugueterialudico.com.ar\/index.php?rest_route=%2Fwp%2Fv2%2Fcomments&post=25978"}],"wp:featuredmedia":[{"embeddable":true,"href":"https:\/\/jugueterialudico.com.ar\/index.php?rest_route=\/wp\/v2\/media\/25979"}],"wp:attachment":[{"href":"https:\/\/jugueterialudico.com.ar\/index.php?rest_route=%2Fwp%2Fv2%2Fmedia&parent=25978"}],"wp:term":[{"taxonomy":"product_cat","embeddable":true,"href":"https:\/\/jugueterialudico.com.ar\/index.php?rest_route=%2Fwp%2Fv2%2Fproduct_cat&post=25978"},{"taxonomy":"product_tag","embeddable":true,"href":"https:\/\/jugueterialudico.com.ar\/index.php?rest_route=%2Fwp%2Fv2%2Fproduct_tag&post=25978"}],"curies":[{"name":"wp","href":"https:\/\/api.w.org\/{rel}","templated":true}]}}