{"id":25985,"date":"2025-04-08T09:56:47","date_gmt":"2025-04-08T12:56:47","guid":{"rendered":"https:\/\/jugueterialudico.com.ar\/?post_type=product&#038;p=25985"},"modified":"2026-01-20T11:06:05","modified_gmt":"2026-01-20T14:06:05","slug":"set-argentina-agua-167","status":"publish","type":"product","link":"https:\/\/jugueterialudico.com.ar\/?product=set-argentina-agua-167","title":{"rendered":"SET ARGENTINA AGUA &#8211; 167"},"content":{"rendered":"<h3>SET ARGENTINA\u00a0(para el agua)<\/h3>\n<ul>\n<li>Este set incluye 5\u00a0animalitos de goma eva\u00a0(ballena, pinguino, yaguaret\u00e9, oso hormiguero,\u00f1and\u00fa )\u00a0de 5mm de grosor con un tama\u00f1o de 15&#215;9\u00a0cm aprox.<\/li>\n<li>Aptos para jugar en el agua de forma divertida y segura. La goma eva les permite<strong>\u00a0adherir<\/strong>\u00a0los animales a los azulejos, las ba\u00f1aderas, los espejos y vidrios del ba\u00f1o o cualquier ambiente del hogar!<\/li>\n<li>Nuestros jueguetes<strong>\u00a0favorecen el desarrollo de habilidades motoras y cognitivas<\/strong>, mientran los m\u00e1s peques juegan tamb\u00eden aprenden a coordinar sus capacidades mano &#8211; ojo ya que empiezan a\u00a0<strong>relacionar objetos, formas y colores al mismo tiempo que estimulan su creatividad<\/strong>\u00a0creando historias y aventuras del mundo animal!<\/li>\n<\/ul>\n","protected":false},"excerpt":{"rendered":"<p>SET ARGENTINA\u00a0(para el agua) Este set incluye 5\u00a0animalitos de goma eva\u00a0(ballena, pinguino, yaguaret\u00e9, oso hormiguero,\u00f1and\u00fa )\u00a0de 5mm de grosor con un tama\u00f1o de 15&#215;9\u00a0cm aprox. Aptos para jugar en el agua de forma divertida y segura. La goma eva les permite\u00a0adherir\u00a0los animales a los azulejos, las ba\u00f1aderas, los espejos y vidrios del ba\u00f1o o cualquier [&hellip;]<\/p>\n","protected":false},"featured_media":25986,"comment_status":"open","ping_status":"closed","template":"","meta":{"site-sidebar-layout":"default","site-content-layout":"","ast-site-content-layout":"default","site-content-style":"default","site-sidebar-style":"default","ast-global-header-display":"","ast-banner-title-visibility":"","ast-main-header-display":"","ast-hfb-above-header-display":"","ast-hfb-below-header-display":"","ast-hfb-mobile-header-display":"","site-post-title":"","ast-breadcrumbs-content":"","ast-featured-img":"","footer-sml-layout":"","theme-transparent-header-meta":"default","adv-header-id-meta":"","stick-header-meta":"","header-above-stick-meta":"","header-main-stick-meta":"","header-below-stick-meta":"","astra-migrate-meta-layouts":"set","ast-page-background-enabled":"default","ast-page-background-meta":{"desktop":{"background-color":"","background-image":"","background-repeat":"repeat","background-position":"center center","background-size":"auto","background-attachment":"scroll","background-type":"","background-media":"","overlay-type":"","overlay-color":"","overlay-opacity":"","overlay-gradient":""},"tablet":{"background-color":"","background-image":"","background-repeat":"repeat","background-position":"center center","background-size":"auto","background-attachment":"scroll","background-type":"","background-media":"","overlay-type":"","overlay-color":"","overlay-opacity":"","overlay-gradient":""},"mobile":{"background-color":"","background-image":"","background-repeat":"repeat","background-position":"center center","background-size":"auto","background-attachment":"scroll","background-type":"","background-media":"","overlay-type":"","overlay-color":"","overlay-opacity":"","overlay-gradient":""}},"ast-content-background-meta":{"desktop":{"background-color":"var(--ast-global-color-5)","background-image":"","background-repeat":"repeat","background-position":"center center","background-size":"auto","background-attachment":"scroll","background-type":"","background-media":"","overlay-type":"","overlay-color":"","overlay-opacity":"","overlay-gradient":""},"tablet":{"background-color":"var(--ast-global-color-5)","background-image":"","background-repeat":"repeat","background-position":"center center","background-size":"auto","background-attachment":"scroll","background-type":"","background-media":"","overlay-type":"","overlay-color":"","overlay-opacity":"","overlay-gradient":""},"mobile":{"background-color":"var(--ast-global-color-5)","background-image":"","background-repeat":"repeat","background-position":"center center","background-size":"auto","background-attachment":"scroll","background-type":"","background-media":"","overlay-type":"","overlay-color":"","overlay-opacity":"","overlay-gradient":""}},"spay_email":""},"product_cat":[162,161,163,164,165,166,191,151,146],"product_tag":[],"_links":{"self":[{"href":"https:\/\/jugueterialudico.com.ar\/index.php?rest_route=\/wp\/v2\/product\/25985"}],"collection":[{"href":"https:\/\/jugueterialudico.com.ar\/index.php?rest_route=\/wp\/v2\/product"}],"about":[{"href":"https:\/\/jugueterialudico.com.ar\/index.php?rest_route=\/wp\/v2\/types\/product"}],"replies":[{"embeddable":true,"href":"https:\/\/jugueterialudico.com.ar\/index.php?rest_route=%2Fwp%2Fv2%2Fcomments&post=25985"}],"wp:featuredmedia":[{"embeddable":true,"href":"https:\/\/jugueterialudico.com.ar\/index.php?rest_route=\/wp\/v2\/media\/25986"}],"wp:attachment":[{"href":"https:\/\/jugueterialudico.com.ar\/index.php?rest_route=%2Fwp%2Fv2%2Fmedia&parent=25985"}],"wp:term":[{"taxonomy":"product_cat","embeddable":true,"href":"https:\/\/jugueterialudico.com.ar\/index.php?rest_route=%2Fwp%2Fv2%2Fproduct_cat&post=25985"},{"taxonomy":"product_tag","embeddable":true,"href":"https:\/\/jugueterialudico.com.ar\/index.php?rest_route=%2Fwp%2Fv2%2Fproduct_tag&post=25985"}],"curies":[{"name":"wp","href":"https:\/\/api.w.org\/{rel}","templated":true}]}}