{"id":26400,"date":"2025-07-05T17:58:20","date_gmt":"2025-07-05T20:58:20","guid":{"rendered":"https:\/\/jugueterialudico.com.ar\/?post_type=product&#038;p=26400"},"modified":"2026-04-04T18:41:31","modified_gmt":"2026-04-04T21:41:31","slug":"en-palabras-desconocidos","status":"publish","type":"product","link":"https:\/\/jugueterialudico.com.ar\/?product=en-palabras-desconocidos","title":{"rendered":"EN PALABRAS &#8211; DESCONOCIDOS &#8211; 198"},"content":{"rendered":"<h3 data-start=\"1025\" data-end=\"1042\"><span class=\"_fadeIn_m1hgl_8\">Ideal\u00a0<\/span><span class=\"_fadeIn_m1hgl_8\">para:<\/span><\/h3>\n<p data-start=\"1043\" data-end=\"1384\"><span class=\"_fadeIn_m1hgl_8\">\u2714\u00a0<\/span><span class=\"_fadeIn_m1hgl_8\">Primeras\u00a0<\/span><span class=\"_fadeIn_m1hgl_8\">citas\u00a0<\/span><span class=\"_fadeIn_m1hgl_8\">en\u00a0<\/span><span class=\"_fadeIn_m1hgl_8\">las\u00a0<\/span><span class=\"_fadeIn_m1hgl_8\">que\u00a0<\/span><span class=\"_fadeIn_m1hgl_8\">no\u00a0<\/span><span class=\"_fadeIn_m1hgl_8\">sab\u00e9s\u00a0<\/span><span class=\"_fadeIn_m1hgl_8\">de\u00a0<\/span><span class=\"_fadeIn_m1hgl_8\">qu\u00e9\u00a0<\/span><span class=\"_fadeIn_m1hgl_8\">hablar<\/span><br data-start=\"1093\" data-end=\"1096\" \/><span class=\"_fadeIn_m1hgl_8\">\u2714\u00a0<\/span><span class=\"_fadeIn_m1hgl_8\">Viajes\u00a0<\/span><span class=\"_fadeIn_m1hgl_8\">donde\u00a0<\/span><span class=\"_fadeIn_m1hgl_8\">sab\u00e9s\u00a0<\/span><span class=\"_fadeIn_m1hgl_8\">que\u00a0<\/span><span class=\"_fadeIn_m1hgl_8\">activar\u00a0<\/span><span class=\"_fadeIn_m1hgl_8\">la\u00a0<\/span><span class=\"_fadeIn_m1hgl_8\">charla\u00a0<\/span><span class=\"_fadeIn_m1hgl_8\">puede\u00a0<\/span><span class=\"_fadeIn_m1hgl_8\">ser\u00a0<\/span><span class=\"_fadeIn_m1hgl_8\">EL\u00a0<\/span><span class=\"_fadeIn_m1hgl_8\">plan<\/span><br data-start=\"1156\" data-end=\"1159\" \/><span class=\"_fadeIn_m1hgl_8\">\u2714\u00a0<\/span><span class=\"_fadeIn_m1hgl_8\">Encuentros\u00a0<\/span><span class=\"_fadeIn_m1hgl_8\">con\u00a0<\/span><span class=\"_fadeIn_m1hgl_8\">personas\u00a0<\/span><span class=\"_fadeIn_m1hgl_8\">nuevas<\/span><br data-start=\"1191\" data-end=\"1194\" \/><span class=\"_fadeIn_m1hgl_8\">\u2714\u00a0<\/span><span class=\"_fadeIn_m1hgl_8\">Previas<\/span><br data-start=\"1203\" data-end=\"1206\" \/><span class=\"_fadeIn_m1hgl_8\">\u2714\u00a0<\/span><span class=\"_fadeIn_m1hgl_8\">Reuniones\u00a0<\/span><span class=\"_fadeIn_m1hgl_8\">de\u00a0<\/span><span class=\"_fadeIn_m1hgl_8\">trabajo\u00a0<\/span><span class=\"_fadeIn_m1hgl_8\">o\u00a0<\/span><span class=\"_fadeIn_m1hgl_8\">talleres\u00a0<\/span><span class=\"_fadeIn_m1hgl_8\">donde\u00a0<\/span><span class=\"_fadeIn_m1hgl_8\">hay\u00a0<\/span><span class=\"_fadeIn_m1hgl_8\">que\u00a0<\/span><span class=\"_fadeIn_m1hgl_8\">romper\u00a0<\/span><span class=\"_fadeIn_m1hgl_8\">el\u00a0<\/span><span class=\"_fadeIn_m1hgl_8\">hielo<\/span><br data-start=\"1269\" data-end=\"1272\" data-is-only-node=\"\" \/><span class=\"_fadeIn_m1hgl_8\">\u2714\u00a0<\/span><span class=\"_fadeIn_m1hgl_8\">Grupos\u00a0<\/span><span class=\"_fadeIn_m1hgl_8\">que\u00a0<\/span><span class=\"_fadeIn_m1hgl_8\">todav\u00eda\u00a0<\/span><span class=\"_fadeIn_m1hgl_8\">no\u00a0<\/span><span class=\"_fadeIn_m1hgl_8\">se\u00a0<\/span><span class=\"_fadeIn_m1hgl_8\">conocen\u00a0<\/span><span class=\"_fadeIn_m1hgl_8\">tanto<\/span><br data-start=\"1312\" data-end=\"1315\" \/><span class=\"_fadeIn_m1hgl_8\">\u2714\u00a0<\/span><span class=\"_fadeIn_m1hgl_8\">Cuando\u00a0<\/span><span class=\"_fadeIn_m1hgl_8\">quer\u00e9s\u00a0<\/span><span class=\"_fadeIn_m1hgl_8\">tener\u00a0<\/span><span class=\"_fadeIn_m1hgl_8\">una\u00a0<\/span><span class=\"_fadeIn_m1hgl_8\">buena\u00a0<\/span><span class=\"_fadeIn_m1hgl_8\">charla,\u00a0<\/span><span class=\"_fadeIn_m1hgl_8\">pero\u00a0<\/span><span class=\"_fadeIn_m1hgl_8\">no\u00a0<\/span><span class=\"_fadeIn_m1hgl_8\">sab\u00e9s\u00a0<\/span><span class=\"_fadeIn_m1hgl_8\">c\u00f3mo\u00a0<\/span><span class=\"_fadeIn_m1hgl_8\">arrancar<\/span><\/p>\n<p data-start=\"1043\" data-end=\"1384\">A veces, tener una din\u00e1mica de presentaci\u00f3n rompe hielo te puede salvar de esos momentos inc\u00f3modos en los que nadie sabe qu\u00e9 decir. Y si adem\u00e1s lo hac\u00e9s a trav\u00e9s de un juego, todo se vuelve m\u00e1s f\u00e1cil (y mucho m\u00e1s divertido). Es una forma simple y relajada de empezar a conectar sin presi\u00f3n, sin silencios raros y sin que nadie se sienta expuesto.<\/p>\n<hr data-start=\"1589\" data-end=\"1592\" \/>\n<h3 data-start=\"1594\" data-end=\"1610\"><span class=\"_fadeIn_m1hgl_8\">\u00bf<\/span><span class=\"_fadeIn_m1hgl_8\">Qu\u00e9\u00a0<\/span><span class=\"_fadeIn_m1hgl_8\">trae?<\/span><\/h3>\n<p data-start=\"1611\" data-end=\"1684\"><span class=\"_fadeIn_m1hgl_8\">\u2714\ufe0f\u00a0<\/span><span class=\"_fadeIn_m1hgl_8\">50\u00a0<\/span><span class=\"_fadeIn_m1hgl_8\">cartas\u00a0<\/span><span class=\"_fadeIn_m1hgl_8\">con\u00a0<\/span><span class=\"_fadeIn_m1hgl_8\">preguntas que disparan una actividad para romper el hielo<\/span><br data-start=\"1637\" data-end=\"1640\" \/><span class=\"_fadeIn_m1hgl_8\">\u2714\ufe0f\u00a0<\/span><span class=\"_fadeIn_m1hgl_8\">Instrucciones\u00a0<\/span><span class=\"_fadeIn_m1hgl_8\">para\u00a0<\/span><span class=\"_fadeIn_m1hgl_8\">arrancar\u00a0<\/span><span class=\"_fadeIn_m1hgl_8\">sin\u00a0<\/span><span class=\"_fadeIn_m1hgl_8\">vueltas<\/span><\/p>\n<hr data-start=\"1686\" data-end=\"1689\" \/>\n<h3 data-start=\"1691\" data-end=\"1710\"><span class=\"_fadeIn_m1hgl_8\">\u00bf<\/span><span class=\"_fadeIn_m1hgl_8\">C\u00f3mo\u00a0<\/span><span class=\"_fadeIn_m1hgl_8\">se\u00a0<\/span><span class=\"_fadeIn_m1hgl_8\">juega?<\/span><\/h3>\n<p data-start=\"1712\" data-end=\"1925\"><span class=\"_fadeIn_m1hgl_8\">Sac\u00e1s\u00a0<\/span><span class=\"_fadeIn_m1hgl_8\">una\u00a0<\/span><span class=\"_fadeIn_m1hgl_8\">carta.\u00a0<\/span><span class=\"_fadeIn_m1hgl_8\">Le\u00e9s\u00a0<\/span><span class=\"_fadeIn_m1hgl_8\">la\u00a0<\/span><span class=\"_fadeIn_m1hgl_8\">pregunta.\u00a0<\/span><span class=\"_fadeIn_m1hgl_8\">Contestan.<\/span><br data-start=\"1757\" data-end=\"1760\" \/><span class=\"_fadeIn_m1hgl_8\">No\u00a0<\/span><span class=\"_fadeIn_m1hgl_8\">hay\u00a0<\/span><span class=\"_fadeIn_m1hgl_8\">puntajes,\u00a0<\/span><span class=\"_fadeIn_m1hgl_8\">no\u00a0<\/span><span class=\"_fadeIn_m1hgl_8\">hay\u00a0<\/span><span class=\"_fadeIn_m1hgl_8\">turnos,\u00a0<\/span><span class=\"_fadeIn_m1hgl_8\">no\u00a0<\/span><span class=\"_fadeIn_m1hgl_8\">hay\u00a0<\/span><span class=\"_fadeIn_m1hgl_8\">ganadores.<\/span><br data-start=\"1809\" data-end=\"1812\" \/><span class=\"_fadeIn_m1hgl_8\">Solo\u00a0<\/span><span class=\"_fadeIn_m1hgl_8\">necesit\u00e1s\u00a0<\/span><span class=\"_fadeIn_m1hgl_8\">ganas\u00a0<\/span><span class=\"_fadeIn_m1hgl_8\">de\u00a0<\/span><span class=\"_fadeIn_m1hgl_8\">hablar,\u00a0<\/span><span class=\"_fadeIn_m1hgl_8\">de\u00a0<\/span><span class=\"_fadeIn_m1hgl_8\">escuchar\u00a0<\/span><span class=\"_fadeIn_m1hgl_8\">y\u00a0<\/span><span class=\"_fadeIn_m1hgl_8\">de\u00a0<\/span><span class=\"_fadeIn_m1hgl_8\">ver\u00a0<\/span><span class=\"_fadeIn_m1hgl_8\">qu\u00e9\u00a0<\/span><span class=\"_fadeIn_m1hgl_8\">pasa\u00a0<\/span><span class=\"_fadeIn_m1hgl_8\">cuando\u00a0<\/span><span class=\"_fadeIn_m1hgl_8\">te\u00a0<\/span><span class=\"_fadeIn_m1hgl_8\">anim\u00e1s\u00a0<\/span><span class=\"_fadeIn_m1hgl_8\">a\u00a0<\/span><span class=\"_fadeIn_m1hgl_8\">ir\u00a0<\/span><span class=\"_fadeIn_m1hgl_8\">m\u00e1s\u00a0<\/span><span class=\"_fadeIn_m1hgl_8\">all\u00e1\u00a0<\/span><span class=\"_fadeIn_m1hgl_8\">del \u201c\u00bf<\/span><span class=\"_fadeIn_m1hgl_8\">Todo\u00a0<\/span><span class=\"_fadeIn_m1hgl_8\">bien?\u201d.<\/span><\/p>\n<p data-start=\"1927\" data-end=\"2062\"><span class=\"_fadeIn_m1hgl_8\">Perfecto\u00a0<\/span><span class=\"_fadeIn_m1hgl_8\">como\u00a0<\/span><span class=\"_fadeIn_m1hgl_8\">ejercicio\u00a0<\/span><span class=\"_fadeIn_m1hgl_8\">para\u00a0<\/span><span class=\"_fadeIn_m1hgl_8\">romper\u00a0<\/span><span class=\"_fadeIn_m1hgl_8\">el\u00a0<\/span><span class=\"_fadeIn_m1hgl_8\">hielo<\/span>\u00a0<span class=\"_fadeIn_m1hgl_8\">o\u00a0<\/span><span class=\"_fadeIn_m1hgl_8\">como\u00a0<\/span><span class=\"_fadeIn_m1hgl_8\">parte\u00a0<\/span><span class=\"_fadeIn_m1hgl_8\">de\u00a0<\/span><span class=\"_fadeIn_m1hgl_8\">esos\u00a0<\/span><span class=\"_fadeIn_m1hgl_8\">juegos\u00a0<\/span><span class=\"_fadeIn_m1hgl_8\">para\u00a0<\/span><span class=\"_fadeIn_m1hgl_8\">presentarse<\/span><span class=\"_fadeIn_m1hgl_8\">\u00a0<\/span><span class=\"_fadeIn_m1hgl_8\">que\u00a0<\/span><span class=\"_fadeIn_m1hgl_8\">no\u00a0<\/span><span class=\"_fadeIn_m1hgl_8\">dan\u00a0<\/span><span class=\"_fadeIn_m1hgl_8\">verg\u00fcenza\u00a0<\/span><span class=\"_fadeIn_m1hgl_8\">ni\u00a0<\/span><span class=\"_fadeIn_m1hgl_8\">te\u00a0<\/span><span class=\"_fadeIn_m1hgl_8\">exponen.<\/span><\/p>\n<hr data-start=\"2064\" data-end=\"2067\" \/>\n<h3 data-start=\"2069\" data-end=\"2108\"><span class=\"_fadeIn_m1hgl_8\">Lo\u00a0<\/span><span class=\"_fadeIn_m1hgl_8\">que\u00a0<\/span><span class=\"_fadeIn_m1hgl_8\">hace\u00a0<\/span><span class=\"_fadeIn_m1hgl_8\">distinto\u00a0<\/span><span class=\"_fadeIn_m1hgl_8\">a\u00a0<\/span><span class=\"_fadeIn_m1hgl_8\">Desconocidos<\/span><\/h3>\n<p data-start=\"2110\" data-end=\"2316\"><span class=\"_fadeIn_m1hgl_8\">\u2728\u00a0<\/span><span class=\"_fadeIn_m1hgl_8\">Las\u00a0<\/span><span class=\"_fadeIn_m1hgl_8\">preguntas\u00a0<\/span><span class=\"_fadeIn_m1hgl_8\">abren\u00a0<\/span><span class=\"_fadeIn_m1hgl_8\">la\u00a0<\/span><span class=\"_fadeIn_m1hgl_8\">charla\u00a0<\/span><span class=\"_fadeIn_m1hgl_8\">sin\u00a0<\/span><span class=\"_fadeIn_m1hgl_8\">incomodar<\/span><br data-start=\"2155\" data-end=\"2158\" \/><span class=\"_fadeIn_m1hgl_8\">\u2728\u00a0<\/span><span class=\"_fadeIn_m1hgl_8\">Sirve\u00a0<\/span><span class=\"_fadeIn_m1hgl_8\">tanto\u00a0<\/span><span class=\"_fadeIn_m1hgl_8\">para\u00a0<\/span><span class=\"_fadeIn_m1hgl_8\">empezar\u00a0<\/span><span class=\"_fadeIn_m1hgl_8\">como\u00a0<\/span><span class=\"_fadeIn_m1hgl_8\">para\u00a0<\/span><span class=\"_fadeIn_m1hgl_8\">profundizar<\/span><br data-start=\"2206\" data-end=\"2209\" \/><span class=\"_fadeIn_m1hgl_8\">\u2728\u00a0<\/span><span class=\"_fadeIn_m1hgl_8\">Charlas\u00a0<\/span><span class=\"_fadeIn_m1hgl_8\">en\u00a0<\/span><span class=\"_fadeIn_m1hgl_8\">serio,\u00a0<\/span><span class=\"_fadeIn_m1hgl_8\">pero\u00a0<\/span><span class=\"_fadeIn_m1hgl_8\">no\u00a0<\/span><span class=\"_fadeIn_m1hgl_8\">tan\u00a0<\/span><span class=\"_fadeIn_m1hgl_8\">profundas<\/span><br data-start=\"2250\" data-end=\"2253\" \/><span class=\"_fadeIn_m1hgl_8\">\u2728\u00a0<\/span><span class=\"_fadeIn_m1hgl_8\">Perfecto\u00a0<\/span><span class=\"_fadeIn_m1hgl_8\">para\u00a0<\/span><span class=\"_fadeIn_m1hgl_8\">conocer\u00a0<\/span><span class=\"_fadeIn_m1hgl_8\">al\u00a0<\/span><span class=\"_fadeIn_m1hgl_8\">otro (<\/span><span class=\"_fadeIn_m1hgl_8\">y\u00a0<\/span><span class=\"_fadeIn_m1hgl_8\">conocerte\u00a0<\/span><span class=\"_fadeIn_m1hgl_8\">un\u00a0<\/span><span class=\"_fadeIn_m1hgl_8\">poco\u00a0<\/span><span class=\"_fadeIn_m1hgl_8\">tambi\u00e9n)<\/span><\/p>\n<p data-start=\"2318\" data-end=\"2460\"><span class=\"_fadeIn_m1hgl_8\">Un<\/span><span class=\"_fadeIn_m1hgl_8\">\u00a0<\/span><span class=\"_fadeIn_m1hgl_8\">juegos\u00a0<\/span><span class=\"_fadeIn_m1hgl_8\">para\u00a0<\/span><span class=\"_fadeIn_m1hgl_8\">fomentar\u00a0<\/span><span class=\"_fadeIn_m1hgl_8\">la\u00a0<\/span><span class=\"_fadeIn_m1hgl_8\">confianza<\/span><span class=\"_fadeIn_m1hgl_8\">,\u00a0<\/span><span class=\"_fadeIn_m1hgl_8\">romper\u00a0<\/span><span class=\"_fadeIn_m1hgl_8\">barreras\u00a0<\/span><span class=\"_fadeIn_m1hgl_8\">o\u00a0<\/span><span class=\"_fadeIn_m1hgl_8\">simplemente\u00a0<\/span><span class=\"_fadeIn_m1hgl_8\">pasarla\u00a0<\/span><span class=\"_fadeIn_m1hgl_8\">bien\u00a0<\/span><span class=\"_fadeIn_m1hgl_8\">con\u00a0<\/span><span class=\"_fadeIn_m1hgl_8\">gente\u00a0<\/span><span class=\"_fadeIn_m1hgl_8\">que\u00a0<\/span><span class=\"_fadeIn_m1hgl_8\">quer\u00e9s\u00a0<\/span><span class=\"_fadeIn_m1hgl_8\">conocer\u00a0<\/span><span class=\"_fadeIn_m1hgl_8\">m\u00e1s.<\/span><\/p>\n<p>&nbsp;<\/p>\n<p data-start=\"2462\" data-end=\"2611\"><span class=\"_fadeIn_m1hgl_8\">Olvidate\u00a0<\/span><span class=\"_fadeIn_m1hgl_8\">de\u00a0<\/span><span class=\"_fadeIn_m1hgl_8\">tener\u00a0<\/span><span class=\"_fadeIn_m1hgl_8\">que\u00a0<\/span><span class=\"_fadeIn_m1hgl_8\">pensar\u00a0<\/span><span class=\"_fadeIn_m1hgl_8\">de\u00a0<\/span><span class=\"_fadeIn_m1hgl_8\">qu\u00e9\u00a0<\/span><span class=\"_fadeIn_m1hgl_8\">hablar.<\/span><br data-start=\"2505\" data-end=\"2508\" \/><span class=\"_fadeIn_m1hgl_8\">Llev\u00e1\u00a0<\/span><span class=\"_fadeIn_m1hgl_8\">las\u00a0<\/span><span class=\"_fadeIn_m1hgl_8\">cartas.\u00a0<\/span><span class=\"_fadeIn_m1hgl_8\">El\u00a0<\/span><span class=\"_fadeIn_m1hgl_8\">resto\u00a0<\/span><span class=\"_fadeIn_m1hgl_8\">se\u00a0<\/span><span class=\"_fadeIn_m1hgl_8\">da\u00a0<\/span><span class=\"_fadeIn_m1hgl_8\">solo.<\/span><br data-start=\"2546\" data-end=\"2549\" \/><span class=\"_fadeIn_m1hgl_8\">Sum\u00e1\u00a0<\/span><em data-start=\"2554\" data-end=\"2568\">Desconocidos<\/em>\u00a0<span class=\"_fadeIn_m1hgl_8\">a\u00a0<\/span><span class=\"_fadeIn_m1hgl_8\">tu\u00a0<\/span><span class=\"_fadeIn_m1hgl_8\">vida\u00a0<\/span><span class=\"_fadeIn_m1hgl_8\">y\u00a0<\/span><span class=\"_fadeIn_m1hgl_8\">animate\u00a0<\/span><span class=\"_fadeIn_m1hgl_8\">a\u00a0<\/span><span class=\"_fadeIn_m1hgl_8\">una\u00a0<\/span><span class=\"_fadeIn_m1hgl_8\">charla\u00a0<\/span><span class=\"_fadeIn_m1hgl_8\">distinta.<\/span><\/p>\n","protected":false},"excerpt":{"rendered":"<h3 data-start=\"279\" data-end=\"332\"><span class=\"_fadeIn_m1hgl_8\">Un\u00a0<\/span><span class=\"_fadeIn_m1hgl_8\">juego\u00a0<\/span><span class=\"_fadeIn_m1hgl_8\">para\u00a0<\/span><span class=\"_fadeIn_m1hgl_8\">romper\u00a0<\/span><span class=\"_fadeIn_m1hgl_8\">el\u00a0<\/span><span class=\"_fadeIn_m1hgl_8\">hielo\u00a0<\/span><span class=\"_fadeIn_m1hgl_8\">sin\u00a0<\/span><span class=\"_fadeIn_m1hgl_8\">pasar\u00a0<\/span><span class=\"_fadeIn_m1hgl_8\">verg\u00fcenza<\/span><\/h3>\n<p data-start=\"334\" data-end=\"469\"><span class=\"_fadeIn_m1hgl_8\">Nada\u00a0<\/span><span class=\"_fadeIn_m1hgl_8\">de \u201c\u00bf<\/span><span class=\"_fadeIn_m1hgl_8\">y\u00a0<\/span><span class=\"_fadeIn_m1hgl_8\">vos\u00a0<\/span><span class=\"_fadeIn_m1hgl_8\">qu\u00e9\u00a0<\/span><span class=\"_fadeIn_m1hgl_8\">hac\u00e9s?\u201d\u00a0<\/span><span class=\"_fadeIn_m1hgl_8\">ni\u00a0<\/span><span class=\"_fadeIn_m1hgl_8\">silencios\u00a0<\/span><span class=\"_fadeIn_m1hgl_8\">eternos.<\/span><br data-start=\"383\" data-end=\"386\" \/><span class=\"_fadeIn_m1hgl_8\">Esto\u00a0<\/span><span class=\"_fadeIn_m1hgl_8\">es\u00a0<\/span><span class=\"_fadeIn_m1hgl_8\">otra\u00a0<\/span><span class=\"_fadeIn_m1hgl_8\">cosa.\u00a0<\/span><span class=\"_fadeIn_m1hgl_8\">Una\u00a0<\/span><span class=\"_fadeIn_m1hgl_8\">experiencia\u00a0<\/span><span class=\"_fadeIn_m1hgl_8\">creada\u00a0<\/span><span class=\"_fadeIn_m1hgl_8\">para\u00a0<\/span><span class=\"_fadeIn_m1hgl_8\">conectar\u00a0<\/span><span class=\"_fadeIn_m1hgl_8\">entre\u00a0<\/span><span class=\"_fadeIn_m1hgl_8\">desconocidos jugando un\u00a0<a href=\"https:\/\/www.enpalabras.com.ar\/\">juego de mesa<\/a>\u2026\u00a0<\/span><span class=\"_fadeIn_m1hgl_8\">o\u00a0<\/span><span class=\"_fadeIn_m1hgl_8\">casi.<\/span><\/p>\n<p data-start=\"471\" data-end=\"514\"><span class=\"_fadeIn_m1hgl_8\">\u00bf<\/span><span class=\"_fadeIn_m1hgl_8\">Y\u00a0<\/span><span class=\"_fadeIn_m1hgl_8\">si\u00a0<\/span><span class=\"_fadeIn_m1hgl_8\">una\u00a0<\/span><span class=\"_fadeIn_m1hgl_8\">pregunta\u00a0<\/span><span class=\"_fadeIn_m1hgl_8\">cambiara\u00a0<\/span><span class=\"_fadeIn_m1hgl_8\">toda\u00a0<\/span><span class=\"_fadeIn_m1hgl_8\">la\u00a0<\/span><span class=\"_fadeIn_m1hgl_8\">charla?<\/span><\/p>\n<p data-start=\"516\" data-end=\"723\"><span class=\"_fadeIn_m1hgl_8\">Est\u00e1s\u00a0<\/span><span class=\"_fadeIn_m1hgl_8\">con\u00a0<\/span><span class=\"_fadeIn_m1hgl_8\">alguien\u00a0<\/span><span class=\"_fadeIn_m1hgl_8\">que\u00a0<\/span><span class=\"_fadeIn_m1hgl_8\">reci\u00e9n\u00a0<\/span><span class=\"_fadeIn_m1hgl_8\">conoc\u00e9s.\u00a0<\/span><span class=\"_fadeIn_m1hgl_8\">O\u00a0<\/span><span class=\"_fadeIn_m1hgl_8\">que\u00a0<\/span><span class=\"_fadeIn_m1hgl_8\">ves\u00a0<\/span><span class=\"_fadeIn_m1hgl_8\">seguido,\u00a0<\/span><span class=\"_fadeIn_m1hgl_8\">pero\u00a0<\/span><span class=\"_fadeIn_m1hgl_8\">no\u00a0<\/span><span class=\"_fadeIn_m1hgl_8\">sab\u00e9s\u00a0<\/span><span class=\"_fadeIn_m1hgl_8\">tanto.<\/span><br data-start=\"593\" data-end=\"596\" \/><span class=\"_fadeIn_m1hgl_8\">Quer\u00e9s\u00a0<\/span><span class=\"_fadeIn_m1hgl_8\">charlar,\u00a0<\/span><span class=\"_fadeIn_m1hgl_8\">pero\u00a0<\/span><span class=\"_fadeIn_m1hgl_8\">sin\u00a0<\/span><span class=\"_fadeIn_m1hgl_8\">que\u00a0<\/span><span class=\"_fadeIn_m1hgl_8\">quede\u00a0<\/span><span class=\"_fadeIn_m1hgl_8\">forzado\u00a0<\/span><span class=\"_fadeIn_m1hgl_8\">ni\u00a0<\/span><span class=\"_fadeIn_m1hgl_8\">hablar\u00a0<\/span><span class=\"_fadeIn_m1hgl_8\">de\u00a0<\/span><span class=\"_fadeIn_m1hgl_8\">lo\u00a0<\/span><span class=\"_fadeIn_m1hgl_8\">mismo\u00a0<\/span><span class=\"_fadeIn_m1hgl_8\">de\u00a0<\/span><span class=\"_fadeIn_m1hgl_8\">siempre.<\/span><br data-start=\"672\" data-end=\"675\" \/><span class=\"_fadeIn_m1hgl_8\">Quer\u00e9s\u00a0<\/span><span class=\"_fadeIn_m1hgl_8\">conectar.\u00a0<\/span><span class=\"_fadeIn_m1hgl_8\">Pero\u00a0<\/span><span class=\"_fadeIn_m1hgl_8\">a\u00a0<\/span><span class=\"_fadeIn_m1hgl_8\">tu\u00a0<\/span><span class=\"_fadeIn_m1hgl_8\">ritmo.\u00a0<\/span><span class=\"_fadeIn_m1hgl_8\">Sin\u00a0<\/span><span class=\"_fadeIn_m1hgl_8\">presi\u00f3n.<\/span><\/p>\n<p data-start=\"725\" data-end=\"763\"><strong data-start=\"725\" data-end=\"741\">Desconocidos<\/strong>\u00a0<span class=\"_fadeIn_m1hgl_8\">es\u00a0<\/span><span class=\"_fadeIn_m1hgl_8\">un\u00a0<\/span><span class=\"_fadeIn_m1hgl_8\">juego\u00a0<\/span><span class=\"_fadeIn_m1hgl_8\">para\u00a0<\/span><span class=\"_fadeIn_m1hgl_8\">eso&#8230;..conocerse<\/span><\/p>\n<p data-start=\"765\" data-end=\"1018\"><span class=\"_fadeIn_m1hgl_8\">Uno\u00a0<\/span><span class=\"_fadeIn_m1hgl_8\">de\u00a0<\/span><span class=\"_fadeIn_m1hgl_8\">esos\u00a0<\/span><span class=\"_fadeIn_m1hgl_8\">juegos\u00a0<\/span><span class=\"_fadeIn_m1hgl_8\">para\u00a0<\/span><span class=\"_fadeIn_m1hgl_8\">romper\u00a0<\/span><span class=\"_fadeIn_m1hgl_8\">el\u00a0<\/span><span class=\"_fadeIn_m1hgl_8\">hielo<\/span>\u00a0<span class=\"_fadeIn_m1hgl_8\">que\u00a0<\/span><span class=\"_fadeIn_m1hgl_8\">de\u00a0<\/span><span class=\"_fadeIn_m1hgl_8\">verdad\u00a0<\/span><span class=\"_fadeIn_m1hgl_8\">funcionan.<\/span><br data-start=\"833\" data-end=\"836\" \/><span class=\"_fadeIn_m1hgl_8\">50\u00a0<\/span><span class=\"_fadeIn_m1hgl_8\">preguntas\u00a0<\/span><span class=\"_fadeIn_m1hgl_8\">que\u00a0<\/span><span class=\"_fadeIn_m1hgl_8\">te\u00a0<\/span><span class=\"_fadeIn_m1hgl_8\">salvan\u00a0<\/span><span class=\"_fadeIn_m1hgl_8\">de\u00a0<\/span><span class=\"_fadeIn_m1hgl_8\">momentos\u00a0<\/span><span class=\"_fadeIn_m1hgl_8\">inc\u00f3modos,\u00a0<\/span><span class=\"_fadeIn_m1hgl_8\">que\u00a0<\/span><span class=\"_fadeIn_m1hgl_8\">despiertan\u00a0<\/span><span class=\"_fadeIn_m1hgl_8\">curiosidad\u00a0<\/span><span class=\"_fadeIn_m1hgl_8\">y\u00a0<\/span><span class=\"_fadeIn_m1hgl_8\">que\u00a0<\/span><span class=\"_fadeIn_m1hgl_8\">abren\u00a0<\/span><span class=\"_fadeIn_m1hgl_8\">la\u00a0<\/span><span class=\"_fadeIn_m1hgl_8\">puerta\u00a0<\/span><span class=\"_fadeIn_m1hgl_8\">a\u00a0<\/span><span class=\"_fadeIn_m1hgl_8\">conversaciones\u00a0<\/span><span class=\"_fadeIn_m1hgl_8\">reales.<\/span><br data-start=\"958\" data-end=\"961\" \/><span class=\"_fadeIn_m1hgl_8\">Adem\u00e1s,\u00a0<\/span><span class=\"_fadeIn_m1hgl_8\">es\u00a0<\/span><span class=\"_fadeIn_m1hgl_8\">liviano\u00a0<\/span><span class=\"_fadeIn_m1hgl_8\">y\u00a0<\/span><span class=\"_fadeIn_m1hgl_8\">pr\u00e1ctico.\u00a0<\/span><span class=\"_fadeIn_m1hgl_8\">Lo\u00a0<\/span><span class=\"_fadeIn_m1hgl_8\">llev\u00e1s\u00a0<\/span><span class=\"_fadeIn_m1hgl_8\">a\u00a0<\/span><span class=\"_fadeIn_m1hgl_8\">todos\u00a0<\/span><span class=\"_fadeIn_m1hgl_8\">lados.<\/span><\/p>\n","protected":false},"featured_media":26403,"comment_status":"open","ping_status":"closed","template":"","meta":{"site-sidebar-layout":"default","site-content-layout":"","ast-site-content-layout":"default","site-content-style":"default","site-sidebar-style":"default","ast-global-header-display":"","ast-banner-title-visibility":"","ast-main-header-display":"","ast-hfb-above-header-display":"","ast-hfb-below-header-display":"","ast-hfb-mobile-header-display":"","site-post-title":"","ast-breadcrumbs-content":"","ast-featured-img":"","footer-sml-layout":"","theme-transparent-header-meta":"default","adv-header-id-meta":"","stick-header-meta":"","header-above-stick-meta":"","header-main-stick-meta":"","header-below-stick-meta":"","astra-migrate-meta-layouts":"set","ast-page-background-enabled":"default","ast-page-background-meta":{"desktop":{"background-color":"","background-image":"","background-repeat":"repeat","background-position":"center center","background-size":"auto","background-attachment":"scroll","background-type":"","background-media":"","overlay-type":"","overlay-color":"","overlay-opacity":"","overlay-gradient":""},"tablet":{"background-color":"","background-image":"","background-repeat":"repeat","background-position":"center center","background-size":"auto","background-attachment":"scroll","background-type":"","background-media":"","overlay-type":"","overlay-color":"","overlay-opacity":"","overlay-gradient":""},"mobile":{"background-color":"","background-image":"","background-repeat":"repeat","background-position":"center center","background-size":"auto","background-attachment":"scroll","background-type":"","background-media":"","overlay-type":"","overlay-color":"","overlay-opacity":"","overlay-gradient":""}},"ast-content-background-meta":{"desktop":{"background-color":"var(--ast-global-color-5)","background-image":"","background-repeat":"repeat","background-position":"center center","background-size":"auto","background-attachment":"scroll","background-type":"","background-media":"","overlay-type":"","overlay-color":"","overlay-opacity":"","overlay-gradient":""},"tablet":{"background-color":"var(--ast-global-color-5)","background-image":"","background-repeat":"repeat","background-position":"center center","background-size":"auto","background-attachment":"scroll","background-type":"","background-media":"","overlay-type":"","overlay-color":"","overlay-opacity":"","overlay-gradient":""},"mobile":{"background-color":"var(--ast-global-color-5)","background-image":"","background-repeat":"repeat","background-position":"center center","background-size":"auto","background-attachment":"scroll","background-type":"","background-media":"","overlay-type":"","overlay-color":"","overlay-opacity":"","overlay-gradient":""}},"spay_email":""},"product_cat":[185,168,74,208],"product_tag":[],"_links":{"self":[{"href":"https:\/\/jugueterialudico.com.ar\/index.php?rest_route=\/wp\/v2\/product\/26400"}],"collection":[{"href":"https:\/\/jugueterialudico.com.ar\/index.php?rest_route=\/wp\/v2\/product"}],"about":[{"href":"https:\/\/jugueterialudico.com.ar\/index.php?rest_route=\/wp\/v2\/types\/product"}],"replies":[{"embeddable":true,"href":"https:\/\/jugueterialudico.com.ar\/index.php?rest_route=%2Fwp%2Fv2%2Fcomments&post=26400"}],"wp:featuredmedia":[{"embeddable":true,"href":"https:\/\/jugueterialudico.com.ar\/index.php?rest_route=\/wp\/v2\/media\/26403"}],"wp:attachment":[{"href":"https:\/\/jugueterialudico.com.ar\/index.php?rest_route=%2Fwp%2Fv2%2Fmedia&parent=26400"}],"wp:term":[{"taxonomy":"product_cat","embeddable":true,"href":"https:\/\/jugueterialudico.com.ar\/index.php?rest_route=%2Fwp%2Fv2%2Fproduct_cat&post=26400"},{"taxonomy":"product_tag","embeddable":true,"href":"https:\/\/jugueterialudico.com.ar\/index.php?rest_route=%2Fwp%2Fv2%2Fproduct_tag&post=26400"}],"curies":[{"name":"wp","href":"https:\/\/api.w.org\/{rel}","templated":true}]}}