{"id":26436,"date":"2025-07-16T18:32:13","date_gmt":"2025-07-16T21:32:13","guid":{"rendered":"https:\/\/jugueterialudico.com.ar\/?post_type=product&#038;p=26436"},"modified":"2026-04-28T17:59:23","modified_gmt":"2026-04-28T20:59:23","slug":"bastidor-para-pintar-043","status":"publish","type":"product","link":"https:\/\/jugueterialudico.com.ar\/?product=bastidor-para-pintar-043","title":{"rendered":"BASTIDOR PARA PINTAR* &#8211; 043"},"content":{"rendered":"<ul>\n<li style=\"font-weight: 400;\"><strong>de 30&#215;40 cm<\/strong><\/li>\n<li style=\"font-weight: 400;\"><strong>incluye 6 t\u00e9mperas + pincel <\/strong><\/li>\n<li style=\"font-weight: 400;\"><strong>se colorea por n\u00famero <\/strong><\/li>\n<li style=\"font-weight: 400;\"><strong><span style=\"font-size: 16px;\">estructura de madera <\/span><\/strong><\/li>\n<li style=\"font-weight: 400;\"><strong><span style=\"font-size: 16px;\">superficie de tela <\/span><\/strong><\/li>\n<li style=\"font-weight: 400;\"><strong><span style=\"font-size: 16px;\">aptos t\u00e9mpera, pintura acr\u00edlica y fibr\u00f3n<\/span><\/strong><\/li>\n<\/ul>\n<p style=\"font-weight: 400;\">\n<pre style=\"font-weight: 400;\"><strong>*no incluye atril<\/strong><\/pre>\n","protected":false},"excerpt":{"rendered":"<h3>Bastidor de tela para pintar + temperas y\u00a0 pincel (varios modelos*)<\/h3>\n<p>&nbsp;<\/p>\n<p><strong>Con gu\u00eda num\u00e9rica de pintado para la\u00a0<mark class=\"QVRyCf\">reducci\u00f3n del estr\u00e9s y la ansiedad, adem\u00e1s fomenta la concentraci\u00f3n y la atenci\u00f3n plena, y la mejora de la coordinaci\u00f3n mano-ojo y las habilidades motoras.<\/mark><\/strong><\/p>\n<p>&nbsp;<\/p>\n<p><em>*consultar modelos disponibles<\/em><\/p>\n","protected":false},"featured_media":26438,"comment_status":"open","ping_status":"closed","template":"","meta":{"site-sidebar-layout":"default","site-content-layout":"","ast-site-content-layout":"default","site-content-style":"default","site-sidebar-style":"default","ast-global-header-display":"","ast-banner-title-visibility":"","ast-main-header-display":"","ast-hfb-above-header-display":"","ast-hfb-below-header-display":"","ast-hfb-mobile-header-display":"","site-post-title":"","ast-breadcrumbs-content":"","ast-featured-img":"","footer-sml-layout":"","theme-transparent-header-meta":"default","adv-header-id-meta":"","stick-header-meta":"","header-above-stick-meta":"","header-main-stick-meta":"","header-below-stick-meta":"","astra-migrate-meta-layouts":"set","ast-page-background-enabled":"default","ast-page-background-meta":{"desktop":{"background-color":"","background-image":"","background-repeat":"repeat","background-position":"center center","background-size":"auto","background-attachment":"scroll","background-type":"","background-media":"","overlay-type":"","overlay-color":"","overlay-opacity":"","overlay-gradient":""},"tablet":{"background-color":"","background-image":"","background-repeat":"repeat","background-position":"center center","background-size":"auto","background-attachment":"scroll","background-type":"","background-media":"","overlay-type":"","overlay-color":"","overlay-opacity":"","overlay-gradient":""},"mobile":{"background-color":"","background-image":"","background-repeat":"repeat","background-position":"center center","background-size":"auto","background-attachment":"scroll","background-type":"","background-media":"","overlay-type":"","overlay-color":"","overlay-opacity":"","overlay-gradient":""}},"ast-content-background-meta":{"desktop":{"background-color":"var(--ast-global-color-5)","background-image":"","background-repeat":"repeat","background-position":"center center","background-size":"auto","background-attachment":"scroll","background-type":"","background-media":"","overlay-type":"","overlay-color":"","overlay-opacity":"","overlay-gradient":""},"tablet":{"background-color":"var(--ast-global-color-5)","background-image":"","background-repeat":"repeat","background-position":"center center","background-size":"auto","background-attachment":"scroll","background-type":"","background-media":"","overlay-type":"","overlay-color":"","overlay-opacity":"","overlay-gradient":""},"mobile":{"background-color":"var(--ast-global-color-5)","background-image":"","background-repeat":"repeat","background-position":"center center","background-size":"auto","background-attachment":"scroll","background-type":"","background-media":"","overlay-type":"","overlay-color":"","overlay-opacity":"","overlay-gradient":""}},"spay_email":""},"product_cat":[168,165,166,167,200,197,196,208],"product_tag":[],"_links":{"self":[{"href":"https:\/\/jugueterialudico.com.ar\/index.php?rest_route=\/wp\/v2\/product\/26436"}],"collection":[{"href":"https:\/\/jugueterialudico.com.ar\/index.php?rest_route=\/wp\/v2\/product"}],"about":[{"href":"https:\/\/jugueterialudico.com.ar\/index.php?rest_route=\/wp\/v2\/types\/product"}],"replies":[{"embeddable":true,"href":"https:\/\/jugueterialudico.com.ar\/index.php?rest_route=%2Fwp%2Fv2%2Fcomments&post=26436"}],"wp:featuredmedia":[{"embeddable":true,"href":"https:\/\/jugueterialudico.com.ar\/index.php?rest_route=\/wp\/v2\/media\/26438"}],"wp:attachment":[{"href":"https:\/\/jugueterialudico.com.ar\/index.php?rest_route=%2Fwp%2Fv2%2Fmedia&parent=26436"}],"wp:term":[{"taxonomy":"product_cat","embeddable":true,"href":"https:\/\/jugueterialudico.com.ar\/index.php?rest_route=%2Fwp%2Fv2%2Fproduct_cat&post=26436"},{"taxonomy":"product_tag","embeddable":true,"href":"https:\/\/jugueterialudico.com.ar\/index.php?rest_route=%2Fwp%2Fv2%2Fproduct_tag&post=26436"}],"curies":[{"name":"wp","href":"https:\/\/api.w.org\/{rel}","templated":true}]}}