{"id":26471,"date":"2025-07-22T11:07:29","date_gmt":"2025-07-22T14:07:29","guid":{"rendered":"https:\/\/jugueterialudico.com.ar\/?post_type=product&#038;p=26471"},"modified":"2025-09-13T16:32:45","modified_gmt":"2025-09-13T19:32:45","slug":"hangman-195","status":"publish","type":"product","link":"https:\/\/jugueterialudico.com.ar\/?product=hangman-195","title":{"rendered":"HANGMAN &#8211; 195"},"content":{"rendered":"<p>HANG MAN JUEGO DL AHORCADO<\/p>\n<p>Hangman \u2013 El Ahorcado es el cl\u00e1sico juego de mesa donde el objetivo es adivinar la palabra antes de que el personaje sea colgado. Perfecto para jugar entre 2 a 4 personas, ya sea en equipos o individualmente, este juego ofrece diversi\u00f3n y desaf\u00eda tus habilidades de deducci\u00f3n con un n\u00famero limitado de intentos para salvar al personaje. Ideal para familias, es una manera entretenida de mejorar el vocabulario y la concentraci\u00f3n. Caracter\u00edsticas: -Contenido: 1 base de juego, 1 set de horca (3 piezas), 1 personaje (6 piezas pl\u00e1sticas), 1 plancha de stickers, 60 letras pl\u00e1sticas, 1 hoja instructivo. -Juego de adivinanza de palabras. -Puede jugarse en equipos o individualmente.<\/p>\n<p>Edad recomendada: A partir de 6 a\u00f1os.<\/p>\n<p>Las im\u00e1genes son ilustrativas, el producto puede tener variaciones dependiendo del distribuidor\/marca sin afectar las funciones y calidad del mismo.<\/p>\n","protected":false},"excerpt":{"rendered":"<p>HANG MAN JUEGO DL AHORCADO Hangman \u2013 El Ahorcado es el cl\u00e1sico juego de mesa donde el objetivo es adivinar la palabra antes de que el personaje sea colgado. Perfecto para jugar entre 2 a 4 personas, ya sea en equipos o individualmente, este juego ofrece diversi\u00f3n y desaf\u00eda tus habilidades de deducci\u00f3n con un [&hellip;]<\/p>\n","protected":false},"featured_media":26472,"comment_status":"open","ping_status":"closed","template":"","meta":{"site-sidebar-layout":"default","site-content-layout":"","ast-site-content-layout":"default","site-content-style":"default","site-sidebar-style":"default","ast-global-header-display":"","ast-banner-title-visibility":"","ast-main-header-display":"","ast-hfb-above-header-display":"","ast-hfb-below-header-display":"","ast-hfb-mobile-header-display":"","site-post-title":"","ast-breadcrumbs-content":"","ast-featured-img":"","footer-sml-layout":"","theme-transparent-header-meta":"default","adv-header-id-meta":"","stick-header-meta":"","header-above-stick-meta":"","header-main-stick-meta":"","header-below-stick-meta":"","astra-migrate-meta-layouts":"set","ast-page-background-enabled":"default","ast-page-background-meta":{"desktop":{"background-color":"","background-image":"","background-repeat":"repeat","background-position":"center center","background-size":"auto","background-attachment":"scroll","background-type":"","background-media":"","overlay-type":"","overlay-color":"","overlay-opacity":"","overlay-gradient":""},"tablet":{"background-color":"","background-image":"","background-repeat":"repeat","background-position":"center center","background-size":"auto","background-attachment":"scroll","background-type":"","background-media":"","overlay-type":"","overlay-color":"","overlay-opacity":"","overlay-gradient":""},"mobile":{"background-color":"","background-image":"","background-repeat":"repeat","background-position":"center center","background-size":"auto","background-attachment":"scroll","background-type":"","background-media":"","overlay-type":"","overlay-color":"","overlay-opacity":"","overlay-gradient":""}},"ast-content-background-meta":{"desktop":{"background-color":"var(--ast-global-color-5)","background-image":"","background-repeat":"repeat","background-position":"center center","background-size":"auto","background-attachment":"scroll","background-type":"","background-media":"","overlay-type":"","overlay-color":"","overlay-opacity":"","overlay-gradient":""},"tablet":{"background-color":"var(--ast-global-color-5)","background-image":"","background-repeat":"repeat","background-position":"center center","background-size":"auto","background-attachment":"scroll","background-type":"","background-media":"","overlay-type":"","overlay-color":"","overlay-opacity":"","overlay-gradient":""},"mobile":{"background-color":"var(--ast-global-color-5)","background-image":"","background-repeat":"repeat","background-position":"center center","background-size":"auto","background-attachment":"scroll","background-type":"","background-media":"","overlay-type":"","overlay-color":"","overlay-opacity":"","overlay-gradient":""}},"spay_email":""},"product_cat":[185,166,167,74],"product_tag":[],"_links":{"self":[{"href":"https:\/\/jugueterialudico.com.ar\/index.php?rest_route=\/wp\/v2\/product\/26471"}],"collection":[{"href":"https:\/\/jugueterialudico.com.ar\/index.php?rest_route=\/wp\/v2\/product"}],"about":[{"href":"https:\/\/jugueterialudico.com.ar\/index.php?rest_route=\/wp\/v2\/types\/product"}],"replies":[{"embeddable":true,"href":"https:\/\/jugueterialudico.com.ar\/index.php?rest_route=%2Fwp%2Fv2%2Fcomments&post=26471"}],"wp:featuredmedia":[{"embeddable":true,"href":"https:\/\/jugueterialudico.com.ar\/index.php?rest_route=\/wp\/v2\/media\/26472"}],"wp:attachment":[{"href":"https:\/\/jugueterialudico.com.ar\/index.php?rest_route=%2Fwp%2Fv2%2Fmedia&parent=26471"}],"wp:term":[{"taxonomy":"product_cat","embeddable":true,"href":"https:\/\/jugueterialudico.com.ar\/index.php?rest_route=%2Fwp%2Fv2%2Fproduct_cat&post=26471"},{"taxonomy":"product_tag","embeddable":true,"href":"https:\/\/jugueterialudico.com.ar\/index.php?rest_route=%2Fwp%2Fv2%2Fproduct_tag&post=26471"}],"curies":[{"name":"wp","href":"https:\/\/api.w.org\/{rel}","templated":true}]}}