{"id":26610,"date":"2025-08-11T18:32:06","date_gmt":"2025-08-11T21:32:06","guid":{"rendered":"https:\/\/jugueterialudico.com.ar\/?post_type=product&#038;p=26610"},"modified":"2026-04-21T14:31:35","modified_gmt":"2026-04-21T17:31:35","slug":"cocina-andador-203","status":"publish","type":"product","link":"https:\/\/jugueterialudico.com.ar\/?product=cocina-andador-203","title":{"rendered":"COCINA ANDADOR &#8211; 203"},"content":{"rendered":"<p><span lang=\"ES-MX\">Realizada en madera MDF, pintada con esmaltes al agua. La puerta del horno posee acr\u00edlico para ver su interior.<\/span><\/p>\n<p><span lang=\"ES-MX\">Imagina la alegr\u00eda de tu peque\u00f1o al empujar su propia cocina por toda la casa, creando aventuras culinarias en cada rinc\u00f3n. Esta maravillosa\u00a0<strong>cocina andador<\/strong> combina la diversi\u00f3n del movimiento con el encanto del juego simb\u00f3lico. En el pizarr\u00f3n integrado pueden dibujar sus \u00abmen\u00fas del d\u00eda\u00bb o anotar los ingredientes secretos estimulando su alfabetizaci\u00f3n temprana.\u00a0<\/span><\/p>\n<p><span lang=\"ES-MX\"><strong>Medidas:\u00a0<\/strong>50 cm de alto x 73 cm de ancho x 36 cm de profundidad.<\/span><\/p>\n","protected":false},"excerpt":{"rendered":"<h3><span lang=\"ES-MX\">Producto ideal para fomentar el desarrollo motriz y juego de roles<\/span><\/h3>\n<p><span lang=\"ES-MX\">Con la cocina andador quisimos revolucionar el mundo del juego, convirtiendo un t\u00edpico andador en una cocina m\u00f3vil que lleva la diversion a donde vayas. Posee<\/span><span lang=\"ES-MX\">\u00a0bacha, hornallas, pizarr\u00f3n y un pr\u00e1ctico lugar de guardado, tus peque\u00f1os chefs tendr\u00e1n todo lo que necesitan para cocinar sus mejores recetas.<\/span><\/p>\n","protected":false},"featured_media":26612,"comment_status":"open","ping_status":"closed","template":"","meta":{"site-sidebar-layout":"default","site-content-layout":"","ast-site-content-layout":"default","site-content-style":"default","site-sidebar-style":"default","ast-global-header-display":"","ast-banner-title-visibility":"","ast-main-header-display":"","ast-hfb-above-header-display":"","ast-hfb-below-header-display":"","ast-hfb-mobile-header-display":"","site-post-title":"","ast-breadcrumbs-content":"","ast-featured-img":"","footer-sml-layout":"","theme-transparent-header-meta":"default","adv-header-id-meta":"","stick-header-meta":"","header-above-stick-meta":"","header-main-stick-meta":"","header-below-stick-meta":"","astra-migrate-meta-layouts":"set","ast-page-background-enabled":"default","ast-page-background-meta":{"desktop":{"background-color":"","background-image":"","background-repeat":"repeat","background-position":"center center","background-size":"auto","background-attachment":"scroll","background-type":"","background-media":"","overlay-type":"","overlay-color":"","overlay-opacity":"","overlay-gradient":""},"tablet":{"background-color":"","background-image":"","background-repeat":"repeat","background-position":"center center","background-size":"auto","background-attachment":"scroll","background-type":"","background-media":"","overlay-type":"","overlay-color":"","overlay-opacity":"","overlay-gradient":""},"mobile":{"background-color":"","background-image":"","background-repeat":"repeat","background-position":"center center","background-size":"auto","background-attachment":"scroll","background-type":"","background-media":"","overlay-type":"","overlay-color":"","overlay-opacity":"","overlay-gradient":""}},"ast-content-background-meta":{"desktop":{"background-color":"var(--ast-global-color-5)","background-image":"","background-repeat":"repeat","background-position":"center center","background-size":"auto","background-attachment":"scroll","background-type":"","background-media":"","overlay-type":"","overlay-color":"","overlay-opacity":"","overlay-gradient":""},"tablet":{"background-color":"var(--ast-global-color-5)","background-image":"","background-repeat":"repeat","background-position":"center center","background-size":"auto","background-attachment":"scroll","background-type":"","background-media":"","overlay-type":"","overlay-color":"","overlay-opacity":"","overlay-gradient":""},"mobile":{"background-color":"var(--ast-global-color-5)","background-image":"","background-repeat":"repeat","background-position":"center center","background-size":"auto","background-attachment":"scroll","background-type":"","background-media":"","overlay-type":"","overlay-color":"","overlay-opacity":"","overlay-gradient":""}},"spay_email":""},"product_cat":[18,163,164,165,166,190,198,156,197,93,208,159],"product_tag":[],"_links":{"self":[{"href":"https:\/\/jugueterialudico.com.ar\/index.php?rest_route=\/wp\/v2\/product\/26610"}],"collection":[{"href":"https:\/\/jugueterialudico.com.ar\/index.php?rest_route=\/wp\/v2\/product"}],"about":[{"href":"https:\/\/jugueterialudico.com.ar\/index.php?rest_route=\/wp\/v2\/types\/product"}],"replies":[{"embeddable":true,"href":"https:\/\/jugueterialudico.com.ar\/index.php?rest_route=%2Fwp%2Fv2%2Fcomments&post=26610"}],"wp:featuredmedia":[{"embeddable":true,"href":"https:\/\/jugueterialudico.com.ar\/index.php?rest_route=\/wp\/v2\/media\/26612"}],"wp:attachment":[{"href":"https:\/\/jugueterialudico.com.ar\/index.php?rest_route=%2Fwp%2Fv2%2Fmedia&parent=26610"}],"wp:term":[{"taxonomy":"product_cat","embeddable":true,"href":"https:\/\/jugueterialudico.com.ar\/index.php?rest_route=%2Fwp%2Fv2%2Fproduct_cat&post=26610"},{"taxonomy":"product_tag","embeddable":true,"href":"https:\/\/jugueterialudico.com.ar\/index.php?rest_route=%2Fwp%2Fv2%2Fproduct_tag&post=26610"}],"curies":[{"name":"wp","href":"https:\/\/api.w.org\/{rel}","templated":true}]}}