{"id":26866,"date":"2025-09-20T11:47:13","date_gmt":"2025-09-20T14:47:13","guid":{"rendered":"https:\/\/jugueterialudico.com.ar\/?post_type=product&#038;p=26866"},"modified":"2026-04-28T18:19:54","modified_gmt":"2026-04-28T21:19:54","slug":"juego-y-aprendo-animales-011","status":"publish","type":"product","link":"https:\/\/jugueterialudico.com.ar\/?product=juego-y-aprendo-animales-011","title":{"rendered":"JUEGO Y APRENDO ANIMALES &#8211; 011"},"content":{"rendered":"<p><strong>Juego y Aprendo: Animales<\/strong><\/p>\n<p>\u00a1Actividades para aprender jugando una y otra vez!<\/p>\n<p>Un libro did\u00e1ctico ideal para las infancias, pensado para acompa\u00f1ar el desarrollo de habilidades cognitivas de forma l\u00fadica. Contiene 41 actividades ilustradas con tem\u00e1tica de animales y est\u00e1 dise\u00f1ado para que los chicos y chicas puedan escribir, borrar y volver a empezar cuantas veces quieran.<\/p>\n<p>Incluye un fibr\u00f3n con borrador, que se guarda en el mismo libro para llevarlo a todos lados: \u00a1perfecto para usar en casa, en un viaje o mientras esperan en una sala!<\/p>\n<p>Cada p\u00e1gina est\u00e1 plastificada, lo que permite reutilizar las actividades. Adem\u00e1s, su formato anillado facilita el uso sin necesidad de apoyo adicional.<\/p>\n<p>&nbsp;<\/p>\n<p><strong>\u00bfQu\u00e9 actividades incluye?<\/strong><\/p>\n<ul>\n<li>Laberintos<\/li>\n<li>Unir los puntos<\/li>\n<li>Secuencias num\u00e9ricas<\/li>\n<li>Juegos de vocales<\/li>\n<li>Rimas y adivinanzas<\/li>\n<li>Buscar diferencias<\/li>\n<\/ul>\n<p>\u00a1Y muchas m\u00e1s!<\/p>\n<p>&nbsp;<\/p>\n<p><strong>Ideal para trabajar<\/strong><\/p>\n<ul>\n<li>Motricidad fina<\/li>\n<li>Observaci\u00f3n y atenci\u00f3n<\/li>\n<li>Reconocimiento de letras y n\u00fameros<\/li>\n<li>Desarrollo del lenguaje<\/li>\n<\/ul>\n<p>&nbsp;<\/p>\n<p><strong>Incluye<\/strong><\/p>\n<ul>\n<li>1 libro anillado plastificado<\/li>\n<li>41 actividades reutilizables<\/li>\n<li>1 fibr\u00f3n con borrador<\/li>\n<\/ul>\n<p>&nbsp;<\/p>\n<p><strong>Recomendado para ni\u00f1os y ni\u00f1as de 4 a 6 a\u00f1os.<\/strong><\/p>\n","protected":false},"excerpt":{"rendered":"<p>Juego y Aprendo: Animales \u00a1Actividades para aprender jugando una y otra vez! Un libro did\u00e1ctico ideal para las infancias, pensado para acompa\u00f1ar el desarrollo de habilidades cognitivas de forma l\u00fadica. Contiene 41 actividades ilustradas con tem\u00e1tica de animales y est\u00e1 dise\u00f1ado para que los chicos y chicas puedan escribir, borrar y volver a empezar cuantas [&hellip;]<\/p>\n","protected":false},"featured_media":26867,"comment_status":"open","ping_status":"closed","template":"","meta":{"site-sidebar-layout":"default","site-content-layout":"","ast-site-content-layout":"default","site-content-style":"default","site-sidebar-style":"default","ast-global-header-display":"","ast-banner-title-visibility":"","ast-main-header-display":"","ast-hfb-above-header-display":"","ast-hfb-below-header-display":"","ast-hfb-mobile-header-display":"","site-post-title":"","ast-breadcrumbs-content":"","ast-featured-img":"","footer-sml-layout":"","theme-transparent-header-meta":"default","adv-header-id-meta":"","stick-header-meta":"","header-above-stick-meta":"","header-main-stick-meta":"","header-below-stick-meta":"","astra-migrate-meta-layouts":"set","ast-page-background-enabled":"default","ast-page-background-meta":{"desktop":{"background-color":"","background-image":"","background-repeat":"repeat","background-position":"center center","background-size":"auto","background-attachment":"scroll","background-type":"","background-media":"","overlay-type":"","overlay-color":"","overlay-opacity":"","overlay-gradient":""},"tablet":{"background-color":"","background-image":"","background-repeat":"repeat","background-position":"center center","background-size":"auto","background-attachment":"scroll","background-type":"","background-media":"","overlay-type":"","overlay-color":"","overlay-opacity":"","overlay-gradient":""},"mobile":{"background-color":"","background-image":"","background-repeat":"repeat","background-position":"center center","background-size":"auto","background-attachment":"scroll","background-type":"","background-media":"","overlay-type":"","overlay-color":"","overlay-opacity":"","overlay-gradient":""}},"ast-content-background-meta":{"desktop":{"background-color":"var(--ast-global-color-5)","background-image":"","background-repeat":"repeat","background-position":"center center","background-size":"auto","background-attachment":"scroll","background-type":"","background-media":"","overlay-type":"","overlay-color":"","overlay-opacity":"","overlay-gradient":""},"tablet":{"background-color":"var(--ast-global-color-5)","background-image":"","background-repeat":"repeat","background-position":"center center","background-size":"auto","background-attachment":"scroll","background-type":"","background-media":"","overlay-type":"","overlay-color":"","overlay-opacity":"","overlay-gradient":""},"mobile":{"background-color":"var(--ast-global-color-5)","background-image":"","background-repeat":"repeat","background-position":"center center","background-size":"auto","background-attachment":"scroll","background-type":"","background-media":"","overlay-type":"","overlay-color":"","overlay-opacity":"","overlay-gradient":""}},"spay_email":""},"product_cat":[165,166,146,196,145],"product_tag":[],"_links":{"self":[{"href":"https:\/\/jugueterialudico.com.ar\/index.php?rest_route=\/wp\/v2\/product\/26866"}],"collection":[{"href":"https:\/\/jugueterialudico.com.ar\/index.php?rest_route=\/wp\/v2\/product"}],"about":[{"href":"https:\/\/jugueterialudico.com.ar\/index.php?rest_route=\/wp\/v2\/types\/product"}],"replies":[{"embeddable":true,"href":"https:\/\/jugueterialudico.com.ar\/index.php?rest_route=%2Fwp%2Fv2%2Fcomments&post=26866"}],"wp:featuredmedia":[{"embeddable":true,"href":"https:\/\/jugueterialudico.com.ar\/index.php?rest_route=\/wp\/v2\/media\/26867"}],"wp:attachment":[{"href":"https:\/\/jugueterialudico.com.ar\/index.php?rest_route=%2Fwp%2Fv2%2Fmedia&parent=26866"}],"wp:term":[{"taxonomy":"product_cat","embeddable":true,"href":"https:\/\/jugueterialudico.com.ar\/index.php?rest_route=%2Fwp%2Fv2%2Fproduct_cat&post=26866"},{"taxonomy":"product_tag","embeddable":true,"href":"https:\/\/jugueterialudico.com.ar\/index.php?rest_route=%2Fwp%2Fv2%2Fproduct_tag&post=26866"}],"curies":[{"name":"wp","href":"https:\/\/api.w.org\/{rel}","templated":true}]}}