{"id":26872,"date":"2025-09-20T11:49:41","date_gmt":"2025-09-20T14:49:41","guid":{"rendered":"https:\/\/jugueterialudico.com.ar\/?post_type=product&#038;p=26872"},"modified":"2026-04-28T18:19:46","modified_gmt":"2026-04-28T21:19:46","slug":"juego-y-aprendo-espacio-001","status":"publish","type":"product","link":"https:\/\/jugueterialudico.com.ar\/?product=juego-y-aprendo-espacio-001","title":{"rendered":"JUEGO Y APRENDO ESPACIO &#8211; 011"},"content":{"rendered":"<p><strong>Juego y Aprendo: Espacio<\/strong><\/p>\n<p>\u00a1Una aventura gal\u00e1ctica para aprender jugando una y otra vez!<\/p>\n<p>Este cuaderno did\u00e1ctico es ideal para ni\u00f1os y ni\u00f1as curiosos que quieren saber m\u00e1s sobre el universo. Contiene 41 actividades ilustradas con tem\u00e1tica espacial que se pueden escribir, borrar y volver a hacer las veces que quieran.<\/p>\n<p>Incluye un marcador con borrador que se guarda en el mismo libro, \u00a1perfecto para llevar en la mochila y usar en casa, en el auto o de viaje!<\/p>\n<p>Cada hoja est\u00e1 plastificada y su formato anillado permite usarlo c\u00f3modamente en cualquier lugar. Una propuesta divertida para seguir aprendiendo sin pantallas.<\/p>\n<p>&nbsp;<\/p>\n<p><strong>\u00bfQu\u00e9 actividades incluye?<\/strong><\/p>\n<ul>\n<li>Laberintos<\/li>\n<li>Unir los puntos<\/li>\n<li>Sopa de letras<\/li>\n<li>Crucigramas<\/li>\n<li>C\u00e1lculos<\/li>\n<li>Juegos de palabras<\/li>\n<li>Rimas, adivinanzas y mensajes en clave<\/li>\n<\/ul>\n<p>\u00a1Y muchas m\u00e1s!<\/p>\n<p>&nbsp;<\/p>\n<p><strong>Ideal para trabajar<\/strong><\/p>\n<ul>\n<li>Atenci\u00f3n y pensamiento l\u00f3gico<\/li>\n<li>C\u00e1lculo mental y lectoescritura<\/li>\n<li>Curiosidad cient\u00edfica<\/li>\n<li>Imaginaci\u00f3n y creatividad<\/li>\n<\/ul>\n<p>&nbsp;<\/p>\n<p><strong>Incluye<\/strong><\/p>\n<ul>\n<li>1 cuaderno anillado plastificado<\/li>\n<li>41 actividades reutilizables<\/li>\n<li>1 fibr\u00f3n con borrador<\/li>\n<\/ul>\n<p>&nbsp;<\/p>\n<p><strong>Recomendado para ni\u00f1os y ni\u00f1as de 6 a 8 a\u00f1os.<\/strong><\/p>\n","protected":false},"excerpt":{"rendered":"<p>Juego y Aprendo: Espacio \u00a1Una aventura gal\u00e1ctica para aprender jugando una y otra vez! Este cuaderno did\u00e1ctico es ideal para ni\u00f1os y ni\u00f1as curiosos que quieren saber m\u00e1s sobre el universo. Contiene 41 actividades ilustradas con tem\u00e1tica espacial que se pueden escribir, borrar y volver a hacer las veces que quieran. Incluye un marcador con [&hellip;]<\/p>\n","protected":false},"featured_media":26873,"comment_status":"open","ping_status":"closed","template":"","meta":{"site-sidebar-layout":"default","site-content-layout":"","ast-site-content-layout":"default","site-content-style":"default","site-sidebar-style":"default","ast-global-header-display":"","ast-banner-title-visibility":"","ast-main-header-display":"","ast-hfb-above-header-display":"","ast-hfb-below-header-display":"","ast-hfb-mobile-header-display":"","site-post-title":"","ast-breadcrumbs-content":"","ast-featured-img":"","footer-sml-layout":"","theme-transparent-header-meta":"default","adv-header-id-meta":"","stick-header-meta":"","header-above-stick-meta":"","header-main-stick-meta":"","header-below-stick-meta":"","astra-migrate-meta-layouts":"set","ast-page-background-enabled":"default","ast-page-background-meta":{"desktop":{"background-color":"","background-image":"","background-repeat":"repeat","background-position":"center center","background-size":"auto","background-attachment":"scroll","background-type":"","background-media":"","overlay-type":"","overlay-color":"","overlay-opacity":"","overlay-gradient":""},"tablet":{"background-color":"","background-image":"","background-repeat":"repeat","background-position":"center center","background-size":"auto","background-attachment":"scroll","background-type":"","background-media":"","overlay-type":"","overlay-color":"","overlay-opacity":"","overlay-gradient":""},"mobile":{"background-color":"","background-image":"","background-repeat":"repeat","background-position":"center center","background-size":"auto","background-attachment":"scroll","background-type":"","background-media":"","overlay-type":"","overlay-color":"","overlay-opacity":"","overlay-gradient":""}},"ast-content-background-meta":{"desktop":{"background-color":"var(--ast-global-color-5)","background-image":"","background-repeat":"repeat","background-position":"center center","background-size":"auto","background-attachment":"scroll","background-type":"","background-media":"","overlay-type":"","overlay-color":"","overlay-opacity":"","overlay-gradient":""},"tablet":{"background-color":"var(--ast-global-color-5)","background-image":"","background-repeat":"repeat","background-position":"center center","background-size":"auto","background-attachment":"scroll","background-type":"","background-media":"","overlay-type":"","overlay-color":"","overlay-opacity":"","overlay-gradient":""},"mobile":{"background-color":"var(--ast-global-color-5)","background-image":"","background-repeat":"repeat","background-position":"center center","background-size":"auto","background-attachment":"scroll","background-type":"","background-media":"","overlay-type":"","overlay-color":"","overlay-opacity":"","overlay-gradient":""}},"spay_email":""},"product_cat":[167,146,196,145],"product_tag":[],"_links":{"self":[{"href":"https:\/\/jugueterialudico.com.ar\/index.php?rest_route=\/wp\/v2\/product\/26872"}],"collection":[{"href":"https:\/\/jugueterialudico.com.ar\/index.php?rest_route=\/wp\/v2\/product"}],"about":[{"href":"https:\/\/jugueterialudico.com.ar\/index.php?rest_route=\/wp\/v2\/types\/product"}],"replies":[{"embeddable":true,"href":"https:\/\/jugueterialudico.com.ar\/index.php?rest_route=%2Fwp%2Fv2%2Fcomments&post=26872"}],"wp:featuredmedia":[{"embeddable":true,"href":"https:\/\/jugueterialudico.com.ar\/index.php?rest_route=\/wp\/v2\/media\/26873"}],"wp:attachment":[{"href":"https:\/\/jugueterialudico.com.ar\/index.php?rest_route=%2Fwp%2Fv2%2Fmedia&parent=26872"}],"wp:term":[{"taxonomy":"product_cat","embeddable":true,"href":"https:\/\/jugueterialudico.com.ar\/index.php?rest_route=%2Fwp%2Fv2%2Fproduct_cat&post=26872"},{"taxonomy":"product_tag","embeddable":true,"href":"https:\/\/jugueterialudico.com.ar\/index.php?rest_route=%2Fwp%2Fv2%2Fproduct_tag&post=26872"}],"curies":[{"name":"wp","href":"https:\/\/api.w.org\/{rel}","templated":true}]}}