{"id":26883,"date":"2025-09-20T12:00:11","date_gmt":"2025-09-20T15:00:11","guid":{"rendered":"https:\/\/jugueterialudico.com.ar\/?post_type=product&#038;p=26883"},"modified":"2026-04-24T17:52:13","modified_gmt":"2026-04-24T20:52:13","slug":"juego-y-aprendo-off-line-011","status":"publish","type":"product","link":"https:\/\/jugueterialudico.com.ar\/?product=juego-y-aprendo-off-line-011","title":{"rendered":"JUEGO Y APRENDO OFF LINE &#8211; 011"},"content":{"rendered":"<p><strong>Juego y Aprendo: Off Line<\/strong><\/p>\n<p>Una propuesta ideal para que chicos y chicas desconecten de las pantallas&#8230; \u00a1y se conecten con su creatividad!<\/p>\n<p>Este cuaderno de actividades propone una pausa del mundo digital para estimular el pensamiento l\u00f3gico, la observaci\u00f3n y la creatividad. Contiene 41 desaf\u00edos dise\u00f1ados especialmente para chicos y chicas de 10 a 12 a\u00f1os, con una est\u00e9tica moderna y tem\u00e1tica actual.<\/p>\n<p>Incluye un marcador con borrador que se guarda en el mismo libro, y hojas plastificadas para que puedan escribir, borrar y volver a empezar todas las veces que quieran. Ideal para usar en casa, en viajes o como recurso para talleres y espacios educativos.<\/p>\n<p>&nbsp;<\/p>\n<p><strong>\u00bfQu\u00e9 tipo de actividades incluye?<\/strong><\/p>\n<ul>\n<li>Sudokus<\/li>\n<li>Rompecabezas visuales<\/li>\n<li>Juegos con emojis<\/li>\n<li>Acertijos matem\u00e1ticos<\/li>\n<li>Laberintos<\/li>\n<li>Mensajes en clave<\/li>\n<li>Juegos de l\u00f3gica, perfiles y emociones<\/li>\n<\/ul>\n<p>\u00a1Y muchas m\u00e1s!<\/p>\n<p>&nbsp;<\/p>\n<p><strong>Ideal para trabajar<\/strong><\/p>\n<ul>\n<li>Resoluci\u00f3n de problemas<\/li>\n<li>C\u00e1lculo y razonamiento l\u00f3gico<\/li>\n<li>Lectoescritura y concentraci\u00f3n<\/li>\n<li>Inteligencia emocional y creatividad<\/li>\n<\/ul>\n<p>&nbsp;<\/p>\n<p><strong>Incluye<\/strong><\/p>\n<ul>\n<li>1 cuaderno anillado plastificado<\/li>\n<li>41 actividades reutilizables<\/li>\n<li>1 fibr\u00f3n con borrador<\/li>\n<\/ul>\n<p>&nbsp;<\/p>\n<p><strong>Recomendado para chicos y chicas de 10 a 12 a\u00f1os.<\/strong><\/p>\n","protected":false},"excerpt":{"rendered":"<p>Juego y Aprendo: Off Line Una propuesta ideal para que chicos y chicas desconecten de las pantallas&#8230; \u00a1y se conecten con su creatividad! Este cuaderno de actividades propone una pausa del mundo digital para estimular el pensamiento l\u00f3gico, la observaci\u00f3n y la creatividad. Contiene 41 desaf\u00edos dise\u00f1ados especialmente para chicos y chicas de 10 a [&hellip;]<\/p>\n","protected":false},"featured_media":26884,"comment_status":"open","ping_status":"closed","template":"","meta":{"site-sidebar-layout":"default","site-content-layout":"","ast-site-content-layout":"default","site-content-style":"default","site-sidebar-style":"default","ast-global-header-display":"","ast-banner-title-visibility":"","ast-main-header-display":"","ast-hfb-above-header-display":"","ast-hfb-below-header-display":"","ast-hfb-mobile-header-display":"","site-post-title":"","ast-breadcrumbs-content":"","ast-featured-img":"","footer-sml-layout":"","theme-transparent-header-meta":"default","adv-header-id-meta":"","stick-header-meta":"","header-above-stick-meta":"","header-main-stick-meta":"","header-below-stick-meta":"","astra-migrate-meta-layouts":"set","ast-page-background-enabled":"default","ast-page-background-meta":{"desktop":{"background-color":"","background-image":"","background-repeat":"repeat","background-position":"center center","background-size":"auto","background-attachment":"scroll","background-type":"","background-media":"","overlay-type":"","overlay-color":"","overlay-opacity":"","overlay-gradient":""},"tablet":{"background-color":"","background-image":"","background-repeat":"repeat","background-position":"center center","background-size":"auto","background-attachment":"scroll","background-type":"","background-media":"","overlay-type":"","overlay-color":"","overlay-opacity":"","overlay-gradient":""},"mobile":{"background-color":"","background-image":"","background-repeat":"repeat","background-position":"center center","background-size":"auto","background-attachment":"scroll","background-type":"","background-media":"","overlay-type":"","overlay-color":"","overlay-opacity":"","overlay-gradient":""}},"ast-content-background-meta":{"desktop":{"background-color":"var(--ast-global-color-5)","background-image":"","background-repeat":"repeat","background-position":"center center","background-size":"auto","background-attachment":"scroll","background-type":"","background-media":"","overlay-type":"","overlay-color":"","overlay-opacity":"","overlay-gradient":""},"tablet":{"background-color":"var(--ast-global-color-5)","background-image":"","background-repeat":"repeat","background-position":"center center","background-size":"auto","background-attachment":"scroll","background-type":"","background-media":"","overlay-type":"","overlay-color":"","overlay-opacity":"","overlay-gradient":""},"mobile":{"background-color":"var(--ast-global-color-5)","background-image":"","background-repeat":"repeat","background-position":"center center","background-size":"auto","background-attachment":"scroll","background-type":"","background-media":"","overlay-type":"","overlay-color":"","overlay-opacity":"","overlay-gradient":""}},"spay_email":""},"product_cat":[168,167,146,196,145],"product_tag":[],"_links":{"self":[{"href":"https:\/\/jugueterialudico.com.ar\/index.php?rest_route=\/wp\/v2\/product\/26883"}],"collection":[{"href":"https:\/\/jugueterialudico.com.ar\/index.php?rest_route=\/wp\/v2\/product"}],"about":[{"href":"https:\/\/jugueterialudico.com.ar\/index.php?rest_route=\/wp\/v2\/types\/product"}],"replies":[{"embeddable":true,"href":"https:\/\/jugueterialudico.com.ar\/index.php?rest_route=%2Fwp%2Fv2%2Fcomments&post=26883"}],"wp:featuredmedia":[{"embeddable":true,"href":"https:\/\/jugueterialudico.com.ar\/index.php?rest_route=\/wp\/v2\/media\/26884"}],"wp:attachment":[{"href":"https:\/\/jugueterialudico.com.ar\/index.php?rest_route=%2Fwp%2Fv2%2Fmedia&parent=26883"}],"wp:term":[{"taxonomy":"product_cat","embeddable":true,"href":"https:\/\/jugueterialudico.com.ar\/index.php?rest_route=%2Fwp%2Fv2%2Fproduct_cat&post=26883"},{"taxonomy":"product_tag","embeddable":true,"href":"https:\/\/jugueterialudico.com.ar\/index.php?rest_route=%2Fwp%2Fv2%2Fproduct_tag&post=26883"}],"curies":[{"name":"wp","href":"https:\/\/api.w.org\/{rel}","templated":true}]}}