{"id":26939,"date":"2025-10-04T16:07:26","date_gmt":"2025-10-04T19:07:26","guid":{"rendered":"https:\/\/jugueterialudico.com.ar\/?post_type=product&#038;p=26939"},"modified":"2026-04-21T14:29:47","modified_gmt":"2026-04-21T17:29:47","slug":"mini-cocina-de-mesa-203","status":"publish","type":"product","link":"https:\/\/jugueterialudico.com.ar\/?product=mini-cocina-de-mesa-203","title":{"rendered":"MINI COCINA DE MESA &#8211; 203"},"content":{"rendered":"<p><strong>Medidas:\u00a0<\/strong>22 cm. de alto x 33 cm. de ancho x 17 cm. de profundidad<\/p>\n","protected":false},"excerpt":{"rendered":"<h4><span lang=\"ES-MX\">Producto ideal para fomentar el juego de roles<\/span><\/h4>\n<p><span lang=\"ES-MX\">Nuestra Mini Cocina, es la m\u00e1s peque\u00f1a dentro de nuestra familia de cocinas; si el espacio es un problema esta es la opci\u00f3n indicada. Es de dise\u00f1o compacto y brinda una experiencia de juego completo. Posee horno, dos hornallas y su alzada es desmontable para facilitar el guardado, incluye salero, pimentero y dos mini utensilios. Tambi\u00e9n cuenta manijas laterales para su f\u00e1cil desplazamiento.<\/span><\/p>\n<p><span lang=\"ES-MX\">Realizada en madera MDF, pintada con esmaltes al agua.<\/span><\/p>\n<p><span lang=\"ES-MX\">La magia del juego no necesita ocupar mucho espacio. Con nuestra mini cocina, incluso los hogares m\u00e1s peque\u00f1os pueden ofrecer a los ni\u00f1os la experiencia encantadora de crear sus propios platos imaginarios. Los accesorios incluidos hacen que la experiencia sea completa desde el primer momento.<\/span><\/p>\n","protected":false},"featured_media":26940,"comment_status":"open","ping_status":"closed","template":"","meta":{"site-sidebar-layout":"default","site-content-layout":"","ast-site-content-layout":"default","site-content-style":"default","site-sidebar-style":"default","ast-global-header-display":"","ast-banner-title-visibility":"","ast-main-header-display":"","ast-hfb-above-header-display":"","ast-hfb-below-header-display":"","ast-hfb-mobile-header-display":"","site-post-title":"","ast-breadcrumbs-content":"","ast-featured-img":"","footer-sml-layout":"","theme-transparent-header-meta":"default","adv-header-id-meta":"","stick-header-meta":"","header-above-stick-meta":"","header-main-stick-meta":"","header-below-stick-meta":"","astra-migrate-meta-layouts":"set","ast-page-background-enabled":"default","ast-page-background-meta":{"desktop":{"background-color":"","background-image":"","background-repeat":"repeat","background-position":"center center","background-size":"auto","background-attachment":"scroll","background-type":"","background-media":"","overlay-type":"","overlay-color":"","overlay-opacity":"","overlay-gradient":""},"tablet":{"background-color":"","background-image":"","background-repeat":"repeat","background-position":"center center","background-size":"auto","background-attachment":"scroll","background-type":"","background-media":"","overlay-type":"","overlay-color":"","overlay-opacity":"","overlay-gradient":""},"mobile":{"background-color":"","background-image":"","background-repeat":"repeat","background-position":"center center","background-size":"auto","background-attachment":"scroll","background-type":"","background-media":"","overlay-type":"","overlay-color":"","overlay-opacity":"","overlay-gradient":""}},"ast-content-background-meta":{"desktop":{"background-color":"var(--ast-global-color-5)","background-image":"","background-repeat":"repeat","background-position":"center center","background-size":"auto","background-attachment":"scroll","background-type":"","background-media":"","overlay-type":"","overlay-color":"","overlay-opacity":"","overlay-gradient":""},"tablet":{"background-color":"var(--ast-global-color-5)","background-image":"","background-repeat":"repeat","background-position":"center center","background-size":"auto","background-attachment":"scroll","background-type":"","background-media":"","overlay-type":"","overlay-color":"","overlay-opacity":"","overlay-gradient":""},"mobile":{"background-color":"var(--ast-global-color-5)","background-image":"","background-repeat":"repeat","background-position":"center center","background-size":"auto","background-attachment":"scroll","background-type":"","background-media":"","overlay-type":"","overlay-color":"","overlay-opacity":"","overlay-gradient":""}},"spay_email":""},"product_cat":[18,164,165,166,198,93,159],"product_tag":[],"_links":{"self":[{"href":"https:\/\/jugueterialudico.com.ar\/index.php?rest_route=\/wp\/v2\/product\/26939"}],"collection":[{"href":"https:\/\/jugueterialudico.com.ar\/index.php?rest_route=\/wp\/v2\/product"}],"about":[{"href":"https:\/\/jugueterialudico.com.ar\/index.php?rest_route=\/wp\/v2\/types\/product"}],"replies":[{"embeddable":true,"href":"https:\/\/jugueterialudico.com.ar\/index.php?rest_route=%2Fwp%2Fv2%2Fcomments&post=26939"}],"wp:featuredmedia":[{"embeddable":true,"href":"https:\/\/jugueterialudico.com.ar\/index.php?rest_route=\/wp\/v2\/media\/26940"}],"wp:attachment":[{"href":"https:\/\/jugueterialudico.com.ar\/index.php?rest_route=%2Fwp%2Fv2%2Fmedia&parent=26939"}],"wp:term":[{"taxonomy":"product_cat","embeddable":true,"href":"https:\/\/jugueterialudico.com.ar\/index.php?rest_route=%2Fwp%2Fv2%2Fproduct_cat&post=26939"},{"taxonomy":"product_tag","embeddable":true,"href":"https:\/\/jugueterialudico.com.ar\/index.php?rest_route=%2Fwp%2Fv2%2Fproduct_tag&post=26939"}],"curies":[{"name":"wp","href":"https:\/\/api.w.org\/{rel}","templated":true}]}}