{"id":27015,"date":"2025-10-11T18:31:03","date_gmt":"2025-10-11T21:31:03","guid":{"rendered":"https:\/\/jugueterialudico.com.ar\/?post_type=product&#038;p=27015"},"modified":"2026-04-17T16:59:19","modified_gmt":"2026-04-17T19:59:19","slug":"bolas-locas-209","status":"publish","type":"product","link":"https:\/\/jugueterialudico.com.ar\/?product=bolas-locas-209","title":{"rendered":"BOLAS LOCAS &#8211; 209"},"content":{"rendered":"<div class=\"WaaZC\">\n<div class=\"RJPOee EIJn2\">\n<div class=\"rPeykc uP58nb MNX06c\" data-hveid=\"CAIQAQ\" data-ved=\"2ahUKEwirrsSLip2QAxV9PbkGHfGwA-0Qo_EKegQIAhAB\"><span data-huuid=\"16498247991468464531\">Estos juguetes est\u00e1n dise\u00f1ados para estimular el desarrollo a trav\u00e9s del tacto y la exploraci\u00f3n.<span class=\"pjBG2e\" data-cid=\"2b4e2eed-e0c4-44a7-8f5f-accf66597e88\"><span class=\"UV3uM\">\u00a0<\/span><\/span><\/span><\/p>\n<div class=\"NPrrbc\" data-cid=\"2b4e2eed-e0c4-44a7-8f5f-accf66597e88\" data-uuids=\"16498247991468466022,16498247991468464531,16498247991468464154,16498247991468465268,16498247991468462286,16498247991468463400\">\n<div class=\"BMebGe btku5b LwdV0e FR7ZSc OJeuxf\" tabindex=\"0\" role=\"button\" aria-label=\"Ver v\u00ednculos relacionados\" data-hveid=\"CAQQAQ\" data-ved=\"2ahUKEwirrsSLip2QAxV9PbkGHfGwA-0Q3fYKegQIBBAB\">\n<div class=\"niO4u\"><\/div>\n<\/div>\n<\/div>\n<\/div>\n<\/div>\n<\/div>\n<div class=\"WaaZC\">\n<div class=\"RJPOee EIJn2\">\n<ul data-hveid=\"CA4QAQ\" data-ved=\"2ahUKEwirrsSLip2QAxV9PbkGHfGwA-0Qm_YKegQIDhAB\">\n<li><span data-huuid=\"16498247991468464154\">El set incluye seis pelotas con diferentes texturas, formas y colores.<\/span><\/li>\n<li><span data-huuid=\"16498247991468465268\">Est\u00e1n fabricadas con materiales seguros y no t\u00f3xicos.<\/span><\/li>\n<li><span data-huuid=\"16498247991468462286\">Estos juguetes de estimulaci\u00f3n temprana ayudan a desarrollar la percepci\u00f3n t\u00e1ctil, la conciencia corporal y la coordinaci\u00f3n mano-ojo.<\/span><\/li>\n<\/ul>\n<p>Edad recomendada: +6 meses<\/p>\n<\/div>\n<\/div>\n","protected":false},"excerpt":{"rendered":"<p>Estos juguetes est\u00e1n dise\u00f1ados para estimular el desarrollo a trav\u00e9s del tacto y la exploraci\u00f3n.\u00a0 El set incluye seis pelotas con diferentes texturas, formas y colores. Est\u00e1n fabricadas con materiales seguros y no t\u00f3xicos. Estos juguetes de estimulaci\u00f3n temprana ayudan a desarrollar la percepci\u00f3n t\u00e1ctil, la conciencia corporal y la coordinaci\u00f3n mano-ojo. Edad recomendada: +6 [&hellip;]<\/p>\n","protected":false},"featured_media":27016,"comment_status":"open","ping_status":"closed","template":"","meta":{"site-sidebar-layout":"default","site-content-layout":"","ast-site-content-layout":"default","site-content-style":"default","site-sidebar-style":"default","ast-global-header-display":"","ast-banner-title-visibility":"","ast-main-header-display":"","ast-hfb-above-header-display":"","ast-hfb-below-header-display":"","ast-hfb-mobile-header-display":"","site-post-title":"","ast-breadcrumbs-content":"","ast-featured-img":"","footer-sml-layout":"","theme-transparent-header-meta":"default","adv-header-id-meta":"","stick-header-meta":"","header-above-stick-meta":"","header-main-stick-meta":"","header-below-stick-meta":"","astra-migrate-meta-layouts":"set","ast-page-background-enabled":"default","ast-page-background-meta":{"desktop":{"background-color":"","background-image":"","background-repeat":"repeat","background-position":"center center","background-size":"auto","background-attachment":"scroll","background-type":"","background-media":"","overlay-type":"","overlay-color":"","overlay-opacity":"","overlay-gradient":""},"tablet":{"background-color":"","background-image":"","background-repeat":"repeat","background-position":"center center","background-size":"auto","background-attachment":"scroll","background-type":"","background-media":"","overlay-type":"","overlay-color":"","overlay-opacity":"","overlay-gradient":""},"mobile":{"background-color":"","background-image":"","background-repeat":"repeat","background-position":"center center","background-size":"auto","background-attachment":"scroll","background-type":"","background-media":"","overlay-type":"","overlay-color":"","overlay-opacity":"","overlay-gradient":""}},"ast-content-background-meta":{"desktop":{"background-color":"var(--ast-global-color-5)","background-image":"","background-repeat":"repeat","background-position":"center center","background-size":"auto","background-attachment":"scroll","background-type":"","background-media":"","overlay-type":"","overlay-color":"","overlay-opacity":"","overlay-gradient":""},"tablet":{"background-color":"var(--ast-global-color-5)","background-image":"","background-repeat":"repeat","background-position":"center center","background-size":"auto","background-attachment":"scroll","background-type":"","background-media":"","overlay-type":"","overlay-color":"","overlay-opacity":"","overlay-gradient":""},"mobile":{"background-color":"var(--ast-global-color-5)","background-image":"","background-repeat":"repeat","background-position":"center center","background-size":"auto","background-attachment":"scroll","background-type":"","background-media":"","overlay-type":"","overlay-color":"","overlay-opacity":"","overlay-gradient":""}},"spay_email":""},"product_cat":[162,161,163,159],"product_tag":[],"_links":{"self":[{"href":"https:\/\/jugueterialudico.com.ar\/index.php?rest_route=\/wp\/v2\/product\/27015"}],"collection":[{"href":"https:\/\/jugueterialudico.com.ar\/index.php?rest_route=\/wp\/v2\/product"}],"about":[{"href":"https:\/\/jugueterialudico.com.ar\/index.php?rest_route=\/wp\/v2\/types\/product"}],"replies":[{"embeddable":true,"href":"https:\/\/jugueterialudico.com.ar\/index.php?rest_route=%2Fwp%2Fv2%2Fcomments&post=27015"}],"wp:featuredmedia":[{"embeddable":true,"href":"https:\/\/jugueterialudico.com.ar\/index.php?rest_route=\/wp\/v2\/media\/27016"}],"wp:attachment":[{"href":"https:\/\/jugueterialudico.com.ar\/index.php?rest_route=%2Fwp%2Fv2%2Fmedia&parent=27015"}],"wp:term":[{"taxonomy":"product_cat","embeddable":true,"href":"https:\/\/jugueterialudico.com.ar\/index.php?rest_route=%2Fwp%2Fv2%2Fproduct_cat&post=27015"},{"taxonomy":"product_tag","embeddable":true,"href":"https:\/\/jugueterialudico.com.ar\/index.php?rest_route=%2Fwp%2Fv2%2Fproduct_tag&post=27015"}],"curies":[{"name":"wp","href":"https:\/\/api.w.org\/{rel}","templated":true}]}}