{"id":27026,"date":"2025-10-13T10:29:41","date_gmt":"2025-10-13T13:29:41","guid":{"rendered":"https:\/\/jugueterialudico.com.ar\/?post_type=product&#038;p=27026"},"modified":"2025-10-13T10:29:42","modified_gmt":"2025-10-13T13:29:42","slug":"hash-toys-005","status":"publish","type":"product","link":"https:\/\/jugueterialudico.com.ar\/?product=hash-toys-005","title":{"rendered":"HASH TOYS &#8211; 005"},"content":{"rendered":"<p>El juego de mesa Hash Toy Ta Te Ti Monstruoso es una divertida y did\u00e1ctica versi\u00f3n del cl\u00e1sico tres en l\u00ednea, especialmente dise\u00f1ado para ni\u00f1os. Con personajes monstruosos simp\u00e1ticos y coloridos, este juego potencia la l\u00f3gica, el pensamiento estrat\u00e9gico y la toma de decisiones de manera l\u00fadica y accesible desde temprana edad.<\/p>\n<p>Ideal para estimular habilidades cognitivas, atenci\u00f3n y concentraci\u00f3n, Ta Te Ti Monstruoso permite a los ni\u00f1os aprender reglas simples, planificar movimientos y anticiparse al oponente, fortaleciendo tambi\u00e9n la socializaci\u00f3n y el juego compartido.<\/p>\n<p>Fabricado con materiales seguros y resistentes, este juego es perfecto para disfrutar en familia o en el aula. Apto para ni\u00f1os a partir de los 4 a\u00f1os, su dise\u00f1o atractivo y su mec\u00e1nica \u00e1gil lo convierten en una excelente elecci\u00f3n para acompa\u00f1ar el crecimiento de manera educativa y entretenida.<\/p>\n<p>Incorpor\u00e1 Hash Toy Ta Te Ti Monstruoso a tu colecci\u00f3n de juegos de mesa en Jugueter\u00edas Educando y promov\u00e9 el desarrollo infantil a trav\u00e9s del juego inteligente.<\/p>\n","protected":false},"excerpt":{"rendered":"<p>El juego de mesa Hash Toy Ta Te Ti Monstruoso es una divertida y did\u00e1ctica versi\u00f3n del cl\u00e1sico tres en l\u00ednea, especialmente dise\u00f1ado para ni\u00f1os. Con personajes monstruosos simp\u00e1ticos y coloridos, este juego potencia la l\u00f3gica, el pensamiento estrat\u00e9gico y la toma de decisiones de manera l\u00fadica y accesible desde temprana edad. Ideal para estimular [&hellip;]<\/p>\n","protected":false},"featured_media":27028,"comment_status":"open","ping_status":"closed","template":"","meta":{"site-sidebar-layout":"default","site-content-layout":"","ast-site-content-layout":"default","site-content-style":"default","site-sidebar-style":"default","ast-global-header-display":"","ast-banner-title-visibility":"","ast-main-header-display":"","ast-hfb-above-header-display":"","ast-hfb-below-header-display":"","ast-hfb-mobile-header-display":"","site-post-title":"","ast-breadcrumbs-content":"","ast-featured-img":"","footer-sml-layout":"","theme-transparent-header-meta":"default","adv-header-id-meta":"","stick-header-meta":"","header-above-stick-meta":"","header-main-stick-meta":"","header-below-stick-meta":"","astra-migrate-meta-layouts":"set","ast-page-background-enabled":"default","ast-page-background-meta":{"desktop":{"background-color":"","background-image":"","background-repeat":"repeat","background-position":"center center","background-size":"auto","background-attachment":"scroll","background-type":"","background-media":"","overlay-type":"","overlay-color":"","overlay-opacity":"","overlay-gradient":""},"tablet":{"background-color":"","background-image":"","background-repeat":"repeat","background-position":"center center","background-size":"auto","background-attachment":"scroll","background-type":"","background-media":"","overlay-type":"","overlay-color":"","overlay-opacity":"","overlay-gradient":""},"mobile":{"background-color":"","background-image":"","background-repeat":"repeat","background-position":"center center","background-size":"auto","background-attachment":"scroll","background-type":"","background-media":"","overlay-type":"","overlay-color":"","overlay-opacity":"","overlay-gradient":""}},"ast-content-background-meta":{"desktop":{"background-color":"var(--ast-global-color-5)","background-image":"","background-repeat":"repeat","background-position":"center center","background-size":"auto","background-attachment":"scroll","background-type":"","background-media":"","overlay-type":"","overlay-color":"","overlay-opacity":"","overlay-gradient":""},"tablet":{"background-color":"var(--ast-global-color-5)","background-image":"","background-repeat":"repeat","background-position":"center center","background-size":"auto","background-attachment":"scroll","background-type":"","background-media":"","overlay-type":"","overlay-color":"","overlay-opacity":"","overlay-gradient":""},"mobile":{"background-color":"var(--ast-global-color-5)","background-image":"","background-repeat":"repeat","background-position":"center center","background-size":"auto","background-attachment":"scroll","background-type":"","background-media":"","overlay-type":"","overlay-color":"","overlay-opacity":"","overlay-gradient":""}},"spay_email":""},"product_cat":[165,166,74],"product_tag":[],"_links":{"self":[{"href":"https:\/\/jugueterialudico.com.ar\/index.php?rest_route=\/wp\/v2\/product\/27026"}],"collection":[{"href":"https:\/\/jugueterialudico.com.ar\/index.php?rest_route=\/wp\/v2\/product"}],"about":[{"href":"https:\/\/jugueterialudico.com.ar\/index.php?rest_route=\/wp\/v2\/types\/product"}],"replies":[{"embeddable":true,"href":"https:\/\/jugueterialudico.com.ar\/index.php?rest_route=%2Fwp%2Fv2%2Fcomments&post=27026"}],"wp:featuredmedia":[{"embeddable":true,"href":"https:\/\/jugueterialudico.com.ar\/index.php?rest_route=\/wp\/v2\/media\/27028"}],"wp:attachment":[{"href":"https:\/\/jugueterialudico.com.ar\/index.php?rest_route=%2Fwp%2Fv2%2Fmedia&parent=27026"}],"wp:term":[{"taxonomy":"product_cat","embeddable":true,"href":"https:\/\/jugueterialudico.com.ar\/index.php?rest_route=%2Fwp%2Fv2%2Fproduct_cat&post=27026"},{"taxonomy":"product_tag","embeddable":true,"href":"https:\/\/jugueterialudico.com.ar\/index.php?rest_route=%2Fwp%2Fv2%2Fproduct_tag&post=27026"}],"curies":[{"name":"wp","href":"https:\/\/api.w.org\/{rel}","templated":true}]}}