{"id":27321,"date":"2026-02-12T11:02:56","date_gmt":"2026-02-12T14:02:56","guid":{"rendered":"https:\/\/jugueterialudico.com.ar\/?post_type=product&#038;p=27321"},"modified":"2026-02-21T15:33:03","modified_gmt":"2026-02-21T18:33:03","slug":"tantrix-035","status":"publish","type":"product","link":"https:\/\/jugueterialudico.com.ar\/?product=tantrix-035","title":{"rendered":"TANTRIX &#8211; 035"},"content":{"rendered":"<h3 data-start=\"109\" data-end=\"120\">TANTRIX<\/h3>\n<p style=\"font-weight: 400;\"><span style=\"font-weight: 400;\">Un juego de l\u00f3gica que engancha, desaf\u00eda y no se repite.<\/span><\/p>\n<p style=\"font-weight: 400;\"><span style=\"font-weight: 400;\">En Tantrix el objetivo es claro: unir las piezas hexagonales para que los colores coincidan y formen un circuito continuo. Quien tenga la l\u00ednea m\u00e1s larga, gana. Suena f\u00e1cil\u2026 hasta que empez\u00e1s a jugar.\u00a0<\/span><\/p>\n<p style=\"font-weight: 400;\"><span style=\"font-weight: 400;\">Se puede jugar en solitario o competir en grupo.\u00a0 Si te gustan los juegos de ingenio y estrategia prob\u00e1 la versi\u00f3n cl\u00e1sica, que pone a prueba tu ingenio, tu concentraci\u00f3n y tu capacidad de resolver problemas. Pero si te gusta la adrenalina, prob\u00e1 con la versi\u00f3n familiar: el primero que se deshaga de sus fichas \u00a1gana!\u00a0<\/span><\/p>\n<p style=\"font-weight: 400;\"><span style=\"font-weight: 400;\">Ideal para quienes disfrutan pensar, probar y superarse en cada partida.<\/span><\/p>\n<p style=\"font-weight: 400;\"><span style=\"font-weight: 400;\">Un cl\u00e1sico moderno de los juegos de ingenio. Simple, inteligente y adictivo.<\/span><\/p>\n<p style=\"font-weight: 400;\" data-start=\"122\" data-end=\"178\">Edad: 6 a 99 a\u00f1os<br \/>\nJugadores: 1 a 6<br \/>\nDuraci\u00f3n: 10 a 30 minutos<\/p>\n","protected":false},"excerpt":{"rendered":"<p>TANTRIX Un juego de l\u00f3gica que engancha, desaf\u00eda y no se repite. En Tantrix el objetivo es claro: unir las piezas hexagonales para que los colores coincidan y formen un circuito continuo. Quien tenga la l\u00ednea m\u00e1s larga, gana. Suena f\u00e1cil\u2026 hasta que empez\u00e1s a jugar.\u00a0 Se puede jugar en solitario o competir en grupo.\u00a0 [&hellip;]<\/p>\n","protected":false},"featured_media":27322,"comment_status":"open","ping_status":"closed","template":"","meta":{"site-sidebar-layout":"default","site-content-layout":"","ast-site-content-layout":"default","site-content-style":"default","site-sidebar-style":"default","ast-global-header-display":"","ast-banner-title-visibility":"","ast-main-header-display":"","ast-hfb-above-header-display":"","ast-hfb-below-header-display":"","ast-hfb-mobile-header-display":"","site-post-title":"","ast-breadcrumbs-content":"","ast-featured-img":"","footer-sml-layout":"","theme-transparent-header-meta":"default","adv-header-id-meta":"","stick-header-meta":"","header-above-stick-meta":"","header-main-stick-meta":"","header-below-stick-meta":"","astra-migrate-meta-layouts":"set","ast-page-background-enabled":"default","ast-page-background-meta":{"desktop":{"background-color":"","background-image":"","background-repeat":"repeat","background-position":"center center","background-size":"auto","background-attachment":"scroll","background-type":"","background-media":"","overlay-type":"","overlay-color":"","overlay-opacity":"","overlay-gradient":""},"tablet":{"background-color":"","background-image":"","background-repeat":"repeat","background-position":"center center","background-size":"auto","background-attachment":"scroll","background-type":"","background-media":"","overlay-type":"","overlay-color":"","overlay-opacity":"","overlay-gradient":""},"mobile":{"background-color":"","background-image":"","background-repeat":"repeat","background-position":"center center","background-size":"auto","background-attachment":"scroll","background-type":"","background-media":"","overlay-type":"","overlay-color":"","overlay-opacity":"","overlay-gradient":""}},"ast-content-background-meta":{"desktop":{"background-color":"var(--ast-global-color-5)","background-image":"","background-repeat":"repeat","background-position":"center center","background-size":"auto","background-attachment":"scroll","background-type":"","background-media":"","overlay-type":"","overlay-color":"","overlay-opacity":"","overlay-gradient":""},"tablet":{"background-color":"var(--ast-global-color-5)","background-image":"","background-repeat":"repeat","background-position":"center center","background-size":"auto","background-attachment":"scroll","background-type":"","background-media":"","overlay-type":"","overlay-color":"","overlay-opacity":"","overlay-gradient":""},"mobile":{"background-color":"var(--ast-global-color-5)","background-image":"","background-repeat":"repeat","background-position":"center center","background-size":"auto","background-attachment":"scroll","background-type":"","background-media":"","overlay-type":"","overlay-color":"","overlay-opacity":"","overlay-gradient":""}},"spay_email":""},"product_cat":[185,168,166,167,74],"product_tag":[],"_links":{"self":[{"href":"https:\/\/jugueterialudico.com.ar\/index.php?rest_route=\/wp\/v2\/product\/27321"}],"collection":[{"href":"https:\/\/jugueterialudico.com.ar\/index.php?rest_route=\/wp\/v2\/product"}],"about":[{"href":"https:\/\/jugueterialudico.com.ar\/index.php?rest_route=\/wp\/v2\/types\/product"}],"replies":[{"embeddable":true,"href":"https:\/\/jugueterialudico.com.ar\/index.php?rest_route=%2Fwp%2Fv2%2Fcomments&post=27321"}],"wp:featuredmedia":[{"embeddable":true,"href":"https:\/\/jugueterialudico.com.ar\/index.php?rest_route=\/wp\/v2\/media\/27322"}],"wp:attachment":[{"href":"https:\/\/jugueterialudico.com.ar\/index.php?rest_route=%2Fwp%2Fv2%2Fmedia&parent=27321"}],"wp:term":[{"taxonomy":"product_cat","embeddable":true,"href":"https:\/\/jugueterialudico.com.ar\/index.php?rest_route=%2Fwp%2Fv2%2Fproduct_cat&post=27321"},{"taxonomy":"product_tag","embeddable":true,"href":"https:\/\/jugueterialudico.com.ar\/index.php?rest_route=%2Fwp%2Fv2%2Fproduct_tag&post=27321"}],"curies":[{"name":"wp","href":"https:\/\/api.w.org\/{rel}","templated":true}]}}