{"id":27343,"date":"2026-02-26T18:49:13","date_gmt":"2026-02-26T21:49:13","guid":{"rendered":"https:\/\/jugueterialudico.com.ar\/?post_type=product&#038;p=27343"},"modified":"2026-02-26T18:49:14","modified_gmt":"2026-02-26T21:49:14","slug":"bloques-suaves-48-p-soft-blocks-005","status":"publish","type":"product","link":"https:\/\/jugueterialudico.com.ar\/?product=bloques-suaves-48-p-soft-blocks-005","title":{"rendered":"BLOQUES SUAVES 48 P (SOFT BLOCKS) &#8211; 005"},"content":{"rendered":"<p>Soft Blocks 48 Pcs de PHI PHI TOYS convierte el tiempo en casa, el jard\u00edn o la hora en familia en una aventura de construcci\u00f3n y descubrimiento: los chicos apilan, encajan y crean torres, animales y ciudades mientras disfrutan de un juego sin pantallas que potencia la concentraci\u00f3n. Pensado como juguetes primer infancia, estos bloques medianos invitan a explorar la imaginaci\u00f3n y el aprendizaje a trav\u00e9s del juego sensorial y la motricidad fina; ideal para madres, padres y adultos que regalan un juguete educativo. Fomenta la autonom\u00eda y la resoluci\u00f3n de problemas en etapas tempranas, promoviendo interacci\u00f3n social cuando juegan en grupo y tranquilidad para los adultos que buscan alternativas seguras y creativas para sus hijos.<\/p>\n<ul>\n<li>Material suave y seguro para manos peque\u00f1as, f\u00e1cil de tomar y apilar.<\/li>\n<li>Dise\u00f1o resistente y duradero para uso repetido en casa o al aire libre.<\/li>\n<li>Estimula la creatividad, la coordinaci\u00f3n y habilidades espaciales.<\/li>\n<li>Port\u00e1til y ligero: ideal para llevar a plazas, viajes o visitas familiares.<\/li>\n<\/ul>\n","protected":false},"excerpt":{"rendered":"<p>Soft Blocks 48 Pcs de PHI PHI TOYS convierte el tiempo en casa, el jard\u00edn o la hora en familia en una aventura de construcci\u00f3n y descubrimiento: los chicos apilan, encajan y crean torres, animales y ciudades mientras disfrutan de un juego sin pantallas que potencia la concentraci\u00f3n. Pensado como juguetes primer infancia, estos bloques [&hellip;]<\/p>\n","protected":false},"featured_media":27346,"comment_status":"open","ping_status":"closed","template":"","meta":{"site-sidebar-layout":"default","site-content-layout":"","ast-site-content-layout":"default","site-content-style":"default","site-sidebar-style":"default","ast-global-header-display":"","ast-banner-title-visibility":"","ast-main-header-display":"","ast-hfb-above-header-display":"","ast-hfb-below-header-display":"","ast-hfb-mobile-header-display":"","site-post-title":"","ast-breadcrumbs-content":"","ast-featured-img":"","footer-sml-layout":"","theme-transparent-header-meta":"default","adv-header-id-meta":"","stick-header-meta":"","header-above-stick-meta":"","header-main-stick-meta":"","header-below-stick-meta":"","astra-migrate-meta-layouts":"set","ast-page-background-enabled":"default","ast-page-background-meta":{"desktop":{"background-color":"","background-image":"","background-repeat":"repeat","background-position":"center center","background-size":"auto","background-attachment":"scroll","background-type":"","background-media":"","overlay-type":"","overlay-color":"","overlay-opacity":"","overlay-gradient":""},"tablet":{"background-color":"","background-image":"","background-repeat":"repeat","background-position":"center center","background-size":"auto","background-attachment":"scroll","background-type":"","background-media":"","overlay-type":"","overlay-color":"","overlay-opacity":"","overlay-gradient":""},"mobile":{"background-color":"","background-image":"","background-repeat":"repeat","background-position":"center center","background-size":"auto","background-attachment":"scroll","background-type":"","background-media":"","overlay-type":"","overlay-color":"","overlay-opacity":"","overlay-gradient":""}},"ast-content-background-meta":{"desktop":{"background-color":"var(--ast-global-color-5)","background-image":"","background-repeat":"repeat","background-position":"center center","background-size":"auto","background-attachment":"scroll","background-type":"","background-media":"","overlay-type":"","overlay-color":"","overlay-opacity":"","overlay-gradient":""},"tablet":{"background-color":"var(--ast-global-color-5)","background-image":"","background-repeat":"repeat","background-position":"center center","background-size":"auto","background-attachment":"scroll","background-type":"","background-media":"","overlay-type":"","overlay-color":"","overlay-opacity":"","overlay-gradient":""},"mobile":{"background-color":"var(--ast-global-color-5)","background-image":"","background-repeat":"repeat","background-position":"center center","background-size":"auto","background-attachment":"scroll","background-type":"","background-media":"","overlay-type":"","overlay-color":"","overlay-opacity":"","overlay-gradient":""}},"spay_email":""},"product_cat":[163,164,165,166,69,188,77],"product_tag":[],"_links":{"self":[{"href":"https:\/\/jugueterialudico.com.ar\/index.php?rest_route=\/wp\/v2\/product\/27343"}],"collection":[{"href":"https:\/\/jugueterialudico.com.ar\/index.php?rest_route=\/wp\/v2\/product"}],"about":[{"href":"https:\/\/jugueterialudico.com.ar\/index.php?rest_route=\/wp\/v2\/types\/product"}],"replies":[{"embeddable":true,"href":"https:\/\/jugueterialudico.com.ar\/index.php?rest_route=%2Fwp%2Fv2%2Fcomments&post=27343"}],"wp:featuredmedia":[{"embeddable":true,"href":"https:\/\/jugueterialudico.com.ar\/index.php?rest_route=\/wp\/v2\/media\/27346"}],"wp:attachment":[{"href":"https:\/\/jugueterialudico.com.ar\/index.php?rest_route=%2Fwp%2Fv2%2Fmedia&parent=27343"}],"wp:term":[{"taxonomy":"product_cat","embeddable":true,"href":"https:\/\/jugueterialudico.com.ar\/index.php?rest_route=%2Fwp%2Fv2%2Fproduct_cat&post=27343"},{"taxonomy":"product_tag","embeddable":true,"href":"https:\/\/jugueterialudico.com.ar\/index.php?rest_route=%2Fwp%2Fv2%2Fproduct_tag&post=27343"}],"curies":[{"name":"wp","href":"https:\/\/api.w.org\/{rel}","templated":true}]}}