{"id":27456,"date":"2026-03-20T12:26:17","date_gmt":"2026-03-20T15:26:17","guid":{"rendered":"https:\/\/jugueterialudico.com.ar\/?post_type=product&#038;p=27456"},"modified":"2026-04-28T18:17:17","modified_gmt":"2026-04-28T21:17:17","slug":"lado-b-011","status":"publish","type":"product","link":"https:\/\/jugueterialudico.com.ar\/?product=lado-b-011","title":{"rendered":"LADO B &#8211; 011"},"content":{"rendered":"<h4>Todos tenemos un Lado B&#8230; \u00bfTe anim\u00e1s a mostrar el tuyo?<\/h4>\n<p>&nbsp;<\/p>\n<p><strong>Edad recomendada:+13 a\u00f1os<\/strong><\/p>\n<p><strong>3 a 6 jugadores<\/strong><\/p>\n<p><strong>Contiene: 190 cartas y 1 instructivo<\/strong><\/p>\n","protected":false},"excerpt":{"rendered":"<p><strong>Un juego de Laura Lewin. Especialista en Educaci\u00f3n. Autora, capacitadora, Oradora TEDx.<\/strong><\/p>\n<p><strong>\u00bfQu\u00e9 pasar\u00eda si jug\u00e1ramos a mostrarnos tal como somos?<\/strong><\/p>\n<p><strong>Lado B es un juego de cartas para trabajar habilidades emocionales y de convivencia en adolescentes, sin perder lo m\u00e1s importante: el deseo de jugar. Dise\u00f1ado para el aula\u2026 y perfecto tambi\u00e9n para encuentros en casa, campamentos o espacios de grupo. Animate a responder consignas, cumplir retos y desaf\u00edos, conversar, re\u00edr y conectar desde otro lugar. Porque todos tenemos un lado B\u2026 y a veces, mostrarlo es el verdadero juego.<\/strong><\/p>\n","protected":false},"featured_media":27457,"comment_status":"open","ping_status":"closed","template":"","meta":{"site-sidebar-layout":"default","site-content-layout":"","ast-site-content-layout":"default","site-content-style":"default","site-sidebar-style":"default","ast-global-header-display":"","ast-banner-title-visibility":"","ast-main-header-display":"","ast-hfb-above-header-display":"","ast-hfb-below-header-display":"","ast-hfb-mobile-header-display":"","site-post-title":"","ast-breadcrumbs-content":"","ast-featured-img":"","footer-sml-layout":"","theme-transparent-header-meta":"default","adv-header-id-meta":"","stick-header-meta":"","header-above-stick-meta":"","header-main-stick-meta":"","header-below-stick-meta":"","astra-migrate-meta-layouts":"set","ast-page-background-enabled":"default","ast-page-background-meta":{"desktop":{"background-color":"","background-image":"","background-repeat":"repeat","background-position":"center center","background-size":"auto","background-attachment":"scroll","background-type":"","background-media":"","overlay-type":"","overlay-color":"","overlay-opacity":"","overlay-gradient":""},"tablet":{"background-color":"","background-image":"","background-repeat":"repeat","background-position":"center center","background-size":"auto","background-attachment":"scroll","background-type":"","background-media":"","overlay-type":"","overlay-color":"","overlay-opacity":"","overlay-gradient":""},"mobile":{"background-color":"","background-image":"","background-repeat":"repeat","background-position":"center center","background-size":"auto","background-attachment":"scroll","background-type":"","background-media":"","overlay-type":"","overlay-color":"","overlay-opacity":"","overlay-gradient":""}},"ast-content-background-meta":{"desktop":{"background-color":"var(--ast-global-color-5)","background-image":"","background-repeat":"repeat","background-position":"center center","background-size":"auto","background-attachment":"scroll","background-type":"","background-media":"","overlay-type":"","overlay-color":"","overlay-opacity":"","overlay-gradient":""},"tablet":{"background-color":"var(--ast-global-color-5)","background-image":"","background-repeat":"repeat","background-position":"center center","background-size":"auto","background-attachment":"scroll","background-type":"","background-media":"","overlay-type":"","overlay-color":"","overlay-opacity":"","overlay-gradient":""},"mobile":{"background-color":"var(--ast-global-color-5)","background-image":"","background-repeat":"repeat","background-position":"center center","background-size":"auto","background-attachment":"scroll","background-type":"","background-media":"","overlay-type":"","overlay-color":"","overlay-opacity":"","overlay-gradient":""}},"spay_email":""},"product_cat":[185,168],"product_tag":[],"_links":{"self":[{"href":"https:\/\/jugueterialudico.com.ar\/index.php?rest_route=\/wp\/v2\/product\/27456"}],"collection":[{"href":"https:\/\/jugueterialudico.com.ar\/index.php?rest_route=\/wp\/v2\/product"}],"about":[{"href":"https:\/\/jugueterialudico.com.ar\/index.php?rest_route=\/wp\/v2\/types\/product"}],"replies":[{"embeddable":true,"href":"https:\/\/jugueterialudico.com.ar\/index.php?rest_route=%2Fwp%2Fv2%2Fcomments&post=27456"}],"wp:featuredmedia":[{"embeddable":true,"href":"https:\/\/jugueterialudico.com.ar\/index.php?rest_route=\/wp\/v2\/media\/27457"}],"wp:attachment":[{"href":"https:\/\/jugueterialudico.com.ar\/index.php?rest_route=%2Fwp%2Fv2%2Fmedia&parent=27456"}],"wp:term":[{"taxonomy":"product_cat","embeddable":true,"href":"https:\/\/jugueterialudico.com.ar\/index.php?rest_route=%2Fwp%2Fv2%2Fproduct_cat&post=27456"},{"taxonomy":"product_tag","embeddable":true,"href":"https:\/\/jugueterialudico.com.ar\/index.php?rest_route=%2Fwp%2Fv2%2Fproduct_tag&post=27456"}],"curies":[{"name":"wp","href":"https:\/\/api.w.org\/{rel}","templated":true}]}}